000
CXUS54 KHUN 210810
CF6HSV
PRELIMINARY LOCAL CLIMATOLOGICAL DATA (WS FORM: F-6)

                                          STATION:   HUNTSVILLE
                                          MONTH:     SEPTEMBER
                                          YEAR:      2019
                                          LATITUDE:   34 39 N
                                          LONGITUDE:  86 46 W

  TEMPERATURE IN F:       :PCPN:    SNOW:  WIND      :SUNSHINE: SKY     :PK WND
================================================================================
1   2   3   4   5  6A  6B    7    8   9   10  11  12  13   14  15   16   17  18
                                     12Z  AVG MX 2MIN
DY MAX MIN AVG DEP HDD CDD  WTR  SNW DPTH SPD SPD DIR MIN PSBL S-S WX    SPD DR
================================================================================

 1  92  67  80   2   0  15 0.00  0.0    0  3.3 10 110   M    M   3        13 130
 2  96  69  83   5   0  18 0.00  0.0    0  3.5 13  30   M    M   2        17  30
 3  95  67  81   3   0  16 0.00  0.0    0  2.9 12 250   M    M   1 1      15 310
 4  98  66  82   4   0  17 0.00  0.0    0  5.2 14  30   M    M   0        19 330
 5  92  67  80   3   0  15 0.00  0.0    0  8.6 16 340   M    M   0        25 320
 6  93  61  77   0   0  12 0.00  0.0    0  5.1 14 310   M    M   0        19 290
 7  94  68  81   4   0  16 0.00  0.0    0  4.4 14 330   M    M   2 1      18 350
 8  96  60  78   2   0  13 0.00  0.0    0  3.2 10 350   M    M   1        15  20
 9  99  61  80   4   0  15 0.00  0.0    0  4.3 10 180   M    M   2        16 180
10  97  72  85   9   0  20    T  0.0    0  6.1 16 300   M    M   5 3      21 270
11  94  71  83   7   0  18 0.16  0.0    0  3.8 28 140   M    M   4 38     37 140
12  98  68  83   8   0  18 0.00  0.0    0  1.9 10 230   M    M   1 1      13  40
13 100  70  85  10   0  20    T  0.0    0  3.4 15 330   M    M   2 1      19 340
14  85  72  79   5   0  14 0.11  0.0    0  3.7 15 120   M    M   7 13     20 170
15  96  70  83   9   0  18 0.00  0.0    0  3.1 12  50   M    M   2 1      17  50
16 100  67  84  10   0  19 0.00  0.0    0  2.2 14  70   M    M   1 1      18  50
17  98  66  82   9   0  17 0.00  0.0    0  3.1 13 300   M    M   2 1      18 290
18  98  66  82   9   0  17 0.00  0.0    0  4.7 16 120   M    M   1 1      19 130
19  89  71  80   7   0  15 0.00  0.0    0 11.2 22 150   M    M   3        28 150
20  88  67  78   6   0  13 0.00  0.0    0  7.4 16 160   M    M   2        21 170
================================================================================
SM 1898 1346         0 326  0.27  0.0     91.1          M       41
================================================================================
AV 94.9 67.3                               4.6 FASTST   M    M   2    MAX(MPH)
                                 MISC ---->    28 140                 37 140
================================================================================
NOTES:
# LAST OF SEVERAL OCCURRENCES

COLUMN 17 PEAK WIND IN M.P.H.

PRELIMINARY LOCAL CLIMATOLOGICAL DATA (WS FORM: F-6) , PAGE 2

                                          STATION:   HUNTSVILLE
                                          MONTH:     SEPTEMBER
                                          YEAR:      2019
                                          LATITUDE:   34 39 N
                                          LONGITUDE:  86 46 W

[TEMPERATURE DATA]      [PRECIPITATION DATA]       SYMBOLS USED IN COLUMN 16

AVERAGE MONTHLY: 81.1   TOTAL FOR MONTH:   0.27    1 = FOG OR MIST
DPTR FM NORMAL:   5.6   DPTR FM NORMAL:   -2.16    2 = FOG REDUCING VISIBILITY
HIGHEST:   100 ON 16,13  GRTST 24HR  0.16 ON 10-11      TO 1/4 MILE OR LESS
LOWEST:     60 ON  8                               3 = THUNDER
                        SNOW, ICE PELLETS, HAIL    4 = ICE PELLETS
                        TOTAL MONTH:   0.0 INCH    5 = HAIL
                        GRTST 24HR  0.0            6 = FREEZING RAIN OR DRIZZLE
                        GRTST DEPTH:  0            7 = DUSTSTORM OR SANDSTORM:
                                                       VSBY 1/2 MILE OR LESS
                                                   8 = SMOKE OR HAZE
[NO. OF DAYS WITH]      [WEATHER - DAYS WITH]      9 = BLOWING SNOW
                                                   X = TORNADO
MAX 32 OR BELOW:   0    0.01 INCH OR MORE:   2
MAX 90 OR ABOVE:  17    0.10 INCH OR MORE:   2
MIN 32 OR BELOW:   0    0.50 INCH OR MORE:   0
MIN  0 OR BELOW:   0    1.00 INCH OR MORE:   0

[HDD (BASE 65) ]
TOTAL THIS MO.     0    CLEAR  (SCALE 0-3)  17
DPTR FM NORMAL    -1    PTCLDY (SCALE 4-7)   3
TOTAL FM JUL 1     0    CLOUDY (SCALE 8-10)  0
DPTR FM NORMAL    -1

[CDD (BASE 65) ]
TOTAL THIS MO.   326
DPTR FM NORMAL   112    [PRESSURE DATA]
TOTAL FM JAN 1  2117    HIGHEST SLP M ON M
DPTR FM NORMAL   308    LOWEST  SLP 29.90 ON  7

[REMARKS]
