000
CXUS54 KHUN 222135
CF6HSV
PRELIMINARY LOCAL CLIMATOLOGICAL DATA (WS FORM: F-6)

                                          STATION:   HUNTSVILLE
                                          MONTH:     FEBRUARY
                                          YEAR:      2019
                                          LATITUDE:   34 39 N
                                          LONGITUDE:  86 46 W

  TEMPERATURE IN F:       :PCPN:    SNOW:  WIND      :SUNSHINE: SKY     :PK WND
================================================================================
1   2   3   4   5  6A  6B    7    8   9   10  11  12  13   14  15   16   17  18
                                     12Z  AVG MX 2MIN
DY MAX MIN AVG DEP HDD CDD  WTR  SNW DPTH SPD SPD DIR MIN PSBL S-S WX    SPD DR
================================================================================

 1  64  38  51   8  14   0 0.00  0.0    0  4.9 14 180   M    M   6 M    18 210
 2  70  36  53  10  12   0 0.00  0.0    0  4.8 12 140   M    M   1 M    14 130
 3  67  47  57  14   8   0 0.00  0.0    0  4.0 12 150   M    M   6 M    15 180
 4  66  49  58  15   7   0 0.04  0.0    0  7.2 16 170   M    M  10 1    21 190
 5  72  59  66  23   0   1 0.03  0.0    0  6.0 13 180   M    M   9 1    15 190
 6  73  64  69  25   0   4 0.04  0.0    0 11.5 21 210   M    M  10 1    28 210
 7  78  51  65  21   0   0 0.16  0.0    0 15.0 31 190   M    M   9 1    42 190
 8  51  33  42  -2  23   0    T  0.0    0 12.3 20  20   M    M   7 M    26 320
 9  53  29  41  -3  24   0 0.00  0.0    0  9.0 21  20   M    M   6 M    26  30
10  49  42  46   2  19   0 0.03  0.0    0  9.8 20 140   M    M  10 1    24 140
11  61  47  54   9  11   0 0.01  0.0    0  8.4 16 150   M    M  10 1    19 140
12  67  38  53   8  12   0 1.06  0.0    0 10.2 24 290   M    M  10 1    34 290
13  56  33  45   0  20   0 0.00  0.0    0  5.8 13 290   M    M   2 M    20 290
14  62  36  49   4  16   0 0.00  0.0    0 10.3 21 190   M    M   8 M    29 180
15  62  50  56  10   9   0 0.60  0.0    0  7.4 21 230   M    M  10 1    29 240
16  51  40  46   0  19   0 0.22  0.0    0  7.7 18 350   M    M  10 1    23 350
17  63  43  53   7  12   0 0.94  0.0    0  7.9 20 290   M    M  10 1    25 290
18  48  37  43  -3  22   0    T  0.0    0 10.0 16  30   M    M   9 M    21 350
19  46  34  40  -7  25   0 2.50    T    0 11.1 25 100   M    M  10 134  31 100
20  56  45  51   4  14   0 0.48  0.0    0 13.8 31 140   M    M  10 13   37 140
21  54  46  50   3  15   0 1.42  0.0    0  9.6 22  50   M    M  10 13   26  60
================================================================================
SM 1269  897       282   5  7.53    T    186.7          M      173
================================================================================
AV 60.4 42.7                               8.9 FASTST   M    M   8    MAX(MPH)
                                 MISC ---->  # 31 190                 42 190
================================================================================
NOTES:
# LAST OF SEVERAL OCCURRENCES

COLUMN 17 PEAK WIND IN M.P.H.

PRELIMINARY LOCAL CLIMATOLOGICAL DATA (WS FORM: F-6) , PAGE 2

                                          STATION:   HUNTSVILLE
                                          MONTH:     FEBRUARY
                                          YEAR:      2019
                                          LATITUDE:   34 39 N
                                          LONGITUDE:  86 46 W

[TEMPERATURE DATA]      [PRECIPITATION DATA]       SYMBOLS USED IN COLUMN 16

AVERAGE MONTHLY: 51.6   TOTAL FOR MONTH:   7.53    1 = FOG OR MIST
DPTR FM NORMAL:   6.8   DPTR FM NORMAL:    3.95    2 = FOG REDUCING VISIBILITY
HIGHEST:    78 ON  7    GRTST 24HR  2.50 ON 18-19      TO 1/4 MILE OR LESS
LOWEST:     29 ON  9                               3 = THUNDER
                        SNOW, ICE PELLETS, HAIL    4 = ICE PELLETS
                        TOTAL MONTH:   0.0 INCH    5 = HAIL
                        GRTST 24HR   T   ON 19-19  6 = FREEZING RAIN OR DRIZZLE
                        GRTST DEPTH:  0            7 = DUSTSTORM OR SANDSTORM:
                                                       VSBY 1/2 MILE OR LESS
                                                   8 = SMOKE OR HAZE
[NO. OF DAYS WITH]      [WEATHER - DAYS WITH]      9 = BLOWING SNOW
                                                   X = TORNADO
MAX 32 OR BELOW:   0    0.01 INCH OR MORE:  12
MAX 90 OR ABOVE:   0    0.10 INCH OR MORE:   8
MIN 32 OR BELOW:   1    0.50 INCH OR MORE:   5
MIN  0 OR BELOW:   0    1.00 INCH OR MORE:   3

[HDD (BASE 65) ]
TOTAL THIS MO.   282    CLEAR  (SCALE 0-3)   2
DPTR FM NORMAL  -143    PTCLDY (SCALE 4-7)   5
TOTAL FM JUL 1  2129    CLOUDY (SCALE 8-10) 14
DPTR FM NORMAL  -206

[CDD (BASE 65) ]
TOTAL THIS MO.     5
DPTR FM NORMAL     5    [PRESSURE DATA]
TOTAL FM JAN 1     5    HIGHEST SLP M ON M
DPTR FM NORMAL     5    LOWEST  SLP 29.67 ON 15

[REMARKS]
