000
CXUS53 KAPX 250631
CF6HTL
PRELIMINARY LOCAL CLIMATOLOGICAL DATA (WS FORM: F-6)

                                          STATION:   HOUGHTON LAKE MI
                                          MONTH:     APRIL
                                          YEAR:      2019
                                          LATITUDE:   44 22 N
                                          LONGITUDE:  84 41 W

  TEMPERATURE IN F:       :PCPN:    SNOW:  WIND      :SUNSHINE: SKY     :PK WND
================================================================================
1   2   3   4   5  6A  6B    7    8   9   10  11  12  13   14  15   16   17  18
                                     12Z  AVG MX 2MIN
DY MAX MIN AVG DEP HDD CDD  WTR  SNW DPTH SPD SPD DIR MIN PSBL S-S WX    SPD DR
================================================================================

 1  41  12  27  -9  38   0    T    T    T  6.0 17 210   M    M   5        25 210
 2  42  34  38   2  27   0 0.08  0.0    T  9.2 17 210   M    M  10 1      29 220
 3  41  27  34  -3  31   0 0.02  0.4    T 14.2 26 300   M    M   4 1      42 270
 4  45  19  32  -5  33   0 0.00  0.0    0  5.8 16 110   M    M   1        23 100
 5  43  29  36  -2  29   0 0.15  0.2    T  5.1 13 120   M    M  10 16     18 110
 6  58  37  48  10  17   0    T    M    0  4.0 13 160   M    M  10 1      19 160
 7  66  42  54  15  11   0 0.17  0.0    0  6.4 17 160   M    M   6 1      27 170
 8  63  43  53  14  12   0 0.05  0.0    0  7.6 20 280   M    M   6 12     33 240
 9  48  33  41   1  24   0    T  0.0    0 11.8 24 290   M    M   9 1      41 290
10  45  31  38  -2  27   0    T    T    0  8.0 15  90   M    M   8 1      23 100
11  32  27  30 -11  35   0 0.18  1.2    1 16.5 28  90   M    M   9 16     38 100
12  53  32  43   2  22   0 0.69  0.0    T 13.6 29 240   M    M   6 138    47 220
13  41  34  38  -4  27   0 0.00  0.0    0 14.1 23 250   M    M   9        40 250
14  35  29  32 -10  33   0 0.73  7.9    0 11.1 20  60   M    M   9 12     27  20
15  48  28  38  -4  27   0    T  0.2    8  8.5 17 310   M    M   3 1      25 360
16  43  32  38  -5  27   0 0.02  0.0    T  4.6 12  70   M    M  10 1      16  70
17  56  30  43   0  22   0 0.54  0.0    0 10.9 21 110   M    M   8 13     31 120
18  56  37  47   3  18   0 0.47  0.0    0  8.1 17 150   M    M  10 13     27 170
19  51  35  43  -1  22   0 0.01  0.0    0 11.3 21  10   M    M   7 1      31  50
20  63  31  47   2  18   0 0.00  0.0    0 10.0 22  50   M    M   0        32  80
21  71  37  54   9  11   0 0.00  0.0    0  5.1 14 160   M    M   4        19 160
22  77  51  64  18   1   0 0.00  0.0    0  9.6 21 180   M    M   1        28 190
23  62  37  50   4  15   0 0.05  0.0    0 12.6 25 310   M    M   8 1      38 310
24  63  29  46   0  19   0 0.00  0.0    0  5.7 13 180   M    M   0        17 190
================================================================================
SM 1243  776       546   0  3.16     9.9 219.8          M      153
================================================================================
AV 51.8 32.3                               9.2 FASTST   M    M   6    MAX(MPH)
                                 MISC ---->  # 29 240               # 47  220
================================================================================
NOTES:
# LAST OF SEVERAL OCCURRENCES

COLUMN 17 PEAK WIND IN M.P.H.

PRELIMINARY LOCAL CLIMATOLOGICAL DATA (WS FORM: F-6) , PAGE 2

                                          STATION:  HOUGHTON LAKE MI
                                          MONTH:    APRIL
                                          YEAR:     2019
                                          LATITUDE:   44 22 N
                                          LONGITUDE:  84 41 W

[TEMPERATURE DATA]      [PRECIPITATION DATA]       SYMBOLS USED IN COLUMN 16

AVERAGE MONTHLY: 42.1   TOTAL FOR MONTH:   3.16    1 = FOG OR MIST
DPTR FM NORMAL:   0.8   DPTR FM NORMAL:    1.16    2 = FOG REDUCING VISIBILITY
HIGHEST:    77 ON 22    GRTST 24HR  0.73 ON 14-14      TO 1/4 MILE OR LESS
LOWEST:     12 ON  1                               3 = THUNDER
                        SNOW, ICE PELLETS, HAIL    4 = ICE PELLETS
                        TOTAL MONTH:   9.9 INCHES  5 = HAIL
                        GRTST 24HR   7.9 ON 14-14  6 = FREEZING RAIN OR DRIZZLE
                        GRTST DEPTH:   8 ON 15     7 = DUSTSTORM OR SANDSTORM:
                                                       VSBY 1/2 MILE OR LESS
                                                   8 = SMOKE OR HAZE
[NO. OF DAYS WITH]      [WEATHER - DAYS WITH]      9 = BLOWING SNOW
                                                   X = TORNADO
MAX 32 OR BELOW:   1    0.01 INCH OR MORE:  13
MAX 90 OR ABOVE:   0    0.10 INCH OR MORE:   7
MIN 32 OR BELOW:  13    0.50 INCH OR MORE:   3
MIN  0 OR BELOW:   0    1.00 INCH OR MORE:   0

[HDD (BASE 65) ]
TOTAL THIS MO.   546    CLEAR  (SCALE 0-3)   5
DPTR FM NORMAL   -25    PTCLDY (SCALE 4-7)   9
TOTAL FM JUL 1  7634    CLOUDY (SCALE 8-10) 10
DPTR FM NORMAL    78

[CDD (BASE 65) ]
TOTAL THIS MO.     0
DPTR FM NORMAL     0    [PRESSURE DATA]
TOTAL FM JAN 1     0    HIGHEST SLP M ON M
DPTR FM NORMAL     0    LOWEST  SLP 29.46 ON 18

[REMARKS]
