000
CXUS51 KRLX 231259
CF6HTS
PRELIMINARY LOCAL CLIMATOLOGICAL DATA (WS FORM: F-6)

                                          STATION:   HUNTINGTON WV
                                          MONTH:     FEBRUARY
                                          YEAR:      2019
                                          LATITUDE:   38 22 N
                                          LONGITUDE:  82 33 W

  TEMPERATURE IN F:       :PCPN:    SNOW:  WIND      :SUNSHINE: SKY     :PK WND
================================================================================
1   2   3   4   5  6A  6B    7    8   9   10  11  12  13   14  15   16   17  18
                                     12Z  AVG MX 2MIN
DY MAX MIN AVG DEP HDD CDD  WTR  SNW DPTH SPD SPD DIR MIN PSBL S-S WX    SPD DR
================================================================================

 1  28  20  24 -11  41   0 0.06  1.1    0  2.7 10  50   M    M  10 18     13  50
 2  55  26  41   6  24   0 0.00  0.0    0  1.2  7 210   M    M   7 12      9 220
 3  66  35  51  16  14   0 0.00  0.0    0  3.0 14 230   M    M   5        17 210
 4  68  34  51  16  14   0    T  0.0    0  5.8 13 210   M    M   3        21 210
 5  64  53  59  24   6   0    T  0.0    0  4.1 10 220   M    M   8        15 210
 6  64  52  58  23   7   0 0.18  0.0    0  6.2 16 190   M    M   9 12     22 200
 7  73  55  64  28   1   0 0.80  0.0    0  8.8 26 280   M    M   9 12     35 270
 8  55  26  41   5  24   0    T  0.0    0 11.3 25 240   M    M   6        34 220
 9  33  18  26 -10  39   0    T    T    0  6.3 12 340   M    M   0        14  20
10  39  22  31  -5  34   0 0.40    T    0  2.9  8  50   M    M   7 1      12  50
11  46  35  41   5  24   0 0.45  0.0    0  3.4  9  50   M    M  10 12     12  50
12  59  36  48  12  17   0 0.92  0.0    0 10.4 26 250   M    M   9 1      39 260
13  42  31  37   0  28   0    T    T    0 12.5 26 250   M    M   6        38 230
14  59  31  45   8  20   0 0.00  0.0    0  7.2 22 230   M    M   0        33 220
15  58  38  48  11  17   0 0.01  0.0    0  9.2 25 240   M    M  10 8      37 240
16  42  29  36  -1  29   0 0.00  0.0    0  7.8 14  10   M    M   3        18  20
17  41  29  35  -3  30   0 0.09  0.0    0  4.5 14 280   M    M   8 13     24 240
18  40  32  36  -2  29   0    T    T    0  8.2 16 260   M    M  10 18     24 310
19  38  28  33  -5  32   0    T  0.0    0  6.7 13  70   M    M   5        16  30
20  57  33  45   7  20   0 1.40  0.0    0  7.3 16 120   M    M  10 1      20 190
21  56  39  48   9  17   0    T  0.0    0  5.0 17 310   M    M   5        25 310
22  44  40  42   3  23   0    T  0.0    0  5.8 10  50   M    M   5        17  30
================================================================================
SM 1127  742       490   0  4.31     1.1 140.3          M      145
================================================================================
AV 51.2 33.7                               6.4 FASTST   M    M   7    MAX(MPH)
                                 MISC ---->  # 26 280               # 39  260
================================================================================
NOTES:
# LAST OF SEVERAL OCCURRENCES

COLUMN 17 PEAK WIND IN M.P.H.

PRELIMINARY LOCAL CLIMATOLOGICAL DATA (WS FORM: F-6) , PAGE 2

                                          STATION:  HUNTINGTON WV
                                          MONTH:    FEBRUARY
                                          YEAR:     2019
                                          LATITUDE:   38 22 N
                                          LONGITUDE:  82 33 W

[TEMPERATURE DATA]      [PRECIPITATION DATA]       SYMBOLS USED IN COLUMN 16

AVERAGE MONTHLY: 42.5   TOTAL FOR MONTH:   4.31    1 = FOG OR MIST
DPTR FM NORMAL:   5.9   DPTR FM NORMAL:    1.93    2 = FOG REDUCING VISIBILITY
HIGHEST:    73 ON  7    GRTST 24HR  1.40 ON 20-20      TO 1/4 MILE OR LESS
LOWEST:     18 ON  9                               3 = THUNDER
                        SNOW, ICE PELLETS, HAIL    4 = ICE PELLETS
                        TOTAL MONTH:   1.1 INCHES  5 = HAIL
                        GRTST 24HR   1.1 ON  1- 1  6 = FREEZING RAIN OR DRIZZLE
                        GRTST DEPTH:   0           7 = DUSTSTORM OR SANDSTORM:
                                                       VSBY 1/2 MILE OR LESS
                                                   8 = SMOKE OR HAZE
[NO. OF DAYS WITH]      [WEATHER - DAYS WITH]      9 = BLOWING SNOW
                                                   X = TORNADO
MAX 32 OR BELOW:   1    0.01 INCH OR MORE:   9
MAX 90 OR ABOVE:   0    0.10 INCH OR MORE:   6
MIN 32 OR BELOW:  11    0.50 INCH OR MORE:   3
MIN  0 OR BELOW:   0    1.00 INCH OR MORE:   1

[HDD (BASE 65) ]
TOTAL THIS MO.   490    CLEAR  (SCALE 0-3)   4
DPTR FM NORMAL  -136    PTCLDY (SCALE 4-7)   8
TOTAL FM JUL 1  3143    CLOUDY (SCALE 8-10) 10
DPTR FM NORMAL  -207

[CDD (BASE 65) ]
TOTAL THIS MO.     0
DPTR FM NORMAL     0    [PRESSURE DATA]
TOTAL FM JAN 1     0    HIGHEST SLP M ON M
DPTR FM NORMAL     0    LOWEST  SLP 29.61 ON 12

[REMARKS]
