523
CXUS51 KRLX 231109
CF6HTS
PRELIMINARY LOCAL CLIMATOLOGICAL DATA (WS FORM: F-6)

                                          STATION:   HUNTINGTON WV
                                          MONTH:     AUGUST
                                          YEAR:      2019
                                          LATITUDE:   38 22 N
                                          LONGITUDE:  82 33 W

  TEMPERATURE IN F:       :PCPN:    SNOW:  WIND      :SUNSHINE: SKY     :PK WND
================================================================================
1   2   3   4   5  6A  6B    7    8   9   10  11  12  13   14  15   16   17  18
                                     12Z  AVG MX 2MIN
DY MAX MIN AVG DEP HDD CDD  WTR  SNW DPTH SPD SPD DIR MIN PSBL S-S WX    SPD DR
================================================================================

 1  89  67  78   2   0  13 0.00  0.0    0  3.2 15  10   M    M   3 123    22 360
 2  89  65  77   1   0  12 0.00  0.0    0  3.1 10 360   M    M   3 1      13  10
 3  89  65  77   1   0  12 0.00  0.0    0  3.0  9 340   M    M   2 12     14 350
 4  88  62  75  -1   0  10 0.00  0.0    0  1.5  9  50   M    M   0 1      13  20
 5  90  63  77   1   0  12 0.02  0.0    0  1.6  8 210   M    M   2 1      11 270
 6  89  66  78   2   0  13 0.06  0.0    0  5.3 15 210   M    M   1 138    22 210
 7  84  65  75  -1   0  10 0.67  0.0    0  4.2 15 320   M    M   5 13     20 310
 8  88  65  77   1   0  12 0.00  0.0    0  6.8 16 220   M    M   1 12     23 230
 9  88  68  78   2   0  13 0.00  0.0    0  6.1 14 330   M    M   3        19 310
10  86  63  75   0   0  10 0.00  0.0    0  3.8 12 350   M    M   1 1      18 340
11  87  58  73  -2   0   8 0.00  0.0    0  2.8 10  40   M    M   0        15 100
12  89  61  75   0   0  10 0.00  0.0    0  1.9 10 190   M    M   1 1      14 200
13  84  72  78   3   0  13 1.74  0.0    0  5.1 14 240   M    M   5 13     19 240
14  88  70  79   4   0  14 0.00  0.0    0  2.7  9 340   M    M   3 18     12 330
15  87  67  77   2   0  12 0.00  0.0    0  4.3 13 240   M    M   3 12     18 240
16  87  63  75   0   0  10 0.00  0.0    0  2.3  9 200   M    M   2 1      16 280
17  90  65  78   3   0  13 0.00  0.0    0  2.5  9 190   M    M   1 1      13 200
18  91  68  80   5   0  15 0.00  0.0    0  3.8 12 180   M    M   0 1      15 180
19  92  71  82   7   0  17 0.00  0.0    0  2.3  8 240   M    M   1 1      14 190
20  94  71  83   8   0  18 0.00  0.0    0  2.5 18 200   M    M   1 123    26 190
21  90  69  80   5   0  15 0.00  0.0    0  5.4 15 270   M    M   1        22 270
22  89  71  80   5   0  15 0.61  0.0    0  3.9 12 260   M    M   4 13     21 260
================================================================================
SM 1948 1455         0 277  3.10     0.0  78.1          M       43
================================================================================
AV 88.6 66.1                               3.5 FASTST   M    M   2    MAX(MPH)
                                 MISC ---->  # 18 200               # 26  190
================================================================================
NOTES:
# LAST OF SEVERAL OCCURRENCES

COLUMN 17 PEAK WIND IN M.P.H.

PRELIMINARY LOCAL CLIMATOLOGICAL DATA (WS FORM: F-6) , PAGE 2

                                          STATION:  HUNTINGTON WV
                                          MONTH:    AUGUST
                                          YEAR:     2019
                                          LATITUDE:   38 22 N
                                          LONGITUDE:  82 33 W

[TEMPERATURE DATA]      [PRECIPITATION DATA]       SYMBOLS USED IN COLUMN 16

AVERAGE MONTHLY: 77.3   TOTAL FOR MONTH:   3.10    1 = FOG OR MIST
DPTR FM NORMAL:   1.9   DPTR FM NORMAL:    0.36    2 = FOG REDUCING VISIBILITY
HIGHEST:    94 ON 20    GRTST 24HR  1.74 ON 13-13      TO 1/4 MILE OR LESS
LOWEST:     58 ON 11                               3 = THUNDER
                        SNOW, ICE PELLETS, HAIL    4 = ICE PELLETS
                        TOTAL MONTH:   0.0 INCH    5 = HAIL
                        GRTST 24HR     0.0         6 = FREEZING RAIN OR DRIZZLE
                        GRTST DEPTH:   0           7 = DUSTSTORM OR SANDSTORM:
                                                       VSBY 1/2 MILE OR LESS
                                                   8 = SMOKE OR HAZE
[NO. OF DAYS WITH]      [WEATHER - DAYS WITH]      9 = BLOWING SNOW
                                                   X = TORNADO
MAX 32 OR BELOW:   0    0.01 INCH OR MORE:   5
MAX 90 OR ABOVE:   6    0.10 INCH OR MORE:   3
MIN 32 OR BELOW:   0    0.50 INCH OR MORE:   3
MIN  0 OR BELOW:   0    1.00 INCH OR MORE:   1

[HDD (BASE 65) ]
TOTAL THIS MO.     0    CLEAR  (SCALE 0-3)  18
DPTR FM NORMAL     0    PTCLDY (SCALE 4-7)   4
TOTAL FM JUL 1     0    CLOUDY (SCALE 8-10)  0
DPTR FM NORMAL     0

[CDD (BASE 65) ]
TOTAL THIS MO.   277
DPTR FM NORMAL    48    [PRESSURE DATA]
TOTAL FM JAN 1  1088    HIGHEST SLP M ON M
DPTR FM NORMAL   189    LOWEST  SLP 29.78 ON 13

[REMARKS]
