000
CXUS51 KRLX 211159
CF6HTS
PRELIMINARY LOCAL CLIMATOLOGICAL DATA (WS FORM: F-6)

                                          STATION:   HUNTINGTON WV
                                          MONTH:     APRIL
                                          YEAR:      2019
                                          LATITUDE:   38 22 N
                                          LONGITUDE:  82 33 W

  TEMPERATURE IN F:       :PCPN:    SNOW:  WIND      :SUNSHINE: SKY     :PK WND
================================================================================
1   2   3   4   5  6A  6B    7    8   9   10  11  12  13   14  15   16   17  18
                                     12Z  AVG MX 2MIN
DY MAX MIN AVG DEP HDD CDD  WTR  SNW DPTH SPD SPD DIR MIN PSBL S-S WX    SPD DR
================================================================================

 1  48  24  36 -16  29   0 0.00  0.0    0  3.8 10  70   M    M   0        15  60
 2  59  29  44  -8  21   0 0.00  0.0    0  4.6 15 220   M    M   2        22 180
 3  67  39  53   1  12   0 0.00  0.0    0  5.5 15 250   M    M   1        21 320
 4  75  42  59   6   6   0 0.00  0.0    0  6.3 17  50   M    M   2        23  50
 5  66  48  57   4   8   0 0.09  0.0    0  3.5 10 150   M    M  10 1      17 150
 6  73  54  64  11   1   0 0.00  0.0    0  2.3  7  90   M    M   6        10  10
 7  78  47  63   9   2   0 0.16  0.0    0  5.6 24 250   M    M   4 1      31 240
 8  66  58  62   8   3   0 0.10  0.0    0  5.2 13 180   M    M   5 1      16 180
 9  76  52  64  10   1   0 0.00  0.0    0  6.7 16 310   M    M   2 12     27 360
10  72  42  57   2   8   0 0.00  0.0    0  3.9 13  70   M    M   2        17  70
11  86  51  69  14   0   4 0.00  0.0    0  8.3 17 180   M    M   0        25 190
12  73  57  65  10   0   0 0.25  0.0    0  7.8 18 170   M    M   6 13     27 160
13  73  49  61   5   4   0    T  0.0    0  2.7 10 180   M    M   4        14 110
14  82  48  65   9   0   0 0.76  0.0    0 11.5 29 240   M    M   7 13     42 260
15  48  38  43 -13  22   0 0.01  0.0    0  9.6 25 260   M    M   8        42 240
16  78  33  56   0   9   0 0.00  0.0    0  4.9 17 250   M    M   0        24 240
17  79  51  65   8   0   0 0.00  0.0    0  4.7 13 210   M    M   0        19 210
18  86  63  75  18   0  10    T  0.0    0  7.5 23 220   M    M   3        33 210
19  74  52  63   6   2   0 0.31  0.0    0  8.0 22 200   M    M   8 13     31 190
20  58  45  52  -6  13   0 0.25  0.0    0  8.3 17 240   M    M   8 1      26 220
================================================================================
SM 1417  922       141  14  1.93     0.0 120.7          M       78
================================================================================
AV 70.9 46.1                               6.0 FASTST   M    M   4    MAX(MPH)
                                 MISC ---->  # 29 240               # 42  260
================================================================================
NOTES:
# LAST OF SEVERAL OCCURRENCES

COLUMN 17 PEAK WIND IN M.P.H.

PRELIMINARY LOCAL CLIMATOLOGICAL DATA (WS FORM: F-6) , PAGE 2

                                          STATION:  HUNTINGTON WV
                                          MONTH:    APRIL
                                          YEAR:     2019
                                          LATITUDE:   38 22 N
                                          LONGITUDE:  82 33 W

[TEMPERATURE DATA]      [PRECIPITATION DATA]       SYMBOLS USED IN COLUMN 16

AVERAGE MONTHLY: 58.5   TOTAL FOR MONTH:   1.93    1 = FOG OR MIST
DPTR FM NORMAL:   3.7   DPTR FM NORMAL:   -0.30    2 = FOG REDUCING VISIBILITY
HIGHEST:    86 ON 18,11 GRTST 24HR  0.76 ON 14-14      TO 1/4 MILE OR LESS
LOWEST:     24 ON  1                               3 = THUNDER
                        SNOW, ICE PELLETS, HAIL    4 = ICE PELLETS
                        TOTAL MONTH:   0.0 INCH    5 = HAIL
                        GRTST 24HR     0.0         6 = FREEZING RAIN OR DRIZZLE
                        GRTST DEPTH:   0           7 = DUSTSTORM OR SANDSTORM:
                                                       VSBY 1/2 MILE OR LESS
                                                   8 = SMOKE OR HAZE
[NO. OF DAYS WITH]      [WEATHER - DAYS WITH]      9 = BLOWING SNOW
                                                   X = TORNADO
MAX 32 OR BELOW:   0    0.01 INCH OR MORE:   8
MAX 90 OR ABOVE:   0    0.10 INCH OR MORE:   6
MIN 32 OR BELOW:   2    0.50 INCH OR MORE:   1
MIN  0 OR BELOW:   0    1.00 INCH OR MORE:   0

[HDD (BASE 65) ]
TOTAL THIS MO.   141    CLEAR  (SCALE 0-3)   9
DPTR FM NORMAL   -80    PTCLDY (SCALE 4-7)   9
TOTAL FM JUL 1  4061    CLOUDY (SCALE 8-10)  2
DPTR FM NORMAL  -257

[CDD (BASE 65) ]
TOTAL THIS MO.    14
DPTR FM NORMAL    -5    [PRESSURE DATA]
TOTAL FM JAN 1    14    HIGHEST SLP M ON M
DPTR FM NORMAL   -10    LOWEST  SLP 29.29 ON 14

[REMARKS]
