000
CXUS53 KIND 200730
CF6HUF
PRELIMINARY LOCAL CLIMATOLOGICAL DATA (WS FORM: F-6)

                                          STATION:   TERRE HAUTE IN
                                          MONTH:     APRIL
                                          YEAR:      2019
                                          LATITUDE:   39 27 N
                                          LONGITUDE:  87 18 W

  TEMPERATURE IN F:       :PCPN:    SNOW:  WIND      :SUNSHINE: SKY     :PK WND
================================================================================
1   2   3   4   5  6A  6B    7    8   9   10  11  12  13   14  15   16   17  18
                                     12Z  AVG MX 2MIN
DY MAX MIN AVG DEP HDD CDD  WTR  SNW DPTH SPD SPD DIR MIN PSBL S-S WX    SPD DR
================================================================================

 1  48  25  37 -12  28   0 0.00    M    M  4.9 14 150   M    M   0        19 150
 2  58  32  45  -4  20   0 0.00    M    M  7.5 21 240   M    M   2        32 180
 3  62  31  47  -2  18   0 0.00    M    M  2.7  9  80   M    M   3 1      13 220
 4  65  44  55   5  10   0 0.24    M    M  9.2 16  60   M    M   4 1      22  70
 5  61  48  55   5  10   0    T    M    M  3.6 10  90   M    M  10 1      13  90
 6  69  47  58   8   7   0 0.00    M    M  4.5 16 170   M    M   5 1      20 170
 7  72  54  63  12   2   0 0.11    M    M 10.0 18 210   M    M   5 1      27 210
 8  76  54  65  14   0   0 0.02    M    M  4.2 21 270   M    M   1        30 270
 9  71  48  60   9   5   0 0.00    M    M  5.6 17 310   M    M   0        22 310
10  69  45  57   5   8   0 0.01    M    M  9.7 18  90   M    M   4        27  90
11  80  50  65  13   0   0    T    M    M 16.0 33 190   M    M   1        49 180
12  68  44  56   4   9   0 0.94    M    M 12.7 32 240   M    M   3 13     49 240
13  59  38  49  -3  16   0 0.12    M    M  5.7 14  20   M    M   1        19  20
14  45  36  41 -12  24   0 1.00    M    M 15.1 25  70   M    M  10 13     36  40
15  55  35  45  -8  20   0 0.00    M    M  7.1 15 300   M    M   4        22 300
16  76  44  60   7   5   0 0.00    M    M 11.5 23 220   M    M   0        34 200
17  78  55  67  13   0   2 0.00    M    M 11.6 28 180   M    M   2        37 190
18  69  47  58   4   7   0 1.58    M    M 12.5 25 190   M    M  10 13     35 210
19  47  42  45  -9  20   0 0.28    M    M 16.1 26  10   M    M  10 1      38 360
================================================================================
SM 1228  819       209   2  4.30    M    170.2          M       75
================================================================================
AV 64.6 43.1                               9.0 FASTST   M    M   4    MAX(MPH)
                                 MISC ---->  # 33 190               # 49  180
================================================================================
NOTES:
# LAST OF SEVERAL OCCURRENCES

COLUMN 17 PEAK WIND IN M.P.H.

PRELIMINARY LOCAL CLIMATOLOGICAL DATA (WS FORM: F-6) , PAGE 2

                                          STATION:  TERRE HAUTE IN
                                          MONTH:    APRIL
                                          YEAR:     2019
                                          LATITUDE:   39 27 N
                                          LONGITUDE:  87 18 W

[TEMPERATURE DATA]      [PRECIPITATION DATA]       SYMBOLS USED IN COLUMN 16

AVERAGE MONTHLY: 53.9   TOTAL FOR MONTH:   4.30    1 = FOG OR MIST
DPTR FM NORMAL:   2.3   DPTR FM NORMAL:    2.23    2 = FOG REDUCING VISIBILITY
HIGHEST:    80 ON 11    GRTST 24HR  1.58 ON 18-18      TO 1/4 MILE OR LESS
LOWEST:     25 ON  1                               3 = THUNDER
                        SNOW, ICE PELLETS, HAIL    4 = ICE PELLETS
                        TOTAL MONTH:    M          5 = HAIL
                        GRTST 24HR    M  ON   M    6 = FREEZING RAIN OR DRIZZLE
                        GRTST DEPTH:  M  ON   M    7 = DUSTSTORM OR SANDSTORM:
                                                       VSBY 1/2 MILE OR LESS
                                                   8 = SMOKE OR HAZE
[NO. OF DAYS WITH]      [WEATHER - DAYS WITH]      9 = BLOWING SNOW
                                                   X = TORNADO
MAX 32 OR BELOW:   0    0.01 INCH OR MORE:   9
MAX 90 OR ABOVE:   0    0.10 INCH OR MORE:   7
MIN 32 OR BELOW:   3    0.50 INCH OR MORE:   3
MIN  0 OR BELOW:   0    1.00 INCH OR MORE:   2

[HDD (BASE 65) ]
TOTAL THIS MO.   209    CLEAR  (SCALE 0-3)  10
DPTR FM NORMAL   -54    PTCLDY (SCALE 4-7)   5
TOTAL FM JUL 1  5057    CLOUDY (SCALE 8-10)  4
DPTR FM NORMAL   -60

[CDD (BASE 65) ]
TOTAL THIS MO.     2
DPTR FM NORMAL    -3    [PRESSURE DATA]
TOTAL FM JAN 1     2    HIGHEST SLP M ON M
DPTR FM NORMAL    -4    LOWEST  SLP 29.37 ON 14

[REMARKS]
