000
CXUS53 KIND 160730
CF6HUF
PRELIMINARY LOCAL CLIMATOLOGICAL DATA (WS FORM: F-6)

                                          STATION:   TERRE HAUTE IN
                                          MONTH:     FEBRUARY
                                          YEAR:      2019
                                          LATITUDE:   39 27 N
                                          LONGITUDE:  87 18 W

  TEMPERATURE IN F:       :PCPN:    SNOW:  WIND      :SUNSHINE: SKY     :PK WND
================================================================================
1   2   3   4   5  6A  6B    7    8   9   10  11  12  13   14  15   16   17  18
                                     12Z  AVG MX 2MIN
DY MAX MIN AVG DEP HDD CDD  WTR  SNW DPTH SPD SPD DIR MIN PSBL S-S WX    SPD DR
================================================================================

 1  36  16  26  -3  39   0    T    M    M  3.1 12  60   M    M   6 1      15  60
 2  44  19  32   3  33   0 0.00    M    M  4.5 14 210   M    M   6 12     19 210
 3  62  34  48  18  17   0 0.00    M    M  7.7 17 200   M    M   4 1      22 210
 4  56  37  47  17  18   0 0.02    M    M 11.7 21 200   M    M   9 12     29 190
 5  41  30  36   6  29   0 0.15    M    M  7.2 16 330   M    M  10 1      22 330
 6  52  40  46  16  19   0 1.41    M    M  4.5 16 190   M    M   8 13     21 190
 7  59  22  41  11  24   0 1.39    M    M 12.7 30 270   M    M   9 123    42 270
 8  22  15  19 -11  46   0    T    M    M 13.5 24 270   M    M   7        34 300
 9  30  10  20 -11  45   0 0.00    M    M  6.6 12  90   M    M   0        18 320
10  35  17  26  -5  39   0 0.10    M    M  6.2 15 150   M    M   7 1      19 140
11  40  33  37   6  28   0 0.18    M    M  6.3 14  90   M    M  10 12     20  80
12  46  29  38   7  27   0 0.38    M    M 13.7 29 270   M    M  10 14     43 260
13  36  22  29  -3  36   0    T    M    M 11.7 26 280   M    M   2        41 270
14  55  35  45  13  20   0 0.00    M    M 12.4 26 210   M    M   2        39 200
15  45  22  34   2  31   0 0.00    M    M 10.4 23 300   M    M   7 1      31 300
================================================================================
SM  659  381       451   0  3.63    M    132.2          M       97
================================================================================
AV 43.9 25.4                               8.8 FASTST   M    M   6    MAX(MPH)
                                 MISC ---->  # 30 270               # 43  260
================================================================================
NOTES:
# LAST OF SEVERAL OCCURRENCES

COLUMN 17 PEAK WIND IN M.P.H.

PRELIMINARY LOCAL CLIMATOLOGICAL DATA (WS FORM: F-6) , PAGE 2

                                          STATION:  TERRE HAUTE IN
                                          MONTH:    FEBRUARY
                                          YEAR:     2019
                                          LATITUDE:   39 27 N
                                          LONGITUDE:  87 18 W

[TEMPERATURE DATA]      [PRECIPITATION DATA]       SYMBOLS USED IN COLUMN 16

AVERAGE MONTHLY: 34.7   TOTAL FOR MONTH:   3.63    1 = FOG OR MIST
DPTR FM NORMAL:   4.1   DPTR FM NORMAL:    2.54    2 = FOG REDUCING VISIBILITY
HIGHEST:    62 ON  3    GRTST 24HR  1.41 ON  6- 6      TO 1/4 MILE OR LESS
LOWEST:     10 ON  9                               3 = THUNDER
                        SNOW, ICE PELLETS, HAIL    4 = ICE PELLETS
                        TOTAL MONTH:    M          5 = HAIL
                        GRTST 24HR    M  ON   M    6 = FREEZING RAIN OR DRIZZLE
                        GRTST DEPTH:  M  ON   M    7 = DUSTSTORM OR SANDSTORM:
                                                       VSBY 1/2 MILE OR LESS
                                                   8 = SMOKE OR HAZE
[NO. OF DAYS WITH]      [WEATHER - DAYS WITH]      9 = BLOWING SNOW
                                                   X = TORNADO
MAX 32 OR BELOW:   2    0.01 INCH OR MORE:   7
MAX 90 OR ABOVE:   0    0.10 INCH OR MORE:   6
MIN 32 OR BELOW:  10    0.50 INCH OR MORE:   2
MIN  0 OR BELOW:   0    1.00 INCH OR MORE:   2

[HDD (BASE 65) ]
TOTAL THIS MO.   451    CLEAR  (SCALE 0-3)   3
DPTR FM NORMAL   -66    PTCLDY (SCALE 4-7)   7
TOTAL FM JUL 1  3639    CLOUDY (SCALE 8-10)  5
DPTR FM NORMAL  -128

[CDD (BASE 65) ]
TOTAL THIS MO.     0
DPTR FM NORMAL     0    [PRESSURE DATA]
TOTAL FM JAN 1     0    HIGHEST SLP M ON M
DPTR FM NORMAL     0    LOWEST  SLP 29.57 ON  7

[REMARKS]
