396
CXUS53 KIND 190730
CF6HUF
PRELIMINARY LOCAL CLIMATOLOGICAL DATA (WS FORM: F-6)

                                          STATION:   TERRE HAUTE IN
                                          MONTH:     OCTOBER
                                          YEAR:      2019
                                          LATITUDE:   39 27 N
                                          LONGITUDE:  87 18 W

  TEMPERATURE IN F:       :PCPN:    SNOW:  WIND      :SUNSHINE: SKY     :PK WND
================================================================================
1   2   3   4   5  6A  6B    7    8   9   10  11  12  13   14  15   16   17  18
                                     12Z  AVG MX 2MIN
DY MAX MIN AVG DEP HDD CDD  WTR  SNW DPTH SPD SPD DIR MIN PSBL S-S WX    SPD DR
================================================================================

 1  93  66  80  20   0  15 0.00    M    M  6.7 16 250   M    M   1        22 250
 2  92  69  81  22   0  16 0.00    M    M  7.3 17 240   M    M   1        26 250
 3  80  56  68   9   0   3 0.00    M    M  8.1 18 320   M    M   4        28 330
 4  71  48  60   2   5   0 0.00    M    M  7.7 16  80   M    M   0        21  50
 5  77  46  62   4   3   0    T    M    M  5.9 14 110   M    M   2        19 110
 6  66  57  62   4   3   0 0.42    M    M  2.1 10 360   M    M   8 13     16 330
 7  73  45  59   2   6   0    T    M    M  2.8 12 340   M    M   1 1      16  30
 8  74  40  57   0   8   0 0.00    M    M  2.0 12  80   M    M   0 12     16  80
 9  75  41  58   2   7   0 0.00    M    M  4.0 13 150   M    M   0        17 130
10  78  52  65   9   0   0 0.01    M    M  5.9 14 160   M    M   1 1      19 160
11  69  38  54  -2  11   0 1.49    M    M  9.9 17 310   M    M   9 1      27 310
12  56  34  45 -10  20   0 0.00    M    M  8.3 18 200   M    M   0        25 240
13  67  42  55   0  10   0 0.00    M    M  9.2 18 220   M    M   0        27 220
14  65  34  50  -5  15   0 0.00    M    M  2.8 13 280   M    M   0        22 250
15  68  39  54   0  11   0    T    M    M  7.9 23 330   M    M   5 18     35 350
16  56  44  50  -4  15   0 0.00    M    M  9.6 20 320   M    M   8        28 320
17  59  37  48  -6  17   0 0.00    M    M  3.7 12 310   M    M   0        17 320
18  63  32  48  -5  17   0 0.00    M    M  3.5 13 180   M    M   0 1      17 160
================================================================================
SM 1282  820       148  34  1.92    M    107.4          M       40
================================================================================
AV 71.2 45.6                               6.0 FASTST   M    M   2    MAX(MPH)
                                 MISC ---->  # 23 330               # 35  350
================================================================================
NOTES:
# LAST OF SEVERAL OCCURRENCES

COLUMN 17 PEAK WIND IN M.P.H.

PRELIMINARY LOCAL CLIMATOLOGICAL DATA (WS FORM: F-6) , PAGE 2

                                          STATION:  TERRE HAUTE IN
                                          MONTH:    OCTOBER
                                          YEAR:     2019
                                          LATITUDE:   39 27 N
                                          LONGITUDE:  87 18 W

[TEMPERATURE DATA]      [PRECIPITATION DATA]       SYMBOLS USED IN COLUMN 16

AVERAGE MONTHLY: 58.4   TOTAL FOR MONTH:   1.92    1 = FOG OR MIST
DPTR FM NORMAL:   2.1   DPTR FM NORMAL:   -0.15    2 = FOG REDUCING VISIBILITY
HIGHEST:    93 ON  1    GRTST 24HR  1.49 ON 11-11      TO 1/4 MILE OR LESS
LOWEST:     32 ON 18                               3 = THUNDER
                        SNOW, ICE PELLETS, HAIL    4 = ICE PELLETS
                        TOTAL MONTH:    M          5 = HAIL
                        GRTST 24HR    M  ON   M    6 = FREEZING RAIN OR DRIZZLE
                        GRTST DEPTH:  M  ON   M    7 = DUSTSTORM OR SANDSTORM:
                                                       VSBY 1/2 MILE OR LESS
                                                   8 = SMOKE OR HAZE
[NO. OF DAYS WITH]      [WEATHER - DAYS WITH]      9 = BLOWING SNOW
                                                   X = TORNADO
MAX 32 OR BELOW:   0    0.01 INCH OR MORE:   3
MAX 90 OR ABOVE:   2    0.10 INCH OR MORE:   2
MIN 32 OR BELOW:   1    0.50 INCH OR MORE:   1
MIN  0 OR BELOW:   0    1.00 INCH OR MORE:   1

[HDD (BASE 65) ]
TOTAL THIS MO.   148    CLEAR  (SCALE 0-3)  13
DPTR FM NORMAL   -21    PTCLDY (SCALE 4-7)   4
TOTAL FM JUL 1   150    CLOUDY (SCALE 8-10)  1
DPTR FM NORMAL   -97

[CDD (BASE 65) ]
TOTAL THIS MO.    34
DPTR FM NORMAL    22    [PRESSURE DATA]
TOTAL FM JAN 1  1298    HIGHEST SLP M ON M
DPTR FM NORMAL   308    LOWEST  SLP 29.76 ON 15

[REMARKS]
