000
CXUS51 KCAR 160600
CF6HUL
PRELIMINARY LOCAL CLIMATOLOGICAL DATA (WS FORM: F-6)

                                          STATION:   HOULTON ME
                                          MONTH:     JULY
                                          YEAR:      2019
                                          LATITUDE:   46  7 N
                                          LONGITUDE:  67 48 W

  TEMPERATURE IN F:       :PCPN:    SNOW:  WIND      :SUNSHINE: SKY     :PK WND
================================================================================
1   2   3   4   5  6A  6B    7    8   9   10  11  12  13   14  15   16   17  18
                                     12Z  AVG MX 2MIN
DY MAX MIN AVG DEP HDD CDD  WTR  SNW DPTH SPD SPD DIR MIN PSBL S-S WX    SPD DR
================================================================================

 1  77  49  63  -1   2   0 0.00    M    M  8.4 18 360   M    M   3        24 360
 2  76  51  64   0   1   0 0.45    M    M  3.6 15 270   M    M   4 123    20 260
 3  80  49  65   0   0   0    T    M    M  1.2 13  30   M    M   5 12     18  40
 4  89  52  71   6   0   6 0.00    M    M  2.3 13 310   M    M   1 12     16 330
 5  91  60  76  11   0  11 0.00    M    M  5.4 14 240   M    M   1        22 240
 6  85  58  72   7   0   7 0.31    M    M  6.6 22 340   M    M   5 13     30 340
 7  76  48  62  -3   3   0 0.00    M    M  6.2 17 340   M    M   0        24 350
 8  79  45  62  -3   3   0 0.00    M    M  4.7 16 240   M    M   1        22 270
 9  79  48  64  -2   1   0 0.00    M    M  6.2 17 320   M    M   0        23 270
10  78  46  62  -4   3   0 0.00    M    M  4.6 16  40   M    M   0        21 360
11  77  47  62  -4   3   0 0.00    M    M  5.7 16 190   M    M   2        24 190
12  66  60  63  -3   2   0 0.05    M    M  5.4 16 120   M    M  10 18     22 110
13  82  63  73   7   0   8 0.00    M    M  5.0 12 230   M    M   6 1      18 210
14  81  60  71   5   0   6 0.04    M    M  6.8 16 340   M    M   6 13     22 340
15  79  56  68   2   0   3 0.00    M    M  6.6 17 330   M    M   5        24 320
================================================================================
SM 1195  792        18  41  0.85    M     78.7          M       49
================================================================================
AV 79.7 52.8                               5.2 FASTST   M    M   3    MAX(MPH)
                                 MISC ---->  # 22 340               # 30  340
================================================================================
NOTES:
# LAST OF SEVERAL OCCURRENCES

COLUMN 17 PEAK WIND IN M.P.H.

PRELIMINARY LOCAL CLIMATOLOGICAL DATA (WS FORM: F-6) , PAGE 2

                                          STATION:  HOULTON ME
                                          MONTH:    JULY
                                          YEAR:     2019
                                          LATITUDE:   46  7 N
                                          LONGITUDE:  67 48 W

[TEMPERATURE DATA]      [PRECIPITATION DATA]       SYMBOLS USED IN COLUMN 16

AVERAGE MONTHLY: 66.2   TOTAL FOR MONTH:   0.85    1 = FOG OR MIST
DPTR FM NORMAL:   0.9   DPTR FM NORMAL:   -0.93    2 = FOG REDUCING VISIBILITY
HIGHEST:    91 ON  5    GRTST 24HR  0.90 ON 30- 1      TO 1/4 MILE OR LESS
LOWEST:     45 ON  8                               3 = THUNDER
                        SNOW, ICE PELLETS, HAIL    4 = ICE PELLETS
                        TOTAL MONTH:    M          5 = HAIL
                        GRTST 24HR    M  ON   M    6 = FREEZING RAIN OR DRIZZLE
                        GRTST DEPTH:  M  ON   M    7 = DUSTSTORM OR SANDSTORM:
                                                       VSBY 1/2 MILE OR LESS
                                                   8 = SMOKE OR HAZE
[NO. OF DAYS WITH]      [WEATHER - DAYS WITH]      9 = BLOWING SNOW
                                                   X = TORNADO
MAX 32 OR BELOW:   0    0.01 INCH OR MORE:   4
MAX 90 OR ABOVE:   1    0.10 INCH OR MORE:   2
MIN 32 OR BELOW:   0    0.50 INCH OR MORE:   0
MIN  0 OR BELOW:   0    1.00 INCH OR MORE:   0

[HDD (BASE 65) ]
TOTAL THIS MO.    18    CLEAR  (SCALE 0-3)   8
DPTR FM NORMAL   -17    PTCLDY (SCALE 4-7)   6
TOTAL FM JUL 1    18    CLOUDY (SCALE 8-10)  1
DPTR FM NORMAL   -17

[CDD (BASE 65) ]
TOTAL THIS MO.    41
DPTR FM NORMAL    -2    [PRESSURE DATA]
TOTAL FM JAN 1    50    HIGHEST SLP M ON M
DPTR FM NORMAL   -32    LOWEST  SLP 29.64 ON  2

[REMARKS]
