000
CXUS56 KTFX 251205
CF6HVR
PRELIMINARY LOCAL CLIMATOLOGICAL DATA (WS FORM: F-6)

                                          STATION:   HAVRE MT
                                          MONTH:     APRIL
                                          YEAR:      2019
                                          LATITUDE:   48 32 N
                                          LONGITUDE: 109 46 W

  TEMPERATURE IN F:       :PCPN:    SNOW:  WIND      :SUNSHINE: SKY     :PK WND
================================================================================
1   2   3   4   5  6A  6B    7    8   9   10  11  12  13   14  15   16   17  18
                                     12Z  AVG MX 2MIN
DY MAX MIN AVG DEP HDD CDD  WTR  SNW DPTH SPD SPD DIR MIN PSBL S-S WX    SPD DR
================================================================================

 1  50  27  39  -1  26   0 0.00  0.0    0  8.3 21 280   M    M   8        26 290
 2  52  25  39  -1  26   0 0.00  0.0    0  6.7 16 280   M    M   3        24 290
 3  61  29  45   5  20   0    T  0.0    0 10.6 25 220   M    M   3        32 230
 4  65  34  50   9  15   0 0.00  0.0    0 11.0 25 270   M    M   3        30 290
 5  61  37  49   8  16   0    T  0.0    0  9.1 21  80   M    M   7        26  90
 6  63  36  50   8  15   0 0.00  0.0    0 15.9 35 230   M    M   4 12     42 230
 7  61  38  50   8  15   0    T  0.0    0 18.4 31 270   M    M   3        38 270
 8  61  36  49   7  16   0 0.00  0.0    0  8.3 20 220   M    M   0        24 220
 9  50  40  45   3  20   0 0.15  0.0    0 12.5 24 150   M    M   9 1      33 100
10  52  34  43   0  22   0 0.00  0.0    0 12.3 18  80   M    M   4        23  80
11  46  25  36  -7  29   0 0.00  0.0    0 16.9 26  90   M    M   0        30  90
12  50  24  37  -6  28   0 0.00  0.0    0 10.2 18  80   M    M   1        24  80
13  57  22  40  -4  25   0 0.00  0.0    0 11.6 24 220   M    M   5        30 220
14  57  34  46   2  19   0    T  0.0    0 17.2 41 250   M    M   3        54 250
15  57  29  43  -1  22   0 0.00  0.0    0 12.8 23 270   M    M   2        33 230
16  48  27  38  -7  27   0    T  0.0    0  3.9 13 160   M    M   7        16 160
17  62  30  46   1  19   0 0.05  0.0    0 14.3 31 330   M    M   5 1      42 290
18  70  29  50   5  15   0 0.00  0.0    0 12.6 29 270   M    M   2        40 270
19  79  48  64  18   1   0 0.00  0.0    0 18.4 38 250   M    M   3        48 260
20  58  45  52   6  13   0 0.07  0.0    0  6.8 14  50   M    M  10        19  90
21  62  37  50   4  15   0 0.00  0.0    0  6.3 15  60   M    M   6        18  60
22  69  31  50   4  15   0 0.00  0.0    0 10.8 26 210   M    M   0        34 210
23  72  51  62  15   3   0    T  0.0    0 16.7 33 250   M    M   7        44 260
24  63  41  52   5  13   0 0.01  0.0    0 10.1 26  20   M    M   7        33  20
================================================================================
SM 1426  809       435   0  0.28     0.0 281.7          M      102
================================================================================
AV 59.4 33.7                              11.7 FASTST   M    M   4    MAX(MPH)
                                 MISC ---->  # 41 250               # 54  250
================================================================================
NOTES:
# LAST OF SEVERAL OCCURRENCES

COLUMN 17 PEAK WIND IN M.P.H.

PRELIMINARY LOCAL CLIMATOLOGICAL DATA (WS FORM: F-6) , PAGE 2

                                          STATION:  HAVRE MT
                                          MONTH:    APRIL
                                          YEAR:     2019
                                          LATITUDE:   48 32 N
                                          LONGITUDE: 109 46 W

[TEMPERATURE DATA]      [PRECIPITATION DATA]       SYMBOLS USED IN COLUMN 16

AVERAGE MONTHLY: 46.6   TOTAL FOR MONTH:   0.28    1 = FOG OR MIST
DPTR FM NORMAL:   3.1   DPTR FM NORMAL:   -0.33    2 = FOG REDUCING VISIBILITY
HIGHEST:    79 ON 19    GRTST 24HR  0.15 ON  9- 9      TO 1/4 MILE OR LESS
LOWEST:     22 ON 13                               3 = THUNDER
                        SNOW, ICE PELLETS, HAIL    4 = ICE PELLETS
                        TOTAL MONTH:   0.0 INCH    5 = HAIL
                        GRTST 24HR     0.0         6 = FREEZING RAIN OR DRIZZLE
                        GRTST DEPTH:   0           7 = DUSTSTORM OR SANDSTORM:
                                                       VSBY 1/2 MILE OR LESS
                                                   8 = SMOKE OR HAZE
[NO. OF DAYS WITH]      [WEATHER - DAYS WITH]      9 = BLOWING SNOW
                                                   X = TORNADO
MAX 32 OR BELOW:   0    0.01 INCH OR MORE:   4
MAX 90 OR ABOVE:   0    0.10 INCH OR MORE:   1
MIN 32 OR BELOW:  11    0.50 INCH OR MORE:   0
MIN  0 OR BELOW:   0    1.00 INCH OR MORE:   0

[HDD (BASE 65) ]
TOTAL THIS MO.   435    CLEAR  (SCALE 0-3)  10
DPTR FM NORMAL   -82    PTCLDY (SCALE 4-7)  12
TOTAL FM JUL 1  8241    CLOUDY (SCALE 8-10)  2
DPTR FM NORMAL   606

[CDD (BASE 65) ]
TOTAL THIS MO.     0
DPTR FM NORMAL     0    [PRESSURE DATA]
TOTAL FM JAN 1     0    HIGHEST SLP M ON M
DPTR FM NORMAL     0    LOWEST  SLP 29.57 ON 14

[REMARKS]
