000
CXUS56 KTFX 191205
CF6HVR
PRELIMINARY LOCAL CLIMATOLOGICAL DATA (WS FORM: F-6)

                                          STATION:   HAVRE MT
                                          MONTH:     FEBRUARY
                                          YEAR:      2019
                                          LATITUDE:   48 32 N
                                          LONGITUDE: 109 46 W

  TEMPERATURE IN F:       :PCPN:    SNOW:  WIND      :SUNSHINE: SKY     :PK WND
================================================================================
1   2   3   4   5  6A  6B    7    8   9   10  11  12  13   14  15   16   17  18
                                     12Z  AVG MX 2MIN
DY MAX MIN AVG DEP HDD CDD  WTR  SNW DPTH SPD SPD DIR MIN PSBL S-S WX    SPD DR
================================================================================

 1  44  23  34  14  31   0 0.00  0.0    0 10.4 22 220   M    M   0 1      28 220
 2  42   1  22   2  43   0    T    T    0 10.2 25 320   M    M   6 8      31 320
 3   1  -9  -4 -24  69   0 0.41  5.0    2  9.8 15  50   M    M  10 128    18  40
 4  -7 -12  -9 -29  74   0 0.02  0.3    5  9.5 15  70   M    M   8 8      17  70
 5  -5 -14  -9 -29  74   0 0.04  1.0    6  7.0 12  70   M    M   8 8      14  40
 6  -2 -28 -15 -35  80   0 0.04  0.3    6  4.1 12  30   M    M   8 18     13  30
 7 -15 -41 -28 -48  93   0 0.00  0.0    6  3.3  8  60   M    M   1 18      9  60
 8  -6 -26 -16 -37  81   0 0.09  0.7    6  7.7 17  70   M    M   8 189    22  70
 9  -5 -10  -7 -28  72   0 0.11  0.9    7  6.0 14 330   M    M  10 18     15 320
10  -5 -22 -13 -34  78   0 0.02  0.5    7  6.5 16  80   M    M   7 18     18  80
11  -3 -25 -14 -35  79   0 0.05  1.0    8  5.3 10 290   M    M   4 18     12 280
12  -6 -28 -17 -38  82   0    T    T    8  4.1 10  70   M    M   3 18     12  70
13   3  -6  -1 -23  66   0 0.14  3.4    8  3.1  9  40   M    M   7 128    10  40
14   2 -26 -12 -34  77   0 0.01  0.1   11 13.5 31  80   M    M   3 18     35  80
15   5 -12  -3 -25  68   0 0.15  2.2   11 12.1 31  80   M    M   4 18     35  80
16   4 -12  -4 -26  69   0    T    T   12  9.5 23 300   M    M   6 1      26 300
17   2 -16  -7 -29  72   0    T    T   12 10.2 16 230   M    M   3 8      18 230
18  -5 -23 -14 -37  79   0 0.00  0.0   11  6.4 14 230   M    M   1 18     15 230
================================================================================
SM   44 -286      1287   0  1.08    15.4 138.7          M       97
================================================================================
AV  2.4-15.9                               7.7 FASTST   M    M   5    MAX(MPH)
                                 MISC ---->  # 31  80               # 35   80
================================================================================
NOTES:
# LAST OF SEVERAL OCCURRENCES

COLUMN 17 PEAK WIND IN M.P.H.

PRELIMINARY LOCAL CLIMATOLOGICAL DATA (WS FORM: F-6) , PAGE 2

                                          STATION:  HAVRE MT
                                          MONTH:    FEBRUARY
                                          YEAR:     2019
                                          LATITUDE:   48 32 N
                                          LONGITUDE: 109 46 W

[TEMPERATURE DATA]      [PRECIPITATION DATA]       SYMBOLS USED IN COLUMN 16

AVERAGE MONTHLY: -6.7   TOTAL FOR MONTH:   1.08    1 = FOG OR MIST
DPTR FM NORMAL: -27.7   DPTR FM NORMAL:    0.91    2 = FOG REDUCING VISIBILITY
HIGHEST:    44 ON  1    GRTST 24HR  0.41 ON  3- 3      TO 1/4 MILE OR LESS
LOWEST:    -41 ON  7                               3 = THUNDER
                        SNOW, ICE PELLETS, HAIL    4 = ICE PELLETS
                        TOTAL MONTH:  15.4 INCHES  5 = HAIL
                        GRTST 24HR   5.0 ON  3- 3  6 = FREEZING RAIN OR DRIZZLE
                        GRTST DEPTH:  12 ON 17,16  7 = DUSTSTORM OR SANDSTORM:
                                                       VSBY 1/2 MILE OR LESS
                                                   8 = SMOKE OR HAZE
[NO. OF DAYS WITH]      [WEATHER - DAYS WITH]      9 = BLOWING SNOW
                                                   X = TORNADO
MAX 32 OR BELOW:  16    0.01 INCH OR MORE:  11
MAX 90 OR ABOVE:   0    0.10 INCH OR MORE:   4
MIN 32 OR BELOW:  18    0.50 INCH OR MORE:   0
MIN  0 OR BELOW:  16    1.00 INCH OR MORE:   0

[HDD (BASE 65) ]
TOTAL THIS MO.  1287    CLEAR  (SCALE 0-3)   6
DPTR FM NORMAL   497    PTCLDY (SCALE 4-7)   8
TOTAL FM JUL 1  5764    CLOUDY (SCALE 8-10)  4
DPTR FM NORMAL    51

[CDD (BASE 65) ]
TOTAL THIS MO.     0
DPTR FM NORMAL     0    [PRESSURE DATA]
TOTAL FM JAN 1     0    HIGHEST SLP M ON M
DPTR FM NORMAL     0    LOWEST  SLP 29.36 ON  3

[REMARKS]
