000
CXUS56 KTFX 221805
CF6HVR
PRELIMINARY LOCAL CLIMATOLOGICAL DATA (WS FORM: F-6)

                                          STATION:   HAVRE MT
                                          MONTH:     AUGUST
                                          YEAR:      2019
                                          LATITUDE:   48 32 N
                                          LONGITUDE: 109 46 W

  TEMPERATURE IN F:       :PCPN:    SNOW:  WIND      :SUNSHINE: SKY     :PK WND
================================================================================
1   2   3   4   5  6A  6B    7    8   9   10  11  12  13   14  15   16   17  18
                                     12Z  AVG MX 2MIN
DY MAX MIN AVG DEP HDD CDD  WTR  SNW DPTH SPD SPD DIR MIN PSBL S-S WX    SPD DR
================================================================================

 1  98  65  82  11   0  17 0.00  0.0    0  8.6 18 200   M    M   0        24 270
 2 100  58  79   8   0  14    T  0.0    0  8.7 25 220   M    M   1        30 210
 3  92  64  78   7   0  13 0.00  0.0    0 14.1 26 280   M    M   0        41 270
 4  91  55  73   2   0   8 0.00  0.0    0  6.4 18 360   M    M   0        25 330
 5  91  49  70  -1   0   5 0.00  0.0    0  4.7 12 200   M    M   0        14 190
 6  89  53  71   0   0   6 0.02  0.0    0 10.7 33  10   M    M   0 13     43  40
 7  81  56  69  -2   0   4 0.00  0.0    0 12.5 21  90   M    M   2        25  80
 8  91  58  75   5   0  10 0.00  0.0    0 11.4 21  70   M    M   0        25  70
 9  83  59  71   1   0   6 0.01  0.0    0  9.7 20 230   M    M   2        24 230
10  68  56  62  -8   3   0 0.01  0.0    0 11.5 20  80   M    M   8        29  60
11  71  55  63  -7   2   0 0.11  0.0    0  9.8 28  90   M    M   4 13     33  80
12  74  55  65  -5   0   0 0.01  0.0    0 14.1 29 320   M    M   8 3      36 330
13  77  54  66  -3   0   1    T  0.0    0  7.3 18  20   M    M   6        22  20
14  83  47  65  -4   0   0 0.00  0.0    0  6.0 22 270   M    M   1        26 270
15  85  55  70   1   0   5 0.00  0.0    0  8.3 17 220   M    M   2        21 270
16  79  52  66  -2   0   1 0.05  0.0    0 11.9 26 340   M    M   4        32 340
17  65  47  56 -12   9   0 0.10  0.0    0  7.3 18 250   M    M   7        22 250
18  86  44  65  -3   0   0 0.00  0.0    0 11.6 28 220   M    M   1        38 250
19  89  47  68   0   0   3 0.00  0.0    M  9.5 18  20   M    M   0        24 350
20  82  52  67   0   0   2 0.00  0.0    0 16.9 25  90   M    M   0 8      30  80
21  94  56  75   8   0  10    T  0.0    0  9.3 23 300   M    M   0 3      31 300
================================================================================
SM 1769 1137        14 105  0.31  0.0    210.3          M       46
================================================================================
AV 84.2 54.1                              10.0 FASTST   M    M   2    MAX(MPH)
                                 MISC ---->    33  10                 43  40
================================================================================
NOTES:
# LAST OF SEVERAL OCCURRENCES

COLUMN 17 PEAK WIND IN M.P.H.

PRELIMINARY LOCAL CLIMATOLOGICAL DATA (WS FORM: F-6) , PAGE 2

                                          STATION:   HAVRE MT
                                          MONTH:     AUGUST
                                          YEAR:      2019
                                          LATITUDE:   48 32 N
                                          LONGITUDE: 109 46 W

[TEMPERATURE DATA]      [PRECIPITATION DATA]       SYMBOLS USED IN COLUMN 16

AVERAGE MONTHLY: 69.2   TOTAL FOR MONTH:   0.31    1 = FOG OR MIST
DPTR FM NORMAL:  -0.3   DPTR FM NORMAL:   -0.44    2 = FOG REDUCING VISIBILITY
HIGHEST:   100 ON  2    GRTST 24HR  0.15 ON 16-17      TO 1/4 MILE OR LESS
LOWEST:     44 ON 18                               3 = THUNDER
                        SNOW, ICE PELLETS, HAIL    4 = ICE PELLETS
                        TOTAL MONTH:   0.0 INCH    5 = HAIL
                        GRTST 24HR  0.0            6 = FREEZING RAIN OR DRIZZLE
                        GRTST DEPTH:  0            7 = DUSTSTORM OR SANDSTORM:
                                                       VSBY 1/2 MILE OR LESS
                                                   8 = SMOKE OR HAZE
[NO. OF DAYS WITH]      [WEATHER - DAYS WITH]      9 = BLOWING SNOW
                                                   X = TORNADO
MAX 32 OR BELOW:   0    0.01 INCH OR MORE:   4
MAX 90 OR ABOVE:   7    0.10 INCH OR MORE:   2
MIN 32 OR BELOW:   0    0.50 INCH OR MORE:   0
MIN  0 OR BELOW:   0    1.00 INCH OR MORE:   0

[HDD (BASE 65) ]
TOTAL THIS MO.    14    CLEAR  (SCALE 0-3)  15
DPTR FM NORMAL    -9    PTCLDY (SCALE 4-7)   5
TOTAL FM JUL 1    42    CLOUDY (SCALE 8-10)  1
DPTR FM NORMAL   -11

[CDD (BASE 65) ]
TOTAL THIS MO.   105
DPTR FM NORMAL   -15    [PRESSURE DATA]
TOTAL FM JAN 1   263    HIGHEST SLP M ON M
DPTR FM NORMAL   -78    LOWEST  SLP 29.69 ON 18

[REMARKS]
