000
CXUS56 KMTR 251000
CF6HWD
PRELIMINARY LOCAL CLIMATOLOGICAL DATA (WS FORM: F-6)

                                          STATION:   HAYWARD AIRPORT
                                          MONTH:     APRIL
                                          YEAR:      2019
                                          LATITUDE:   37 39 N
                                          LONGITUDE: 122  7 W

  TEMPERATURE IN F:       :PCPN:    SNOW:  WIND      :SUNSHINE: SKY     :PK WND
================================================================================
1   2   3   4   5  6A  6B    7    8   9   10  11  12  13   14  15   16   17  18
                                     12Z  AVG MX 2MIN
DY MAX MIN AVG DEP HDD CDD  WTR  SNW DPTH SPD SPD DIR MIN PSBL S-S WX    SPD DR
================================================================================

 1  64  51  58   2   7   0    T  0.0    0  4.3 13 120   M    M   6        16 280
 2  62  53  58   2   7   0 0.09  0.0    0  7.8 18 250   M    M   9 1      21 240
 3  62  54  58   2   7   0    T  0.0    0  5.3 13 260   M    M   9        15 280
 4  63  54  59   2   6   0 0.00  0.0    0  6.8 14 200   M    M   8        19 220
 5  63  52  58   1   7   0 0.02  0.0    0  5.9 17 160   M    M   7 1      21 160
 6  68  52  60   3   5   0    T  0.0    0  6.8 15 280   M    M   7        17 270
 7  70  53  62   5   3   0 0.00  0.0    0  6.0 17 280   M    M   3        20 290
 8  71  56  64   7   1   0    T  0.0    0  7.2 22 280   M    M   6 18     27 290
 9  65  53  59   2   6   0 0.00  0.0    0 13.3 25 280   M    M   3        32 290
10  67  48  58   1   7   0 0.00  0.0    0  9.5 21 280   M    M   0        27 260
11  62  49  56  -1   9   0 0.00  0.0    0  9.0 23 280   M    M   1 18     28 250
12  67  45  56  -1   9   0 0.00  0.0    0  6.1 18 260   M    M   0        24 270
13  74  48  61   4   4   0 0.00  0.0    0  6.4 18 290   M    M   1        22 290
14  60  50  55  -3  10   0 0.00  0.0    0  9.3 20 290   M    M   5        25 270
15  61  50  56  -2   9   0 0.01  0.0    0  7.8 18 290   M    M   5 1      23 280
16  63  50  57  -1   8   0 0.06  0.0    0  9.5 18 270   M    M   4 1      23 280
17  71  47  59   1   6   0 0.00  0.0    0  6.1 15 290   M    M   1        18 290
18  80  50  65   7   0   0 0.00  0.0    0  5.2 14 280   M    M   0        17 260
19  72  52  62   4   3   0 0.00  0.0    0  7.3 18 290   M    M   2        22 300
20  62  51  57  -1   8   0    T  0.0    0 14.1 26 270   M    M   8 1      36 260
21  68  49  59   1   6   0 0.00  0.0    0  7.0 17 270   M    M   1        23 270
22  76  48  62   4   3   0 0.00  0.0    0  4.5 14 270   M    M   0        18 240
23  86  53  70  12   0   5 0.00  0.0    0  4.5 16 290   M    M   0        19 280
24  84  54  69  10   0   4 0.00  0.0    0  5.7 17 290   M    M   0        20 280
================================================================================
SM 1641 1222       131   9  0.18     0.0 175.4          M       86
================================================================================
AV 68.4 50.9                               7.3 FASTST   M    M   4    MAX(MPH)
                                 MISC ---->  # 26 270               # 36  260
================================================================================
NOTES:
# LAST OF SEVERAL OCCURRENCES

COLUMN 17 PEAK WIND IN M.P.H.

PRELIMINARY LOCAL CLIMATOLOGICAL DATA (WS FORM: F-6) , PAGE 2

                                          STATION:  HAYWARD AIRPORT
                                          MONTH:    APRIL
                                          YEAR:     2019
                                          LATITUDE:   37 39 N
                                          LONGITUDE: 122  7 W

[TEMPERATURE DATA]      [PRECIPITATION DATA]       SYMBOLS USED IN COLUMN 16

AVERAGE MONTHLY: 59.7   TOTAL FOR MONTH:   0.18    1 = FOG OR MIST
DPTR FM NORMAL:   2.3   DPTR FM NORMAL:   -0.90    2 = FOG REDUCING VISIBILITY
HIGHEST:    86 ON 23    GRTST 24HR  0.09 ON  2- 2      TO 1/4 MILE OR LESS
LOWEST:     45 ON 12                               3 = THUNDER
                        SNOW, ICE PELLETS, HAIL    4 = ICE PELLETS
                        TOTAL MONTH:   0.0 INCH    5 = HAIL
                        GRTST 24HR     0.0         6 = FREEZING RAIN OR DRIZZLE
                        GRTST DEPTH:   0           7 = DUSTSTORM OR SANDSTORM:
                                                       VSBY 1/2 MILE OR LESS
                                                   8 = SMOKE OR HAZE
[NO. OF DAYS WITH]      [WEATHER - DAYS WITH]      9 = BLOWING SNOW
                                                   X = TORNADO
MAX 32 OR BELOW:   0    0.01 INCH OR MORE:   4
MAX 90 OR ABOVE:   0    0.10 INCH OR MORE:   0
MIN 32 OR BELOW:   0    0.50 INCH OR MORE:   0
MIN  0 OR BELOW:   0    1.00 INCH OR MORE:   0

[HDD (BASE 65) ]
TOTAL THIS MO.   131    CLEAR  (SCALE 0-3)  13
DPTR FM NORMAL   -58    PTCLDY (SCALE 4-7)   8
TOTAL FM JUL 1  1705    CLOUDY (SCALE 8-10)  3
DPTR FM NORMAL  -546

[CDD (BASE 65) ]
TOTAL THIS MO.     9
DPTR FM NORMAL     9    [PRESSURE DATA]
TOTAL FM JAN 1    10    HIGHEST SLP M ON M
DPTR FM NORMAL     7    LOWEST  SLP 29.85 ON  2

[REMARKS]
