000
CXUS52 KMFL 231000
CF6HWO
PRELIMINARY LOCAL CLIMATOLOGICAL DATA (WS FORM: F-6)

                                          STATION:   NORTH PERRY ARPT
                                          MONTH:     FEBRUARY
                                          YEAR:      2019
                                          LATITUDE:   26  0 N
                                          LONGITUDE:  80 14 W

  TEMPERATURE IN F:       :PCPN:    SNOW:  WIND      :SUNSHINE: SKY     :PK WND
================================================================================
1   2   3   4   5  6A  6B    7    8   9   10  11  12  13   14  15   16   17  18
                                     12Z  AVG MX 2MIN
DY MAX MIN AVG DEP HDD CDD  WTR  SNW DPTH SPD SPD DIR MIN PSBL S-S WX    SPD DR
================================================================================

 1  81  65  73   5   0   8 0.06  0.0    0  7.1 16 130   M    M   5 1      20 120
 2  82  68  75   7   0  10 0.09  0.0    0  6.5 17 120   M    M   4 1      20 130
 3  84  64  74   6   0   9 0.00  0.0    0  4.9 13 280   M    M   3 12     17 260
 4  76  65  71   3   0   6 0.00  0.0    0  5.5 14 280   M    M   4 1      16 340
 5  82  61  72   4   0   7 0.00  0.0    0  4.6 14  80   M    M   1        18  90
 6  79  61  70   2   0   5    T  0.0    0  5.5 16 100   M    M   1 1      21 120
 7  80  63  72   4   0   7 0.00  0.0    0  7.6 18 110   M    M   4        22 100
 8  81  63  72   4   0   7    T  0.0    0  5.6 16  50   M    M   3        21  60
 9  79  62  71   2   0   6 0.05  0.0    0 11.4 24  70   M    M   4 1      30  70
10  82  70  76   7   0  11 0.02  0.0    0 13.8 23  80   M    M   5        29  80
11  80  71  76   7   0  11 0.05  0.0    0 11.4 22 120   M    M   7 1      26 120
12  84  73  79  10   0  14 0.00  0.0    0 10.4 20 130   M    M   4        26 150
13  74  59  67  -2   0   2 0.99  0.0    0  9.1 23 350   M    M   7 13     31 290
14  80  56  68  -1   0   3    T  0.0    0  9.2 20  50   M    M   3        24  30
15  82  62  72   3   0   7    T  0.0    0  5.8 13 100   M    M   4        16 100
16  82  60  71   2   0   6 0.00  0.0    M  3.5 15 160   M    M   3        19 140
17  85  64  75   5   0  10 0.00  0.0    0  6.3 17 140   M    M   3        23 130
18  88  75  82  12   0  17 0.00  0.0    0  7.8 15 180   M    M   4        20 140
19  85  73  79   9   0  14    T  0.0    0 10.9 23  90   M    M   5        28 100
20  84  72  78   8   0  13 0.09  0.0    0 12.6 24 120   M    M   6 18     32 130
21  85  73  79   9   0  14    T  0.0    0 11.6 18 110   M    M   3        24 140
22  85  72  79   9   0  14 0.01  0.0    0  8.8 18 120   M    M   3        24 100
================================================================================
SM 1800 1452         0 201  1.36     0.0 179.9          M       86
================================================================================
AV 81.8 66.0                               8.2 FASTST   M    M   4    MAX(MPH)
                                 MISC ---->  # 24  70               # 32  130
================================================================================
NOTES:
# LAST OF SEVERAL OCCURRENCES

COLUMN 17 PEAK WIND IN M.P.H.

PRELIMINARY LOCAL CLIMATOLOGICAL DATA (WS FORM: F-6) , PAGE 2

                                          STATION:  NORTH PERRY ARPT
                                          MONTH:    FEBRUARY
                                          YEAR:     2019
                                          LATITUDE:   26  0 N
                                          LONGITUDE:  80 14 W

[TEMPERATURE DATA]      [PRECIPITATION DATA]       SYMBOLS USED IN COLUMN 16

AVERAGE MONTHLY: 73.9   TOTAL FOR MONTH:   1.36    1 = FOG OR MIST
DPTR FM NORMAL:   5.0   DPTR FM NORMAL:   -1.09    2 = FOG REDUCING VISIBILITY
HIGHEST:    88 ON 18    GRTST 24HR  0.99 ON 13-13      TO 1/4 MILE OR LESS
LOWEST:     56 ON 14                               3 = THUNDER
                        SNOW, ICE PELLETS, HAIL    4 = ICE PELLETS
                        TOTAL MONTH:   0.0 INCH    5 = HAIL
                        GRTST 24HR     0.0         6 = FREEZING RAIN OR DRIZZLE
                        GRTST DEPTH:   0           7 = DUSTSTORM OR SANDSTORM:
                                                       VSBY 1/2 MILE OR LESS
                                                   8 = SMOKE OR HAZE
[NO. OF DAYS WITH]      [WEATHER - DAYS WITH]      9 = BLOWING SNOW
                                                   X = TORNADO
MAX 32 OR BELOW:   0    0.01 INCH OR MORE:   8
MAX 90 OR ABOVE:   0    0.10 INCH OR MORE:   1
MIN 32 OR BELOW:   0    0.50 INCH OR MORE:   1
MIN  0 OR BELOW:   0    1.00 INCH OR MORE:   0

[HDD (BASE 65) ]
TOTAL THIS MO.     0    CLEAR  (SCALE 0-3)   5
DPTR FM NORMAL   -22    PTCLDY (SCALE 4-7)  17
TOTAL FM JUL 1    68    CLOUDY (SCALE 8-10)  0
DPTR FM NORMAL   -58

[CDD (BASE 65) ]
TOTAL THIS MO.   201
DPTR FM NORMAL    90    [PRESSURE DATA]
TOTAL FM JAN 1   325    HIGHEST SLP M ON M
DPTR FM NORMAL    86    LOWEST  SLP 29.87 ON 16

[REMARKS]
