000
CXUS52 KMFL 181000
CF6HWO
PRELIMINARY LOCAL CLIMATOLOGICAL DATA (WS FORM: F-6)

                                          STATION:   NORTH PERRY ARPT
                                          MONTH:     APRIL
                                          YEAR:      2019
                                          LATITUDE:   26  0 N
                                          LONGITUDE:  80 14 W

  TEMPERATURE IN F:       :PCPN:    SNOW:  WIND      :SUNSHINE: SKY     :PK WND
================================================================================
1   2   3   4   5  6A  6B    7    8   9   10  11  12  13   14  15   16   17  18
                                     12Z  AVG MX 2MIN
DY MAX MIN AVG DEP HDD CDD  WTR  SNW DPTH SPD SPD DIR MIN PSBL S-S WX    SPD DR
================================================================================

 1  85  65  75   1   0  10 0.00  0.0    0  6.7 17 140   M    M   2        22 150
 2  90  66  78   4   0  13 0.00  0.0    0  7.4 22 260   M    M   4        26 260
 3  81  71  76   2   0  11 0.00  0.0    0 12.5 22  60   M    M   9        26  60
 4  74  69  72  -2   0   7 1.32  0.0    0 11.0 20  70   M    M   9 1      26  80
 5  82  69  76   2   0  11 0.05  0.0    0  8.5 18 120   M    M   3        24 140
 6  85  68  77   3   0  12 0.00  0.0    0  6.9 16 120   M    M   1        23 100
 7  85  73  79   5   0  14 0.00  0.0    0 11.4 18  80   M    M   2        27 100
 8  86  76  81   7   0  16 0.00  0.0    0 10.5 18 110   M    M   3        24 120
 9  80  70  75   1   0  10 0.12  0.0    0  7.8 16 170   M    M   5        21 150
10  86  70  78   4   0  13    T  0.0    0  9.7 22 270   M    M   3        28 230
11  86  66  76   2   0  11 0.00  0.0    0  5.3 16 110   M    M   0        21 110
12  86  69  78   4   0  13 0.03  0.0    0  8.1 21 110   M    M   2        27 110
13  86  75  81   6   0  16 0.00  0.0    0 11.0 18 130   M    M   2        24 150
14  89  78  84   9   0  19 0.00  0.0    0 12.4 23 150   M    M   4        28 150
15  87  71  79   4   0  14 0.23  0.0    0  8.3 23 270   M    M   4 1      29 250
16  84  67  76   1   0  11 0.00  0.0    0  9.5 20  70   M    M   1        24  90
17  83  68  76   1   0  11 0.00  0.0    0  7.7 18  80   M    M   3        23 100
================================================================================
SM 1435 1191         0 212  1.75     0.0 154.7          M       57
================================================================================
AV 84.4 70.1                               9.1 FASTST   M    M   3    MAX(MPH)
                                 MISC ---->  # 23 150               # 29  250
================================================================================
NOTES:
# LAST OF SEVERAL OCCURRENCES

COLUMN 17 PEAK WIND IN M.P.H.

PRELIMINARY LOCAL CLIMATOLOGICAL DATA (WS FORM: F-6) , PAGE 2

                                          STATION:  NORTH PERRY ARPT
                                          MONTH:    APRIL
                                          YEAR:     2019
                                          LATITUDE:   26  0 N
                                          LONGITUDE:  80 14 W

[TEMPERATURE DATA]      [PRECIPITATION DATA]       SYMBOLS USED IN COLUMN 16

AVERAGE MONTHLY: 77.2   TOTAL FOR MONTH:   1.75    1 = FOG OR MIST
DPTR FM NORMAL:   2.9   DPTR FM NORMAL:   -0.19    2 = FOG REDUCING VISIBILITY
HIGHEST:    90 ON  2    GRTST 24HR  1.32 ON  4- 4      TO 1/4 MILE OR LESS
LOWEST:     65 ON  1                               3 = THUNDER
                        SNOW, ICE PELLETS, HAIL    4 = ICE PELLETS
                        TOTAL MONTH:   0.0 INCH    5 = HAIL
                        GRTST 24HR     0.0         6 = FREEZING RAIN OR DRIZZLE
                        GRTST DEPTH:   0           7 = DUSTSTORM OR SANDSTORM:
                                                       VSBY 1/2 MILE OR LESS
                                                   8 = SMOKE OR HAZE
[NO. OF DAYS WITH]      [WEATHER - DAYS WITH]      9 = BLOWING SNOW
                                                   X = TORNADO
MAX 32 OR BELOW:   0    0.01 INCH OR MORE:   5
MAX 90 OR ABOVE:   1    0.10 INCH OR MORE:   3
MIN 32 OR BELOW:   0    0.50 INCH OR MORE:   1
MIN  0 OR BELOW:   0    1.00 INCH OR MORE:   1

[HDD (BASE 65) ]
TOTAL THIS MO.     0    CLEAR  (SCALE 0-3)   9
DPTR FM NORMAL     0    PTCLDY (SCALE 4-7)   6
TOTAL FM JUL 1    70    CLOUDY (SCALE 8-10)  2
DPTR FM NORMAL   -74

[CDD (BASE 65) ]
TOTAL THIS MO.   212
DPTR FM NORMAL    53    [PRESSURE DATA]
TOTAL FM JAN 1   868    HIGHEST SLP M ON M
DPTR FM NORMAL   196    LOWEST  SLP 29.75 ON 10

[REMARKS]
