000
CXUS52 KMFL 211000
CF6HWO
PRELIMINARY LOCAL CLIMATOLOGICAL DATA (WS FORM: F-6)

                                          STATION:   NORTH PERRY ARPT
                                          MONTH:     SEPTEMBER
                                          YEAR:      2019
                                          LATITUDE:   26  0 N
                                          LONGITUDE:  80 14 W

  TEMPERATURE IN F:       :PCPN:    SNOW:  WIND      :SUNSHINE: SKY     :PK WND
================================================================================
1   2   3   4   5  6A  6B    7    8   9   10  11  12  13   14  15   16   17  18
                                     12Z  AVG MX 2MIN
DY MAX MIN AVG DEP HDD CDD  WTR  SNW DPTH SPD SPD DIR MIN PSBL S-S WX    SPD DR
================================================================================

 1  93  79  86   3   0  21 0.18  0.0    0  9.2 26 340   M    M   1 38     33 340
 2  86  80  83   0   0  18 0.98  0.0    0 15.3 25 280   M    M   5 13     32 270
 3  91  79  85   2   0  20 0.18  0.0    0 16.6 29 280   M    M   6 13     41 300
 4  95  80  88   5   0  23 0.00  0.0    0 13.0 24 240   M    M   1        32 250
 5  94  82  88   5   0  23 0.00  0.0    0  9.5 20 230   M    M   1        24 230
 6  96  80  88   5   0  23 0.00  0.0    0  8.4 17 240   M    M   2        22 260
 7  95  81  88   5   0  23    T  0.0    0  5.7 15 150   M    M   2        20 140
 8  93  79  86   3   0  21 0.00  0.0    0  6.2 16 130   M    M   1        21 130
 9  93  81  87   4   0  22    T  0.0    0  9.5 18 100   M    M   1        22  90
10  93  81  87   4   0  22 0.00  0.0    0 12.0 21  70   M    M   3        26  60
11  92  82  87   5   0  22 0.00  0.0    0 13.8 23  40   M    M   3        30  60
12  91  79  85   3   0  20 0.20  0.0    0 11.2 24  50   M    M   4 38     31  50
13  91  79  85   3   0  20 0.03  0.0    0 13.9 29  60   M    M   5 3      37  50
14  91  80  86   4   0  21 0.17  0.0    0  8.9 18  60   M    M   5 1      24  50
15  95  79  87   5   0  22    T  0.0    0  8.1 17 260   M    M   3 3      21 250
16  96  79  88   6   0  23 0.00  0.0    0  8.3 18 300   M    M   2        24 300
17  95  78  87   5   0  22 0.00  0.0    0  8.4 17 320   M    M   1        24 320
18  92  78  85   3   0  20 0.00  0.0    0 10.4 22  60   M    M   2        25  20
19  90  77  84   2   0  19 0.03  0.0    0 15.3 23  60   M    M   4        31  30
20  89  76  83   1   0  18 0.20  0.0    0 17.2 30  70   M    M   6        37  90
================================================================================
SM 1851 1589         0 423  1.97     0.0 220.9          M       58
================================================================================
AV 92.6 79.5                              11.0 FASTST   M    M   3    MAX(MPH)
                                 MISC ---->  # 30  70               # 41  300
================================================================================
NOTES:
# LAST OF SEVERAL OCCURRENCES

COLUMN 17 PEAK WIND IN M.P.H.

PRELIMINARY LOCAL CLIMATOLOGICAL DATA (WS FORM: F-6) , PAGE 2

                                          STATION:  NORTH PERRY ARPT
                                          MONTH:    SEPTEMBER
                                          YEAR:     2019
                                          LATITUDE:   26  0 N
                                          LONGITUDE:  80 14 W

[TEMPERATURE DATA]      [PRECIPITATION DATA]       SYMBOLS USED IN COLUMN 16

AVERAGE MONTHLY: 86.0   TOTAL FOR MONTH:   1.97    1 = FOG OR MIST
DPTR FM NORMAL:   3.5   DPTR FM NORMAL:   -4.49    2 = FOG REDUCING VISIBILITY
HIGHEST:    96 ON 16, 6 GRTST 24HR  0.98 ON  2- 2      TO 1/4 MILE OR LESS
LOWEST:     76 ON 20                               3 = THUNDER
                        SNOW, ICE PELLETS, HAIL    4 = ICE PELLETS
                        TOTAL MONTH:   0.0 INCH    5 = HAIL
                        GRTST 24HR     0.0         6 = FREEZING RAIN OR DRIZZLE
                        GRTST DEPTH:   0           7 = DUSTSTORM OR SANDSTORM:
                                                       VSBY 1/2 MILE OR LESS
                                                   8 = SMOKE OR HAZE
[NO. OF DAYS WITH]      [WEATHER - DAYS WITH]      9 = BLOWING SNOW
                                                   X = TORNADO
MAX 32 OR BELOW:   0    0.01 INCH OR MORE:   8
MAX 90 OR ABOVE:  18    0.10 INCH OR MORE:   6
MIN 32 OR BELOW:   0    0.50 INCH OR MORE:   1
MIN  0 OR BELOW:   0    1.00 INCH OR MORE:   0

[HDD (BASE 65) ]
TOTAL THIS MO.     0    CLEAR  (SCALE 0-3)  13
DPTR FM NORMAL     0    PTCLDY (SCALE 4-7)   7
TOTAL FM JUL 1     0    CLOUDY (SCALE 8-10)  0
DPTR FM NORMAL     0

[CDD (BASE 65) ]
TOTAL THIS MO.   423
DPTR FM NORMAL    72    [PRESSURE DATA]
TOTAL FM JAN 1  3702    HIGHEST SLP M ON M
DPTR FM NORMAL   418    LOWEST  SLP 29.62 ON  3

[REMARKS]
