000
CXUS54 KEWX 180910
CF6HYI
PRELIMINARY LOCAL CLIMATOLOGICAL DATA (WS FORM: F-6)

                                          STATION:   SAN MARCOS
                                          MONTH:     APRIL
                                          YEAR:      2019
                                          LATITUDE:   29 53 N
                                          LONGITUDE:  97 52 W

  TEMPERATURE IN F:       :PCPN:    SNOW:  WIND      :SUNSHINE: SKY     :PK WND
================================================================================
1   2   3   4   5  6A  6B    7    8   9   10  11  12  13   14  15   16   17  18
                                     12Z  AVG MX 2MIN
DY MAX MIN AVG DEP HDD CDD  WTR  SNW DPTH SPD SPD DIR MIN PSBL S-S WX    SPD DR
================================================================================

 1  61  38  50   M  15   0 0.00    M    M  6.3  9  20   M    M   5         M  M
 2  75  34  55   M  10   0 0.00    M    M  7.0 13 140   M    M   0        20 140
 3  70  56  63   M   2   0 0.03    M    M 10.3 21 150   M    M  10 1      24 160
 4  88  62  75   M   0  10 0.03    M    M  7.8 14 230   M    M   5 1      17 210
 5  85  59  72   M   0   7 0.00    M    M  6.8 14 120   M    M   5 128    18 110
 6  79  66  73   M   0   8 1.03    M    M  8.8 18  50   M    M   9 13     33  20
 7  72  60  66   M   0   1 1.61    M    M  9.0 18  30   M    M   7 138    32 180
 8  86  59  73   M   0   8 0.00    M    M  9.0 16 330   M    M   0         M  M
 9  91  55  73   M   0   8 0.00    M    M  5.9 10 200   M    M   0         M  M
10  94  56  75   M   0  10 0.00    M    M 11.2 27 170   M    M   0        35 200
11  83  57  70   M   0   5 0.00    M    M  8.4 16 330   M    M   0        18  30
12  81  54  68   M   0   3 0.00    M    M  9.9 15  70   M    M   4        18 100
13  75  47  61   M   4   0 0.29    M    M 17.6 29 300   M    M   6 13     44 300
14  75  45  60   M   5   0 0.00    M    M 10.5 21 330   M    M   0        35 340
15  82  45  64   M   1   0 0.00    M    M 10.5 21 150   M    M   1        24 150
16  83  61  72   M   0   7 0.00    M    M 15.2 23 160   M    M   9        32 170
17  85  69  77   M   0  12 0.75    M    M 14.7 21 180   M    M  10 138    27 180
================================================================================
SM 1365  923        37  79  3.74    M    168.9          M       71
================================================================================
AV 80.3 54.3                               9.9 FASTST   M    M   4    MAX(MPH)
                                 MISC ---->  # 29 300               # 44  300
================================================================================
NOTES:
# LAST OF SEVERAL OCCURRENCES

COLUMN 17 PEAK WIND IN M.P.H.

PRELIMINARY LOCAL CLIMATOLOGICAL DATA (WS FORM: F-6) , PAGE 2

                                          STATION:  SAN MARCOS
                                          MONTH:    APRIL
                                          YEAR:     2019
                                          LATITUDE:   29 53 N
                                          LONGITUDE:  97 52 W

[TEMPERATURE DATA]      [PRECIPITATION DATA]       SYMBOLS USED IN COLUMN 16

AVERAGE MONTHLY: 67.3   TOTAL FOR MONTH:   3.74    1 = FOG OR MIST
DPTR FM NORMAL:     M   DPTR FM NORMAL:       M    2 = FOG REDUCING VISIBILITY
HIGHEST:    94 ON 10    GRTST 24HR  1.61 ON  7- 7      TO 1/4 MILE OR LESS
LOWEST:     34 ON  2                               3 = THUNDER
                        SNOW, ICE PELLETS, HAIL    4 = ICE PELLETS
                        TOTAL MONTH:    M          5 = HAIL
                        GRTST 24HR    M  ON   M    6 = FREEZING RAIN OR DRIZZLE
                        GRTST DEPTH:  M  ON   M    7 = DUSTSTORM OR SANDSTORM:
                                                       VSBY 1/2 MILE OR LESS
                                                   8 = SMOKE OR HAZE
[NO. OF DAYS WITH]      [WEATHER - DAYS WITH]      9 = BLOWING SNOW
                                                   X = TORNADO
MAX 32 OR BELOW:   0    0.01 INCH OR MORE:   6
MAX 90 OR ABOVE:   2    0.10 INCH OR MORE:   4
MIN 32 OR BELOW:   0    0.50 INCH OR MORE:   3
MIN  0 OR BELOW:   0    1.00 INCH OR MORE:   2

[HDD (BASE 65) ]
TOTAL THIS MO.    37    CLEAR  (SCALE 0-3)   7
DPTR FM NORMAL     M    PTCLDY (SCALE 4-7)   6
TOTAL FM JUL 1  1698    CLOUDY (SCALE 8-10)  4
DPTR FM NORMAL     M

[CDD (BASE 65) ]
TOTAL THIS MO.    79
DPTR FM NORMAL     M    [PRESSURE DATA]
TOTAL FM JAN 1   158    HIGHEST SLP M ON M
DPTR FM NORMAL     M    LOWEST  SLP M ON M

[REMARKS]
