000
CXUS54 KEWX 160910
CF6HYI
PRELIMINARY LOCAL CLIMATOLOGICAL DATA (WS FORM: F-6)

                                          STATION:   SAN MARCOS
                                          MONTH:     JULY
                                          YEAR:      2019
                                          LATITUDE:   29 53 N
                                          LONGITUDE:  97 52 W

  TEMPERATURE IN F:       :PCPN:    SNOW:  WIND      :SUNSHINE: SKY     :PK WND
================================================================================
1   2   3   4   5  6A  6B    7    8   9   10  11  12  13   14  15   16   17  18
                                     12Z  AVG MX 2MIN
DY MAX MIN AVG DEP HDD CDD  WTR  SNW DPTH SPD SPD DIR MIN PSBL S-S WX    SPD DR
================================================================================

 1  93  71  82   M   0  17 0.00    M    M  7.3 15 130   M    M   4        20 130
 2  95  72  84   M   0  19 0.00    M    M  7.3 20 130   M    M   5 12     32 140
 3  93  74  84   M   0  19 0.29    M    M  7.3 16 180   M    M   7 1238   20 210
 4  94  73  84   M   0  19 0.00    M    M  9.5 17 150   M    M   5 1      25 160
 5  96  77  87   M   0  22 0.00    M    M 10.4 17 190   M    M   6        22 190
 6  94  74  84   M   0  19 0.00    M    M  8.2 13 170   M    M   4        23 170
 7  96  76  86   M   0  21 0.00    M    M  7.8 13 140   M    M   4        16 120
 8  97  75  86   M   0  21 0.00    M    M  7.8 14 200   M    M   3        22 200
 9  97  77  87   M   0  22 0.00    M    M  9.3 14 150   M    M   3         M  M
10  98  75  87   M   0  22 0.01    M    M  6.6 15 350   M    M   2        37 350
11  96  73  85   M   0  20 0.00    M    M  9.4 20  50   M    M   1        24 360
12  97  73  85   M   0  20 0.00    M    M  7.7 14  70   M    M   1 8      18  70
13  98  69  84   M   0  19 0.00    M    M  8.9 15 360   M    M   4        22 350
14  99  76  88   M   0  23 0.00    M    M  7.0 10  70   M    M   3 8       M  M
15  99  74  87   M   0  22 0.00    M    M  6.5 16 190   M    M   1        21 190
================================================================================
SM 1442 1109         0 305  0.30    M    121.0          M       53
================================================================================
AV 96.1 73.9                               8.1 FASTST   M    M   4    MAX(MPH)
                                 MISC ---->  # 20 130               # 37  350
================================================================================
NOTES:
# LAST OF SEVERAL OCCURRENCES

COLUMN 17 PEAK WIND IN M.P.H.

PRELIMINARY LOCAL CLIMATOLOGICAL DATA (WS FORM: F-6) , PAGE 2

                                          STATION:  SAN MARCOS
                                          MONTH:    JULY
                                          YEAR:     2019
                                          LATITUDE:   29 53 N
                                          LONGITUDE:  97 52 W

[TEMPERATURE DATA]      [PRECIPITATION DATA]       SYMBOLS USED IN COLUMN 16

AVERAGE MONTHLY: 85.0   TOTAL FOR MONTH:   0.30    1 = FOG OR MIST
DPTR FM NORMAL:     M   DPTR FM NORMAL:       M    2 = FOG REDUCING VISIBILITY
HIGHEST:    99 ON 15,14 GRTST 24HR  0.29 ON  3- 3      TO 1/4 MILE OR LESS
LOWEST:     69 ON 13                               3 = THUNDER
                        SNOW, ICE PELLETS, HAIL    4 = ICE PELLETS
                        TOTAL MONTH:    M          5 = HAIL
                        GRTST 24HR    M  ON   M    6 = FREEZING RAIN OR DRIZZLE
                        GRTST DEPTH:  M  ON   M    7 = DUSTSTORM OR SANDSTORM:
                                                       VSBY 1/2 MILE OR LESS
                                                   8 = SMOKE OR HAZE
[NO. OF DAYS WITH]      [WEATHER - DAYS WITH]      9 = BLOWING SNOW
                                                   X = TORNADO
MAX 32 OR BELOW:   0    0.01 INCH OR MORE:   2
MAX 90 OR ABOVE:  15    0.10 INCH OR MORE:   1
MIN 32 OR BELOW:   0    0.50 INCH OR MORE:   0
MIN  0 OR BELOW:   0    1.00 INCH OR MORE:   0

[HDD (BASE 65) ]
TOTAL THIS MO.     0    CLEAR  (SCALE 0-3)   6
DPTR FM NORMAL     M    PTCLDY (SCALE 4-7)   9
TOTAL FM JUL 1     0    CLOUDY (SCALE 8-10)  0
DPTR FM NORMAL     M

[CDD (BASE 65) ]
TOTAL THIS MO.   305
DPTR FM NORMAL     M    [PRESSURE DATA]
TOTAL FM JAN 1  1389    HIGHEST SLP M ON M
DPTR FM NORMAL     M    LOWEST  SLP M ON M

[REMARKS]
