000
CXUS53 KUNR 230945
CF6ICR
PRELIMINARY LOCAL CLIMATOLOGICAL DATA (WS FORM: F-6)

                                          STATION:   WINNER REGIONAL AIRPORT SD
                                          MONTH:     APRIL
                                          YEAR:      2019
                                          LATITUDE:   43 23 N
                                          LONGITUDE:  99 50 W

  TEMPERATURE IN F:       :PCPN:    SNOW:  WIND      :SUNSHINE: SKY     :PK WND
================================================================================
1   2   3   4   5  6A  6B    7    8   9   10  11  12  13   14  15   16   17  18
                                     12Z  AVG MX 2MIN
DY MAX MIN AVG DEP HDD CDD  WTR  SNW DPTH SPD SPD DIR MIN PSBL S-S WX    SPD DR
================================================================================

 1  43  26  35  -8  30   0 0.01    M    M  5.3 16  10   M    M   8 12     20  60
 2  58  28  43   0  22   0 0.00    M    M 11.5 23 300   M    M   3 1      30 320
 3  48  30  39  -4  26   0 0.09    M    M 12.7 22 100   M    M   9 1      29 110
 4  53  39  46   2  19   0 0.00    M    M 10.2 18 120   M    M   7 1      23 120
 5  79  40  60  16   5   0 0.03    M    M  8.7 22 250   M    M   2 38     37 240
 6  70  41  56  12   9   0    T    M    M  6.7 15 140   M    M   2 12     19 130
 7  74  49  62  17   3   0    T    M    M 13.4 25 320   M    M   2 1      35 310
 8  74  48  61  16   4   0 0.00    M    M 13.9 26 320   M    M   2        43 320
 9  65  41  53   8  12   0    T    M    M 17.5 35  80   M    M   6        45  70
10  41  28  35 -11  30   0 0.10    M    M 22.5 32  60   M    M  10 126    42  50
11  29  24  27 -19  38   0    M    M    M 29.4 37 360   M    M  10 128    48 360
12  34  23  29 -17  36   0    T    M    M 20.6 31 320   M    M  10 18     38 300
13  43  24  34 -13  31   0 0.00    M    M  9.3 20 270   M    M   1        26 270
14  48  26  37 -10  28   0 0.00    M    M 15.2 24 120   M    M   0        32 150
15  53  35  44  -4  21   0    T    M    M  8.7 18 310   M    M   2        23 300
16  66  39  53   5  12   0    T    M    M  9.4 21 110   M    M   2        28 130
17  56  37  47  -1  18   0 0.01    M    M 11.6 26 320   M    M   6        33 310
18  60  36  48  -1  17   0 0.02    M    M 11.8 25 350   M    M   3        33 350
19  77  33  55   6  10   0 0.00    M    M  8.3 17 160   M    M   0        25 220
20  91  53  72  23   0   7 0.00    M    M 10.4 22 190   M    M   0        27 190
21  69  45  57   7   8   0    T    M    M 17.6 32  30   M    M   6 12     44  30
22  68  45  57   7   8   0    T    M    M 15.1 31  10   M    M   5        48  40
================================================================================
SM 1299  790       387   7  0.26    M    289.8          M       96
================================================================================
AV 59.1 35.9                              13.2 FASTST   M    M   4    MAX(MPH)
                                 MISC ---->  # 37 360               # 48  360
================================================================================
NOTES:
# LAST OF SEVERAL OCCURRENCES

COLUMN 17 PEAK WIND IN M.P.H.

PRELIMINARY LOCAL CLIMATOLOGICAL DATA (WS FORM: F-6) , PAGE 2

                                          STATION:  WINNER REGIONAL AIRPORT SD
                                          MONTH:    APRIL
                                          YEAR:     2019
                                          LATITUDE:   43 23 N
                                          LONGITUDE:  99 50 W

[TEMPERATURE DATA]      [PRECIPITATION DATA]       SYMBOLS USED IN COLUMN 16

AVERAGE MONTHLY: 47.5   TOTAL FOR MONTH:   0.26    1 = FOG OR MIST
DPTR FM NORMAL:   1.2   DPTR FM NORMAL:   -1.39    2 = FOG REDUCING VISIBILITY
HIGHEST:    91 ON 20    GRTST 24HR  0.10 ON 10-10      TO 1/4 MILE OR LESS
LOWEST:     23 ON 12                               3 = THUNDER
                        SNOW, ICE PELLETS, HAIL    4 = ICE PELLETS
                        TOTAL MONTH:    M          5 = HAIL
                        GRTST 24HR    M  ON   M    6 = FREEZING RAIN OR DRIZZLE
                        GRTST DEPTH:  M  ON   M    7 = DUSTSTORM OR SANDSTORM:
                                                       VSBY 1/2 MILE OR LESS
                                                   8 = SMOKE OR HAZE
[NO. OF DAYS WITH]      [WEATHER - DAYS WITH]      9 = BLOWING SNOW
                                                   X = TORNADO
MAX 32 OR BELOW:   1    0.01 INCH OR MORE:   6
MAX 90 OR ABOVE:   1    0.10 INCH OR MORE:   1
MIN 32 OR BELOW:   8    0.50 INCH OR MORE:   0
MIN  0 OR BELOW:   0    1.00 INCH OR MORE:   0

[HDD (BASE 65) ]
TOTAL THIS MO.   387    CLEAR  (SCALE 0-3)  12
DPTR FM NORMAL   -24    PTCLDY (SCALE 4-7)   6
TOTAL FM JUL 1  6856    CLOUDY (SCALE 8-10)  4
DPTR FM NORMAL   560

[CDD (BASE 65) ]
TOTAL THIS MO.     7
DPTR FM NORMAL     7    [PRESSURE DATA]
TOTAL FM JAN 1     7    HIGHEST SLP M ON M
DPTR FM NORMAL     7    LOWEST  SLP 29.35 ON 20

[REMARKS]
