000
CXUS53 KUNR 170945
CF6ICR
PRELIMINARY LOCAL CLIMATOLOGICAL DATA (WS FORM: F-6)

                                          STATION:   WINNER REGIONAL AIRPORT SD
                                          MONTH:     JUNE
                                          YEAR:      2019
                                          LATITUDE:   43 23 N
                                          LONGITUDE:  99 50 W

  TEMPERATURE IN F:       :PCPN:    SNOW:  WIND      :SUNSHINE: SKY     :PK WND
================================================================================
1   2   3   4   5  6A  6B    7    8   9   10  11  12  13   14  15   16   17  18
                                     12Z  AVG MX 2MIN
DY MAX MIN AVG DEP HDD CDD  WTR  SNW DPTH SPD SPD DIR MIN PSBL S-S WX    SPD DR
================================================================================

 1  69  49  59  -4   6   0 0.00    M    M  8.4 16 310   M    M   0        24 300
 2  79  46  63  -1   2   0 0.02    M    M 11.1 23 180   M    M   2 3      36 170
 3  84  55  70   6   0   5 0.00    M    M  9.9 18 170   M    M   0        28 200
 4  87  65  76  12   0  11 0.00    M    M 11.4 29 300   M    M   0        40 300
 5  83  59  71   7   0   6    T    M    M  7.4 14  20   M    M   0        20  10
 6  86  55  71   6   0   6 0.00    M    M  7.5 15 200   M    M   0        22 160
 7  88  68  78  13   0  13 0.00    M    M 17.1 28 180   M    M   0        38 160
 8  79  56  68   2   0   3 0.63    M    M 13.3 26 180   M    M   5 13     38 190
 9  68  50  59  -7   6   0 0.01    M    M 13.6 24 320   M    M   5        33 310
10  79  46  63  -3   2   0    T    M    M  7.9 16 220   M    M   3        21 240
11  73  51  62  -4   3   0 0.01    M    M  9.5 28 330   M    M   4 3      38 330
12  72  48  60  -7   5   0    T    M    M  6.5 13 280   M    M   2        19 280
13  82  52  67   0   0   2 0.00    M    M 10.4 21 170   M    M   1        30 140
14  87  62  75   7   0  10    T    M    M  8.6 20 210   M    M   1        28 210
15  80  60  70   2   0   5 0.00    M    M 12.9 25 320   M    M   2        35 320
16  82  56  69   1   0   4 0.01    M    M  7.1 18 360   M    M   3        26 360
================================================================================
SM 1278  878        24  65  0.68    M    162.6          M       28
================================================================================
AV 79.9 54.9                              10.2 FASTST   M    M   2    MAX(MPH)
                                 MISC ---->  # 29 300               # 40  300
================================================================================
NOTES:
# LAST OF SEVERAL OCCURRENCES

COLUMN 17 PEAK WIND IN M.P.H.

PRELIMINARY LOCAL CLIMATOLOGICAL DATA (WS FORM: F-6) , PAGE 2

                                          STATION:  WINNER REGIONAL AIRPORT SD
                                          MONTH:    JUNE
                                          YEAR:     2019
                                          LATITUDE:   43 23 N
                                          LONGITUDE:  99 50 W

[TEMPERATURE DATA]      [PRECIPITATION DATA]       SYMBOLS USED IN COLUMN 16

AVERAGE MONTHLY: 67.4   TOTAL FOR MONTH:   0.68    1 = FOG OR MIST
DPTR FM NORMAL:   1.7   DPTR FM NORMAL:   -1.48    2 = FOG REDUCING VISIBILITY
HIGHEST:    88 ON  7    GRTST 24HR  0.63 ON  8- 8      TO 1/4 MILE OR LESS
LOWEST:     46 ON 10, 2                            3 = THUNDER
                        SNOW, ICE PELLETS, HAIL    4 = ICE PELLETS
                        TOTAL MONTH:    M          5 = HAIL
                        GRTST 24HR    M  ON   M    6 = FREEZING RAIN OR DRIZZLE
                        GRTST DEPTH:  M  ON   M    7 = DUSTSTORM OR SANDSTORM:
                                                       VSBY 1/2 MILE OR LESS
                                                   8 = SMOKE OR HAZE
[NO. OF DAYS WITH]      [WEATHER - DAYS WITH]      9 = BLOWING SNOW
                                                   X = TORNADO
MAX 32 OR BELOW:   0    0.01 INCH OR MORE:   5
MAX 90 OR ABOVE:   0    0.10 INCH OR MORE:   1
MIN 32 OR BELOW:   0    0.50 INCH OR MORE:   1
MIN  0 OR BELOW:   0    1.00 INCH OR MORE:   0

[HDD (BASE 65) ]
TOTAL THIS MO.    24    CLEAR  (SCALE 0-3)  13
DPTR FM NORMAL   -19    PTCLDY (SCALE 4-7)   3
TOTAL FM JUL 1  7347    CLOUDY (SCALE 8-10)  0
DPTR FM NORMAL   659

[CDD (BASE 65) ]
TOTAL THIS MO.    65
DPTR FM NORMAL    12    [PRESSURE DATA]
TOTAL FM JAN 1    86    HIGHEST SLP M ON M
DPTR FM NORMAL     3    LOWEST  SLP 29.32 ON  7

[REMARKS]
