000
CXUS53 KICT 170800
CF6ICT
PRELIMINARY LOCAL CLIMATOLOGICAL DATA (WS FORM: F-6)

                                          STATION:   WICHITA EISENHOWER NATIONAL
                                          MONTH:     FEBRUARY
                                          YEAR:      2019
                                          LATITUDE:   37 39 N
                                          LONGITUDE:  97 25 W

  TEMPERATURE IN F:       :PCPN:    SNOW:  WIND      :SUNSHINE: SKY     :PK WND
================================================================================
1   2   3   4   5  6A  6B    7    8   9   10  11  12  13   14  15   16   17  18
                                     12Z  AVG MX 2MIN
DY MAX MIN AVG DEP HDD CDD  WTR  SNW DPTH SPD SPD DIR MIN PSBL S-S WX    SPD DR
================================================================================

 1  47  20  34   0  31   0 0.00  0.0    0  4.0 12 160   M    M   6 128    15 170
 2  66  46  56  22   9   0    T  0.0    0 15.4 29 190   M    M   9 12     38 200
 3  70  55  63  29   2   0 0.00  0.0    0 20.9 32 180   M    M   7 1      42 180
 4  59  28  44  10  21   0    T  0.0    0 15.3 32 340   M    M   6 12     41 350
 5  28  24  26  -8  39   0    T    T    0 10.7 16  70   M    M  10 16     22  50
 6  27  21  24 -11  41   0 0.04    T    0 12.3 23 360   M    M  10 1346   30 350
 7  22  11  17 -18  48   0    T    T    T 19.0 33 330   M    M   5 1      41 330
 8  28   8  18 -17  47   0 0.00  0.0    0  6.6 14 160   M    M   1        19 160
 9  38  16  27  -8  38   0 0.00  0.0    0 13.3 22 180   M    M   6        27 180
10  42  32  37   1  28   0    T  0.0    0 12.1 25 190   M    M  10 18     35 190
11  43  33  38   2  27   0 0.07  0.0    0 10.0 22 340   M    M  10 1      29 350
12  53  29  41   5  24   0 0.00  0.0    0 11.8 25 330   M    M   3        38 340
13  57  30  44   8  21   0 0.00  0.0    0 16.0 26 210   M    M   5        36 220
14  67  29  48  11  17   0 0.00  0.0    0 14.9 24 180   M    M   6        37 170
15  29  18  24 -13  41   0 0.01    T    0 15.9 26  50   M    M  10 146    32  50
16  27  17  22 -15  43   0    T    T    0  7.9 15 120   M    M  10 16     19 130
================================================================================
SM  703  417       477   0  0.12    T    206.1          M      114
================================================================================
AV 43.9 26.1                              12.9 FASTST   M    M   7    MAX(MPH)
                                 MISC ---->  # 33 330               # 42  180
================================================================================
NOTES:
# LAST OF SEVERAL OCCURRENCES

COLUMN 17 PEAK WIND IN M.P.H.

PRELIMINARY LOCAL CLIMATOLOGICAL DATA (WS FORM: F-6) , PAGE 2

                                          STATION:  WICHITA EISENHOWER NATIONAL
                                          MONTH:    FEBRUARY
                                          YEAR:     2019
                                          LATITUDE:   37 39 N
                                          LONGITUDE:  97 25 W

[TEMPERATURE DATA]      [PRECIPITATION DATA]       SYMBOLS USED IN COLUMN 16

AVERAGE MONTHLY: 35.0   TOTAL FOR MONTH:   0.12    1 = FOG OR MIST
DPTR FM NORMAL:  -0.3   DPTR FM NORMAL:   -0.50    2 = FOG REDUCING VISIBILITY
HIGHEST:    70 ON  3    GRTST 24HR  0.07 ON 11-11      TO 1/4 MILE OR LESS
LOWEST:      8 ON  8                               3 = THUNDER
                        SNOW, ICE PELLETS, HAIL    4 = ICE PELLETS
                        TOTAL MONTH:    T          5 = HAIL
                        GRTST 24HR    T  ON 16-16  6 = FREEZING RAIN OR DRIZZLE
                        GRTST DEPTH:   T           7 = DUSTSTORM OR SANDSTORM:
                                                       VSBY 1/2 MILE OR LESS
                                                   8 = SMOKE OR HAZE
[NO. OF DAYS WITH]      [WEATHER - DAYS WITH]      9 = BLOWING SNOW
                                                   X = TORNADO
MAX 32 OR BELOW:   6    0.01 INCH OR MORE:   3
MAX 90 OR ABOVE:   0    0.10 INCH OR MORE:   0
MIN 32 OR BELOW:  13    0.50 INCH OR MORE:   0
MIN  0 OR BELOW:   0    1.00 INCH OR MORE:   0

[HDD (BASE 65) ]
TOTAL THIS MO.   477    CLEAR  (SCALE 0-3)   1
DPTR FM NORMAL     4    PTCLDY (SCALE 4-7)   8
TOTAL FM JUL 1  3317    CLOUDY (SCALE 8-10)  7
DPTR FM NORMAL   -16

[CDD (BASE 65) ]
TOTAL THIS MO.     0
DPTR FM NORMAL     0    [PRESSURE DATA]
TOTAL FM JAN 1     0    HIGHEST SLP M ON M
DPTR FM NORMAL     0    LOWEST  SLP 29.39 ON 14

[REMARKS]
