000
CXUS53 KICT 230800
CF6ICT
PRELIMINARY LOCAL CLIMATOLOGICAL DATA (WS FORM: F-6)

                                          STATION:   WICHITA EISENHOWER NATIONAL
                                          MONTH:     AUGUST
                                          YEAR:      2019
                                          LATITUDE:   37 39 N
                                          LONGITUDE:  97 25 W

  TEMPERATURE IN F:       :PCPN:    SNOW:  WIND      :SUNSHINE: SKY     :PK WND
================================================================================
1   2   3   4   5  6A  6B    7    8   9   10  11  12  13   14  15   16   17  18
                                     12Z  AVG MX 2MIN
DY MAX MIN AVG DEP HDD CDD  WTR  SNW DPTH SPD SPD DIR MIN PSBL S-S WX    SPD DR
================================================================================

 1  91  73  82   1   0  17 0.18  0.0    0 14.8 23 150   M    M   7 3      32 140
 2  83  70  77  -4   0  12 0.11  0.0    0 14.8 33  90   M    M   8 13     46  80
 3  88  73  81   0   0  16 1.06  0.0    0  5.4 15 110   M    M   8 13     19 120
 4  88  71  80  -1   0  15 0.00  0.0    0  5.2 12 130   M    M   5        17 150
 5  93  70  82   1   0  17 0.00  0.0    0  5.8 12 130   M    M   5 1      14 190
 6  97  74  86   5   0  21 0.01  0.0    0  6.4 21 260   M    M   7 3      28 260
 7  90  74  82   1   0  17 0.00  0.0    0 12.4 25  60   M    M   4 3      33  50
 8  81  68  75  -6   0  10 0.52  0.0    0 10.2 29 120   M    M   6 13     38  90
 9  84  69  77  -4   0  12    T  0.0    0  5.3 10 130   M    M   7        14 130
10  89  74  82   1   0  17    T  0.0    0  7.7 15 140   M    M   8 1      18 150
11  95  77  86   5   0  21 0.00  0.0    0 12.1 21 340   M    M   5        30 340
12 101  74  88   7   0  23 0.04  0.0    0  8.4 23 260   M    M   5 3      30 270
13  94  71  83   2   0  18 0.11  0.0    0  7.7 30 330   M    M   5 13     41 330
14  91  65  78  -3   0  13 0.23  0.0    0  6.5 23  30   M    M   5 13     32  20
15  93  71  82   2   0  17 0.00  0.0    0 13.6 25 160   M    M   5        33 160
16  92  74  83   3   0  18 0.00  0.0    0 15.4 25 180   M    M   5 3      35 180
17  90  75  83   3   0  18 0.01  0.0    0 16.3 28 170   M    M   7 3      42  10
18  92  67  80   0   0  15 0.32  0.0    0  9.3 30 340   M    M   5 13     44 330
19  99  76  88   8   0  23 0.00  0.0    0 11.5 20 150   M    M   3        24 150
20 104  76  90  10   0  25 0.00  0.0    0 12.1 21 140   M    M   4        29 140
21  94  68  81   1   0  16 2.76  0.0    0  9.8 52 310   M    M   8 135    74 310
22  81  69  75  -5   0  10 0.04  0.0    0  7.0 18 120   M    M   8 3      23 120
================================================================================
SM 2010 1579         0 371  5.39     0.0 217.7          M      130
================================================================================
AV 91.4 71.8                               9.9 FASTST   M    M   6    MAX(MPH)
                                 MISC ---->  # 52 310               # 74  310
================================================================================
NOTES:
# LAST OF SEVERAL OCCURRENCES

COLUMN 17 PEAK WIND IN M.P.H.

PRELIMINARY LOCAL CLIMATOLOGICAL DATA (WS FORM: F-6) , PAGE 2

                                          STATION:  WICHITA EISENHOWER NATIONAL
                                          MONTH:    AUGUST
                                          YEAR:     2019
                                          LATITUDE:   37 39 N
                                          LONGITUDE:  97 25 W

[TEMPERATURE DATA]      [PRECIPITATION DATA]       SYMBOLS USED IN COLUMN 16

AVERAGE MONTHLY: 81.6   TOTAL FOR MONTH:   5.39    1 = FOG OR MIST
DPTR FM NORMAL:   0.9   DPTR FM NORMAL:    2.80    2 = FOG REDUCING VISIBILITY
HIGHEST:   104 ON 20    GRTST 24HR  2.76 ON 21-21      TO 1/4 MILE OR LESS
LOWEST:     65 ON 14                               3 = THUNDER
                        SNOW, ICE PELLETS, HAIL    4 = ICE PELLETS
                        TOTAL MONTH:   0.0 INCH    5 = HAIL
                        GRTST 24HR     0.0         6 = FREEZING RAIN OR DRIZZLE
                        GRTST DEPTH:   0           7 = DUSTSTORM OR SANDSTORM:
                                                       VSBY 1/2 MILE OR LESS
                                                   8 = SMOKE OR HAZE
[NO. OF DAYS WITH]      [WEATHER - DAYS WITH]      9 = BLOWING SNOW
                                                   X = TORNADO
MAX 32 OR BELOW:   0    0.01 INCH OR MORE:  12
MAX 90 OR ABOVE:  15    0.10 INCH OR MORE:   8
MIN 32 OR BELOW:   0    0.50 INCH OR MORE:   3
MIN  0 OR BELOW:   0    1.00 INCH OR MORE:   2

[HDD (BASE 65) ]
TOTAL THIS MO.     0    CLEAR  (SCALE 0-3)   0
DPTR FM NORMAL     0    PTCLDY (SCALE 4-7)  21
TOTAL FM JUL 1     0    CLOUDY (SCALE 8-10)  1
DPTR FM NORMAL     0

[CDD (BASE 65) ]
TOTAL THIS MO.   371
DPTR FM NORMAL    27    [PRESSURE DATA]
TOTAL FM JAN 1  1338    HIGHEST SLP M ON M
DPTR FM NORMAL    32    LOWEST  SLP 29.63 ON 17

[REMARKS]
