000
CXUS53 KICT 210800
CF6ICT
PRELIMINARY LOCAL CLIMATOLOGICAL DATA (WS FORM: F-6)

                                          STATION:   WICHITA EISENHOWER NATIONAL
                                          MONTH:     APRIL
                                          YEAR:      2019
                                          LATITUDE:   37 39 N
                                          LONGITUDE:  97 25 W

  TEMPERATURE IN F:       :PCPN:    SNOW:  WIND      :SUNSHINE: SKY     :PK WND
================================================================================
1   2   3   4   5  6A  6B    7    8   9   10  11  12  13   14  15   16   17  18
                                     12Z  AVG MX 2MIN
DY MAX MIN AVG DEP HDD CDD  WTR  SNW DPTH SPD SPD DIR MIN PSBL S-S WX    SPD DR
================================================================================

 1  57  33  45  -6  20   0 0.00  0.0    0 10.4 18 230   M    M   5        27 210
 2  61  34  48  -4  17   0 0.00  0.0    0  9.1 16  90   M    M   6 8      22  20
 3  70  46  58   6   7   0    T  0.0    0 17.2 32 170   M    M   7 8      41 180
 4  70  52  61   9   4   0 0.03  0.0    0  6.5 17 140   M    M   6 18     22 150
 5  74  43  59   6   6   0 0.00  0.0    0 11.0 21 160   M    M   5 12     28 170
 6  71  51  61   8   4   0 0.35  0.0    0 10.0 24 180   M    M   7 1238   32 160
 7  78  48  63  10   2   0 0.00  0.0    0  7.8 20 340   M    M   5 12     26 360
 8  83  46  65  11   0   0 0.00  0.0    0  4.9 16 280   M    M   2        22 270
 9  83  53  68  14   0   3 0.00  0.0    0 10.8 23 180   M    M   4        29 190
10  85  49  67  13   0   2 0.00  0.0    0 22.1 33 170   M    M   8        45 170
11  49  31  40 -15  25   0 0.00  0.0    0 19.7 30 290   M    M   8        41 300
12  58  31  45 -10  20   0 0.00  0.0    0  9.2 22 310   M    M   3        30 300
13  54  40  47  -8  18   0 0.00  0.0    0 15.5 25  40   M    M   8 8      32  50
14  64  38  51  -5  14   0 0.00  0.0    0  9.7 16  10   M    M   4        25  10
15  79  48  64   8   1   0 0.00  0.0    0 16.1 28 180   M    M   3        36 180
16  78  59  69  13   0   4 0.00  0.0    0 20.5 30 180   M    M   6        39 200
17  80  55  68  11   0   3 0.90  0.0    0 13.6 26 350   M    M   8 13     37 350
18  69  50  60   3   5   0 0.03  0.0    0 17.7 35 330   M    M   6 3      43 320
19  67  43  55  -2  10   0 0.00  0.0    0 12.0 24 340   M    M   2        33 360
20  79  40  60   2   5   0 0.00  0.0    0 12.7 23 190   M    M   0        30 180
================================================================================
SM 1409  890       158  12  1.31     0.0 256.5          M      103
================================================================================
AV 70.5 44.5                              12.8 FASTST   M    M   5    MAX(MPH)
                                 MISC ---->  # 35 330               # 45  170
================================================================================
NOTES:
# LAST OF SEVERAL OCCURRENCES

COLUMN 17 PEAK WIND IN M.P.H.

PRELIMINARY LOCAL CLIMATOLOGICAL DATA (WS FORM: F-6) , PAGE 2

                                          STATION:  WICHITA EISENHOWER NATIONAL
                                          MONTH:    APRIL
                                          YEAR:     2019
                                          LATITUDE:   37 39 N
                                          LONGITUDE:  97 25 W

[TEMPERATURE DATA]      [PRECIPITATION DATA]       SYMBOLS USED IN COLUMN 16

AVERAGE MONTHLY: 57.5   TOTAL FOR MONTH:   1.31    1 = FOG OR MIST
DPTR FM NORMAL:   3.0   DPTR FM NORMAL:   -0.25    2 = FOG REDUCING VISIBILITY
HIGHEST:    85 ON 10    GRTST 24HR  0.90 ON 17-17      TO 1/4 MILE OR LESS
LOWEST:     31 ON 12,11                            3 = THUNDER
                        SNOW, ICE PELLETS, HAIL    4 = ICE PELLETS
                        TOTAL MONTH:   0.0 INCH    5 = HAIL
                        GRTST 24HR     0.0         6 = FREEZING RAIN OR DRIZZLE
                        GRTST DEPTH:   0           7 = DUSTSTORM OR SANDSTORM:
                                                       VSBY 1/2 MILE OR LESS
                                                   8 = SMOKE OR HAZE
[NO. OF DAYS WITH]      [WEATHER - DAYS WITH]      9 = BLOWING SNOW
                                                   X = TORNADO
MAX 32 OR BELOW:   0    0.01 INCH OR MORE:   4
MAX 90 OR ABOVE:   0    0.10 INCH OR MORE:   2
MIN 32 OR BELOW:   2    0.50 INCH OR MORE:   1
MIN  0 OR BELOW:   0    1.00 INCH OR MORE:   0

[HDD (BASE 65) ]
TOTAL THIS MO.   158    CLEAR  (SCALE 0-3)   5
DPTR FM NORMAL   -65    PTCLDY (SCALE 4-7)  15
TOTAL FM JUL 1  4534    CLOUDY (SCALE 8-10)  0
DPTR FM NORMAL    94

[CDD (BASE 65) ]
TOTAL THIS MO.    12
DPTR FM NORMAL    -1    [PRESSURE DATA]
TOTAL FM JAN 1    12    HIGHEST SLP M ON M
DPTR FM NORMAL    -3    LOWEST  SLP 29.12 ON 10

[REMARKS]
