062
CXUS55 KPIH 251200
CF6IDA

PRELIMINARY LOCAL CLIMATOLOGICAL DATA (WS FORM: F-6)

                                          STATION:   IDAHO FALLS ID
                                          MONTH:     AUGUST
                                          YEAR:      2019
                                          LATITUDE:   43 31 N
                                          LONGITUDE: 112  4 W

  TEMPERATURE IN F:       :PCPN:    SNOW:  WIND      :SUNSHINE: SKY     :PK WND
================================================================================
1   2   3   4   5  6A  6B    7    8   9   10  11  12  13   14  15   16   17  18
                                     12Z  AVG MX 2MIN
DY MAX MIN AVG DEP HDD CDD  WTR  SNW DPTH SPD SPD DIR MIN PSBL S-S WX    SPD DR
================================================================================

 1  90  53  72   3   0   7 0.24    M    M  8.2 31 360   M    M   3 3      37 110
 2  91  50  71   2   0   6 0.00    M    M  6.8 24 190   M    M   0        32 180
 3  94  51  73   4   0   8 0.00    M    M  5.8 17 190   M    M   1        24 180
 4  94  57  76   7   0  11    T    M    M  7.0 22  40   M    M   2        27  20
 5  94  52  73   4   0   8    T    M    M  6.5 28 210   M    M   0 8      32 220
 6  93  50  72   3   0   7 0.00    M    M  6.1 23  10   M    M   2        27  20
 7  91  58  75   6   0  10    T    M    M  7.2 31 240   M    M   2 8      39 250
 8  81  52  67  -1   0   2 0.11    M    M  8.5 28 220   M    M   5 1      33 220
 9  83  54  69   1   0   4 0.00    M    M  7.5 20 220   M    M   3 13     25 210
10  89  50  70   2   0   5 0.03    M    M  7.3 25 200   M    M   1 3      31 200
11  79  52  66  -2   0   1 0.00    M    M 17.8 29 230   M    M   0        40 220
12  77  44  61  -7   4   0 0.00    M    M  8.4 17 200   M    M   0        22 200
13  86  40  63  -5   2   0 0.00    M    M  5.8 15 200   M    M   0 8      20 190
14  89  43  66  -2   0   1 0.00    M    M  8.5 24 200   M    M   1        32 200
15  88  46  67   0   0   2 0.00    M    M 10.4 30 220   M    M   1 8      39 230
16  83  45  64  -3   1   0 0.00    M    M  9.0 26 190   M    M   1        32 190
17  82  50  66  -1   0   1 0.00    M    M 16.2 29 220   M    M   1        40 220
18  88  48  68   1   0   3 0.00    M    M 11.5 28 210   M    M   0        35 210
19  93  45  69   2   0   4 0.00    M    M  7.5 18 220   M    M   0        23 230
20  94  46  70   4   0   5 0.00    M    M  4.3 10 220   M    M   2        15 160
21  94  43  69   3   0   4 0.00    M    M  5.5 14 240   M    M   1        19 220
22  75  49  62  -4   3   0    T    M    M 12.7 25 210   M    M   4        30 210
23  78  42  60  -6   5   0 0.00    M    M  3.8 14 180   M    M   0        17 160
24  88  45  67   2   0   2 0.00    M    M 11.8 28 220   M    M   1        39 240
================================================================================
SM 2094 1165        15  91  0.38    M    204.1          M       31
================================================================================
AV 87.3 48.5                               8.5 FASTST   M    M   1    MAX(MPH)
                                 MISC ---->  # 31 360               # 40  220
================================================================================
NOTES:
# LAST OF SEVERAL OCCURRENCES
PRECIPITATION SUSPECT DURING FREEZING/FROZEN EVENTS

COLUMN 17 PEAK WIND IN M.P.H.

PRELIMINARY LOCAL CLIMATOLOGICAL DATA (WS FORM: F-6) , PAGE 2

                                          STATION:  IDAHO FALLS ID
                                          MONTH:    AUGUST
                                          YEAR:     2019
                                          LATITUDE:   43 31 N
                                          LONGITUDE: 112  4 W

[TEMPERATURE DATA]      [PRECIPITATION DATA]       SYMBOLS USED IN COLUMN 16

AVERAGE MONTHLY: 67.9   TOTAL FOR MONTH:   0.38    1 = FOG OR MIST
DPTR FM NORMAL:   0.3   DPTR FM NORMAL:   -0.01    2 = FOG REDUCING VISIBILITY
HIGHEST:    94 ON 21,20 GRTST 24HR  0.24 ON  1- 1      TO 1/4 MILE OR LESS
LOWEST:     40 ON 13                               3 = THUNDER
                        SNOW, ICE PELLETS, HAIL    4 = ICE PELLETS
                        TOTAL MONTH:    M          5 = HAIL
                        GRTST 24HR    M  ON   M    6 = FREEZING RAIN OR DRIZZLE
                        GRTST DEPTH:  M  ON   M    7 = DUSTSTORM OR SANDSTORM:
                                                       VSBY 1/2 MILE OR LESS
                                                   8 = SMOKE OR HAZE
[NO. OF DAYS WITH]      [WEATHER - DAYS WITH]      9 = BLOWING SNOW
                                                   X = TORNADO
MAX 32 OR BELOW:   0    0.01 INCH OR MORE:   3
MAX 90 OR ABOVE:  10    0.10 INCH OR MORE:   2
MIN 32 OR BELOW:   0    0.50 INCH OR MORE:   0
MIN  0 OR BELOW:   0    1.00 INCH OR MORE:   0

[HDD (BASE 65) ]
TOTAL THIS MO.    15    CLEAR  (SCALE 0-3)  22
DPTR FM NORMAL    -4    PTCLDY (SCALE 4-7)   2
TOTAL FM JUL 1    31    CLOUDY (SCALE 8-10)  0
DPTR FM NORMAL   -15

[CDD (BASE 65) ]
TOTAL THIS MO.    91
DPTR FM NORMAL     9    [PRESSURE DATA]
TOTAL FM JAN 1   226    HIGHEST SLP M ON M
DPTR FM NORMAL   -11    LOWEST  SLP 29.66 ON 22

[REMARKS]
