000
CXUS55 KPIH 171200
CF6IDA

PRELIMINARY LOCAL CLIMATOLOGICAL DATA (WS FORM: F-6)

                                          STATION:   IDAHO FALLS ID
                                          MONTH:     FEBRUARY
                                          YEAR:      2019
                                          LATITUDE:   43 31 N
                                          LONGITUDE: 112  4 W

  TEMPERATURE IN F:       :PCPN:    SNOW:  WIND      :SUNSHINE: SKY     :PK WND
================================================================================
1   2   3   4   5  6A  6B    7    8   9   10  11  12  13   14  15   16   17  18
                                     12Z  AVG MX 2MIN
DY MAX MIN AVG DEP HDD CDD  WTR  SNW DPTH SPD SPD DIR MIN PSBL S-S WX    SPD DR
================================================================================

 1  32   3  18  -3  47   0 0.00    M    M  5.5 10 350   M    M   0 1      13 340
 2  40  16  28   7  37   0 0.12    M    M  4.5 12 200   M    M   8 1      16 200
 3  39  32  36  15  29   0 0.31    M    M 13.5 29 210   M    M  10 1      38 210
 4  40  31  36  15  29   0 0.18    M    M 10.9 20 200   M    M   7 1      27 240
 5  33  20  27   5  38   0    T    M    M 13.4 25 200   M    M   7 189    31 210
 6  22  13  18  -4  47   0    T    M    M  7.1 14 220   M    M   9 18     17 250
 7  19  -8   6 -16  59   0 0.04    M    M  6.1 20  10   M    M   6 1      25 360
 8  18  -4   7 -15  58   0    T    M    M  5.8  9 340   M    M   6        13 330
 9  25   7  16  -6  49   0 0.04    M    M  4.8 12 280   M    M   7 12     13 280
10  32  12  22  -1  43   0 0.03    M    M 12.9 21 210   M    M   8 18     29 200
11  26   4  15  -8  50   0    T    M    M 16.2 30 210   M    M   7 8      38 210
12  30   9  20  -3  45   0 0.00    M    M  6.2 15 190   M    M   4        19 240
13  35  25  30   7  35   0    T    M    M 17.2 29 210   M    M  10 189    36 210
14  40  32  36  12  29   0 0.29    M    M  8.0 20 210   M    M  10 1      26 190
15  40  27  34  10  31   0    T    M    M 15.4 29 260   M    M   4 1389   39 220
16  28  20  24   0  41   0    T    M    M 13.8 21 210   M    M   5 1      27 220
================================================================================
SM  499  239       667   0  1.01    M    161.3          M      108
================================================================================
AV 31.2 14.9                              10.1 FASTST   M    M   7    MAX(MPH)
                                 MISC ---->  # 30 210               # 39  220
================================================================================
NOTES:
# LAST OF SEVERAL OCCURRENCES
PRECIPITATION SUSPECT DURING FREEZING/FROZEN EVENTS

COLUMN 17 PEAK WIND IN M.P.H.

PRELIMINARY LOCAL CLIMATOLOGICAL DATA (WS FORM: F-6) , PAGE 2

                                          STATION:  IDAHO FALLS ID
                                          MONTH:    FEBRUARY
                                          YEAR:     2019
                                          LATITUDE:   43 31 N
                                          LONGITUDE: 112  4 W

[TEMPERATURE DATA]      [PRECIPITATION DATA]       SYMBOLS USED IN COLUMN 16

AVERAGE MONTHLY: 23.1   TOTAL FOR MONTH:   1.01    1 = FOG OR MIST
DPTR FM NORMAL:   0.7   DPTR FM NORMAL:    0.67    2 = FOG REDUCING VISIBILITY
HIGHEST:    40 ON 15,14 GRTST 24HR  0.31 ON  3- 3      TO 1/4 MILE OR LESS
LOWEST:     -8 ON  7                               3 = THUNDER
                        SNOW, ICE PELLETS, HAIL    4 = ICE PELLETS
                        TOTAL MONTH:    M          5 = HAIL
                        GRTST 24HR    M  ON   M    6 = FREEZING RAIN OR DRIZZLE
                        GRTST DEPTH:  M  ON   M    7 = DUSTSTORM OR SANDSTORM:
                                                       VSBY 1/2 MILE OR LESS
                                                   8 = SMOKE OR HAZE
[NO. OF DAYS WITH]      [WEATHER - DAYS WITH]      9 = BLOWING SNOW
                                                   X = TORNADO
MAX 32 OR BELOW:   9    0.01 INCH OR MORE:   7
MAX 90 OR ABOVE:   0    0.10 INCH OR MORE:   4
MIN 32 OR BELOW:  16    0.50 INCH OR MORE:   0
MIN  0 OR BELOW:   2    1.00 INCH OR MORE:   0

[HDD (BASE 65) ]
TOTAL THIS MO.   667    CLEAR  (SCALE 0-3)   1
DPTR FM NORMAL   -15    PTCLDY (SCALE 4-7)  10
TOTAL FM JUL 1  5359    CLOUDY (SCALE 8-10)  5
DPTR FM NORMAL    14

[CDD (BASE 65) ]
TOTAL THIS MO.     0
DPTR FM NORMAL     0    [PRESSURE DATA]
TOTAL FM JAN 1     0    HIGHEST SLP M ON M
DPTR FM NORMAL     0    LOWEST  SLP 29.33 ON  3

[REMARKS]
