000
CXUS53 KUNR 250945
CF6IEN
PRELIMINARY LOCAL CLIMATOLOGICAL DATA (WS FORM: F-6)

                                          STATION:   PINE RIDGE SD
                                          MONTH:     APRIL
                                          YEAR:      2019
                                          LATITUDE:   43  1 N
                                          LONGITUDE: 102 31 W

  TEMPERATURE IN F:       :PCPN:    SNOW:  WIND      :SUNSHINE: SKY     :PK WND
================================================================================
1   2   3   4   5  6A  6B    7    8   9   10  11  12  13   14  15   16   17  18
                                     12Z  AVG MX 2MIN
DY MAX MIN AVG DEP HDD CDD  WTR  SNW DPTH SPD SPD DIR MIN PSBL S-S WX    SPD DR
================================================================================

 1  47  25  36  -6  29   0 0.00    M    M  4.8 15  20   M    M   5        22  60
 2  58  25  42   0  23   0 0.00    M    M  6.2 14 180   M    M   5        21 270
 3  43  39  41  -1  24   0 0.16    M    M  9.7 18 100   M    M  10 18     26 110
 4  69  39  54  12  11   0 0.00    M    M  5.9 15 160   M    M   5 18     25 180
 5  76  33  55  12  10   0 0.00    M    M  4.8 22 160   M    M   2        34 150
 6  75  37  56  13   9   0    T    M    M  5.0 32 260   M    M   2        50 260
 7  73  36  55  12  10   0 0.02    M    M 10.4 24 250   M    M   1        34 340
 8  69  41  55  12  10   0 0.01    M    M  6.8 20  50   M    M   1        27  20
 9  74  36  55  11  10   0    T    M    M 12.5 33  80   M    M   2        46  80
10  40  22  31 -13  34   0 0.18    M    M 18.1 29  70   M    M   9 168    41  60
11  26  21  24 -20  41   0 0.05    M    M 18.6 29 340   M    M  10 1      41 350
12  34  22  28 -16  37   0    T    M    M  9.6 21 310   M    M   8 1      29 330
13  45   9  27 -18  38   0 0.00    M    M  5.8 16 180   M    M   0        23 180
14  62  32  47   2  18   0    T    M    M  7.4 18 250   M    M   1        27 260
15  62  36  49   4  16   0 0.00    M    M  6.5 14  80   M    M   3        18  10
16  71  38  55   9  10   0 0.41    M    M  9.4 22 170   M    M   5 3      32 140
17  62  34  48   2  17   0 0.00    M    M  8.9 20  20   M    M   6        27 350
18  61  29  45  -1  20   0    T    M    M 10.4 30  10   M    M   2        47 320
19  78  27  53   7  12   0 0.00    M    M  5.4 15 270   M    M   4        22 280
20  85  41  63  16   2   0 0.00    M    M  8.5 23 250   M    M   0        34 250
21  57  42  50   3  15   0 0.55    M    M 13.0 23  20   M    M   8 1      32  20
22  63  35  49   2  16   0 0.02    M    M  5.3 17  10   M    M   6        22  10
23  72  31  52   4  13   0 0.00    M    M  7.7 20 210   M    M   0        30 210
24  77  46  62  14   3   0 0.39    M    M  8.3 25  20   M    M   6 13     37  20
================================================================================
SM 1479  776       428   0  1.79    M    209.0          M      101
================================================================================
AV 61.6 32.3                               8.7 FASTST   M    M   4    MAX(MPH)
                                 MISC ---->  # 33  80               # 50  260
================================================================================
NOTES:
# LAST OF SEVERAL OCCURRENCES

COLUMN 17 PEAK WIND IN M.P.H.

PRELIMINARY LOCAL CLIMATOLOGICAL DATA (WS FORM: F-6) , PAGE 2

                                          STATION:  PINE RIDGE SD
                                          MONTH:    APRIL
                                          YEAR:     2019
                                          LATITUDE:   43  1 N
                                          LONGITUDE: 102 31 W

[TEMPERATURE DATA]      [PRECIPITATION DATA]       SYMBOLS USED IN COLUMN 16

AVERAGE MONTHLY: 47.0   TOTAL FOR MONTH:   1.79    1 = FOG OR MIST
DPTR FM NORMAL:   2.3   DPTR FM NORMAL:    0.33    2 = FOG REDUCING VISIBILITY
HIGHEST:    85 ON 20    GRTST 24HR  0.55 ON 21-21      TO 1/4 MILE OR LESS
LOWEST:      9 ON 13                               3 = THUNDER
                        SNOW, ICE PELLETS, HAIL    4 = ICE PELLETS
                        TOTAL MONTH:    M          5 = HAIL
                        GRTST 24HR    M  ON   M    6 = FREEZING RAIN OR DRIZZLE
                        GRTST DEPTH:  M  ON   M    7 = DUSTSTORM OR SANDSTORM:
                                                       VSBY 1/2 MILE OR LESS
                                                   8 = SMOKE OR HAZE
[NO. OF DAYS WITH]      [WEATHER - DAYS WITH]      9 = BLOWING SNOW
                                                   X = TORNADO
MAX 32 OR BELOW:   1    0.01 INCH OR MORE:   9
MAX 90 OR ABOVE:   0    0.10 INCH OR MORE:   5
MIN 32 OR BELOW:  10    0.50 INCH OR MORE:   1
MIN  0 OR BELOW:   0    1.00 INCH OR MORE:   0

[HDD (BASE 65) ]
TOTAL THIS MO.   428    CLEAR  (SCALE 0-3)  11
DPTR FM NORMAL   -60    PTCLDY (SCALE 4-7)  10
TOTAL FM JUL 1  6775    CLOUDY (SCALE 8-10)  3
DPTR FM NORMAL    49

[CDD (BASE 65) ]
TOTAL THIS MO.     0
DPTR FM NORMAL     0    [PRESSURE DATA]
TOTAL FM JAN 1     0    HIGHEST SLP M ON M
DPTR FM NORMAL     0    LOWEST  SLP 29.35 ON 20

[REMARKS]
