873
CXUS55 KVEF 190940
CF6IGM
PRELIMINARY LOCAL CLIMATOLOGICAL DATA (WS FORM: F-6)

                                          STATION:   KINGMAN AZ
                                          MONTH:     APRIL
                                          YEAR:      2019
                                          LATITUDE:   35 16 N
                                          LONGITUDE: 113 57 W

  TEMPERATURE IN F:       :PCPN:    SNOW:  WIND      :SUNSHINE: SKY     :PK WND
================================================================================
1   2   3   4   5  6A  6B    7    8   9   10  11  12  13   14  15   16   17  18
                                     12Z  AVG MX 2MIN
DY MAX MIN AVG DEP HDD CDD  WTR  SNW DPTH SPD SPD DIR MIN PSBL S-S WX    SPD DR
================================================================================

 1  72  38  55   0  10   0 0.00    M    M  7.9 16 240   M    M   0        22 220
 2  75  45  60   5   5   0 0.00    M    M 14.7 31 210   M    M   1        44 200
 3  70  42  56   1   9   0 0.00    M    M  9.5 22 230   M    M   0        25 230
 4  72  44  58   3   7   0 0.00    M    M 11.3 26 220   M    M   0        35 220
 5  70  47  59   3   6   0 0.00    M    M 13.5 29 230   M    M   0        35 220
 6  72  43  58   2   7   0    M    M    M  6.8 18 250   M    M   2        24 240
 7  80  38  59   3   6   0    M    M    M  5.8 16 360   M    M   0        19 340
 8  86  42  64   8   1   0    M    M    M  7.0 18 230   M    M   0        23 230
 9  80  51  66   9   0   1 0.00    M    M 18.0 37 240   M    M   1        46 240
10  64  42  53  -4  12   0 0.00    M    M 16.4 32 330   M    M   2        40 290
11  64  33  49  -8  16   0 0.00    M    M  6.0 18  20   M    M   1        25 340
12  61  38  50  -8  15   0 0.01    M    M  7.7 22 290   M    M   6        26 300
13  71  35  53  -5  12   0 0.00    M    0  6.5 14  10   M    M   M        18 360
14  77  41  59   1   6   0 0.00    M    M 12.2 26 210   M    M   0        38 220
15  77  52  65   7   0   0 0.00    M    M 13.0 29 210   M    M   0        37 210
16  63  47  55  -4  10   0 0.42    M    M 12.5 29 220   M    M   7 1      46 220
17  70  43  57  -2   8   0 0.00    M    M 10.6 22 330   M    M   1        28 340
18  82  44  63   4   2   0 0.00    M    M  6.2 13 110   M    M   0        16  10
================================================================================
SM 1306  765       132   1  0.43    M    185.6          M       21
================================================================================
AV 72.6 42.5                              10.3 FASTST   M    M   1    MAX(MPH)
                                 MISC ---->  # 37 240               # 46  240
================================================================================
NOTES:
# LAST OF SEVERAL OCCURRENCES

COLUMN 17 PEAK WIND IN M.P.H.

PRELIMINARY LOCAL CLIMATOLOGICAL DATA (WS FORM: F-6) , PAGE 2

                                          STATION:  KINGMAN AZ
                                          MONTH:    APRIL
                                          YEAR:     2019
                                          LATITUDE:   35 16 N
                                          LONGITUDE: 113 57 W

[TEMPERATURE DATA]      [PRECIPITATION DATA]       SYMBOLS USED IN COLUMN 16

AVERAGE MONTHLY: 57.5   TOTAL FOR MONTH:   0.43    1 = FOG OR MIST
DPTR FM NORMAL:   0.6   DPTR FM NORMAL:    0.13    2 = FOG REDUCING VISIBILITY
HIGHEST:    86 ON  8    GRTST 24HR  0.42 ON 16-16      TO 1/4 MILE OR LESS
LOWEST:     33 ON 11                               3 = THUNDER
                        SNOW, ICE PELLETS, HAIL    4 = ICE PELLETS
                        TOTAL MONTH:    M          5 = HAIL
                        GRTST 24HR    M  ON   M    6 = FREEZING RAIN OR DRIZZLE
                        GRTST DEPTH:   0           7 = DUSTSTORM OR SANDSTORM:
                                                       VSBY 1/2 MILE OR LESS
                                                   8 = SMOKE OR HAZE
[NO. OF DAYS WITH]      [WEATHER - DAYS WITH]      9 = BLOWING SNOW
                                                   X = TORNADO
MAX 32 OR BELOW:   0    0.01 INCH OR MORE:   2
MAX 90 OR ABOVE:   0    0.10 INCH OR MORE:   1
MIN 32 OR BELOW:   0    0.50 INCH OR MORE:   0
MIN  0 OR BELOW:   0    1.00 INCH OR MORE:   0

[HDD (BASE 65) ]
TOTAL THIS MO.   132    CLEAR  (SCALE 0-3)  15
DPTR FM NORMAL   -23    PTCLDY (SCALE 4-7)   2
TOTAL FM JUL 1  2995    CLOUDY (SCALE 8-10)  0
DPTR FM NORMAL     9

[CDD (BASE 65) ]
TOTAL THIS MO.     1
DPTR FM NORMAL   -10    [PRESSURE DATA]
TOTAL FM JAN 1     1    HIGHEST SLP M ON M
DPTR FM NORMAL   -13    LOWEST  SLP 29.53 ON  9

[REMARKS]
