000
CXUS55 KEAX 180736
CF6IRK
PRELIMINARY LOCAL CLIMATOLOGICAL DATA (WS FORM: F-6)

                                          STATION:   KIRKSVILLE MO
                                          MONTH:     AUGUST
                                          YEAR:      2019
                                          LATITUDE:   40  5 N
                                          LONGITUDE:  92 33 W

  TEMPERATURE IN F:       :PCPN:    SNOW:  WIND      :SUNSHINE: SKY     :PK WND
================================================================================
1   2   3   4   5  6A  6B    7    8   9   10  11  12  13   14  15   16   17  18
                                     12Z  AVG MX 2MIN
DY MAX MIN AVG DEP HDD CDD  WTR  SNW DPTH SPD SPD DIR MIN PSBL S-S WX    SPD DR
================================================================================

 1  83  62  73  -3   0   8 0.00    M    M  5.9 12  90   M    M   1 1      18  60
 2  84  56  70  -6   0   5 0.00    M    M  4.9 15  90   M    M   1        22 100
 3  87  63  75  -1   0  10 0.00    M    M  5.2 16  90   M    M   1 1      22  70
 4  88  58  73  -2   0   8 0.00    M    M  2.1  9 150   M    M   0 128    12 140
 5  88  61  75   0   0  10 0.00    M    M  3.6 12 270   M    M   1 1      17 260
 6  88  64  76   1   0  11 0.00    M    M  5.4 16 310   M    M   3 1      24 350
 7  88  61  75   0   0  10 0.00    M    M  4.4 14 210   M    M   0 1      20 230
 8  89  64  77   2   0  12 0.00    M    M  5.1 12 280   M    M   2 1      18 310
 9  89  65  77   2   0  12 0.00    M    M  5.1  9  20   M    M   2        15  30
10  90  62  76   1   0  11 0.00    M    M  7.3 16 160   M    M   1        21 140
11  81  71  76   1   0  11 0.16    M    M  4.6 13 260   M    M   6 1      20 260
12  92  71  82   7   0  17 0.11    M    M  8.5 17 180   M    M   4 13     26 230
13  91  66  79   4   0  14 0.00    M    M  7.3 17 330   M    M   2 1      24 320
14  82  60  71  -3   0   6 0.00    M    M  7.1 17 300   M    M   1 1      30 330
15  82  56  69  -5   0   4 0.00    M    M  4.3 14 140   M    M   2 12     17 140
16  85  64  75   1   0  10 0.00    M    M  6.3 16 240   M    M   5        27 260
17  85  68  77   3   0  12 0.42    M    M  7.0 17 170   M    M   0 13     32 250
================================================================================
SM 1472 1072         0 171  0.69    M     94.1          M       32
================================================================================
AV 86.6 63.1                               5.5 FASTST   M    M   2    MAX(MPH)
                                 MISC ---->  # 17 180               # 32  250
================================================================================
NOTES:
# LAST OF SEVERAL OCCURRENCES

COLUMN 17 PEAK WIND IN M.P.H.

PRELIMINARY LOCAL CLIMATOLOGICAL DATA (WS FORM: F-6) , PAGE 2

                                          STATION:  KIRKSVILLE MO
                                          MONTH:    AUGUST
                                          YEAR:     2019
                                          LATITUDE:   40  5 N
                                          LONGITUDE:  92 33 W

[TEMPERATURE DATA]      [PRECIPITATION DATA]       SYMBOLS USED IN COLUMN 16

AVERAGE MONTHLY: 74.8   TOTAL FOR MONTH:   0.69    1 = FOG OR MIST
DPTR FM NORMAL:  -0.1   DPTR FM NORMAL:   -1.24    2 = FOG REDUCING VISIBILITY
HIGHEST:    92 ON 12    GRTST 24HR  0.42 ON 17-17      TO 1/4 MILE OR LESS
LOWEST:     56 ON 15, 2                            3 = THUNDER
                        SNOW, ICE PELLETS, HAIL    4 = ICE PELLETS
                        TOTAL MONTH:    M          5 = HAIL
                        GRTST 24HR    M  ON   M    6 = FREEZING RAIN OR DRIZZLE
                        GRTST DEPTH:  M  ON   M    7 = DUSTSTORM OR SANDSTORM:
                                                       VSBY 1/2 MILE OR LESS
                                                   8 = SMOKE OR HAZE
[NO. OF DAYS WITH]      [WEATHER - DAYS WITH]      9 = BLOWING SNOW
                                                   X = TORNADO
MAX 32 OR BELOW:   0    0.01 INCH OR MORE:   3
MAX 90 OR ABOVE:   3    0.10 INCH OR MORE:   3
MIN 32 OR BELOW:   0    0.50 INCH OR MORE:   0
MIN  0 OR BELOW:   0    1.00 INCH OR MORE:   0

[HDD (BASE 65) ]
TOTAL THIS MO.     0    CLEAR  (SCALE 0-3)  14
DPTR FM NORMAL     0    PTCLDY (SCALE 4-7)   3
TOTAL FM JUL 1     0    CLOUDY (SCALE 8-10)  0
DPTR FM NORMAL    -1

[CDD (BASE 65) ]
TOTAL THIS MO.   171
DPTR FM NORMAL     3    [PRESSURE DATA]
TOTAL FM JAN 1   867    HIGHEST SLP  0.00 ON M
DPTR FM NORMAL   132    LOWEST  SLP  0.00 ON M

[REMARKS]
