000
CXUS53 KBIS 220803
CF6ISN
PRELIMINARY LOCAL CLIMATOLOGICAL DATA (WS FORM: F-6)

                                          STATION:   WILLISTON ND
                                          MONTH:     AUGUST
                                          YEAR:      2019
                                          LATITUDE:   48 10 N
                                          LONGITUDE: 103 38 W

  TEMPERATURE IN F:       :PCPN:    SNOW:  WIND      :SUNSHINE: SKY     :PK WND
================================================================================
1   2   3   4   5  6A  6B    7    8   9   10  11  12  13   14  15   16   17  18
                                     12Z  AVG MX 2MIN
DY MAX MIN AVG DEP HDD CDD  WTR  SNW DPTH SPD SPD DIR MIN PSBL S-S WX    SPD DR
================================================================================

 1  84  61  73   1   0   8 0.22    M    M  6.8 29  90   M    M   3 13     42 100
 2  93  60  77   5   0  12    T    M    M  8.0 17 120   M    M   1        23 120
 3  96  70  83  11   0  18 0.00    M    M  6.4 16 230   M    M   1        23 210
 4  89  60  75   4   0  10 0.10    M    M  8.3 16  40   M    M   0        24 360
 5  85  57  71   0   0   6 0.20    M    M  6.0 22  60   M    M   2 13     32 330
 6  91  55  73   2   0   8 0.02    M    M  7.9 21 330   M    M   1        32 350
 7  76  52  64  -7   1   0 0.01    M    M  7.5 17 330   M    M   3        24 340
 8  82  47  65  -6   0   0 0.00    M    M  5.0 12  70   M    M   2        16 150
 9  86  63  75   4   0  10    T    M    M  7.6 14 110   M    M   1        20 100
10  79  60  70  -1   0   5 0.65    M    M 10.4 20  20   M    M   6 13     38  10
11  74  58  66  -5   0   1    T    M    M  9.8 17 110   M    M   9        32 120
12  78  55  67  -3   0   2 0.27    M    M 11.5 35 260   M    M   6 13     50 270
13  69  51  60 -10   5   0    T    M    M  8.2 20 340   M    M   9 1      33 350
14  79  47  63  -7   2   0 0.11    M    M  6.7 30 310   M    M   1 13     50 300
15  80  56  68  -2   0   3 0.27    M    M  5.0 18 340   M    M   4 13     23 350
16  88  55  72   2   0   7 0.00    M    M  8.9 20 240   M    M   2        33 210
17  65  51  58 -11   7   0 0.03    M    M 10.1 18 290   M    M   6        30 280
18  79  47  63  -6   2   0 0.00    M    M  9.0 16 190   M    M   1        22 160
19  93  49  71   2   0   6 0.00    M    M  7.9 20 300   M    M   1        29 360
20  77  52  65  -3   0   0 0.00    M    M  8.4 20 360   M    M   0        33 360
21  80  46  63  -5   2   0 0.00    M    M  6.0 13 110   M    M   0        18 100
================================================================================
SM 1723 1152        19  96  1.88    M    165.4          M       59
================================================================================
AV 82.1 54.9                               7.9 FASTST   M    M   3    MAX(MPH)
                                 MISC ---->  # 35 260               # 50  270
================================================================================
NOTES:
# LAST OF SEVERAL OCCURRENCES

COLUMN 17 PEAK WIND IN M.P.H.

PRELIMINARY LOCAL CLIMATOLOGICAL DATA (WS FORM: F-6) , PAGE 2

                                          STATION:  WILLISTON ND
                                          MONTH:    AUGUST
                                          YEAR:     2019
                                          LATITUDE:   48 10 N
                                          LONGITUDE: 103 38 W

[TEMPERATURE DATA]      [PRECIPITATION DATA]       SYMBOLS USED IN COLUMN 16

AVERAGE MONTHLY: 68.5   TOTAL FOR MONTH:   1.88    1 = FOG OR MIST
DPTR FM NORMAL:  -1.9   DPTR FM NORMAL:    0.88    2 = FOG REDUCING VISIBILITY
HIGHEST:    96 ON  3    GRTST 24HR  0.65 ON 10-10      TO 1/4 MILE OR LESS
LOWEST:     46 ON 21                               3 = THUNDER
                        SNOW, ICE PELLETS, HAIL    4 = ICE PELLETS
                        TOTAL MONTH:    M          5 = HAIL
                        GRTST 24HR    M  ON   M    6 = FREEZING RAIN OR DRIZZLE
                        GRTST DEPTH:  M  ON   M    7 = DUSTSTORM OR SANDSTORM:
                                                       VSBY 1/2 MILE OR LESS
                                                   8 = SMOKE OR HAZE
[NO. OF DAYS WITH]      [WEATHER - DAYS WITH]      9 = BLOWING SNOW
                                                   X = TORNADO
MAX 32 OR BELOW:   0    0.01 INCH OR MORE:  10
MAX 90 OR ABOVE:   4    0.10 INCH OR MORE:   7
MIN 32 OR BELOW:   0    0.50 INCH OR MORE:   1
MIN  0 OR BELOW:   0    1.00 INCH OR MORE:   0

[HDD (BASE 65) ]
TOTAL THIS MO.    19    CLEAR  (SCALE 0-3)  15
DPTR FM NORMAL    -4    PTCLDY (SCALE 4-7)   4
TOTAL FM JUL 1    34    CLOUDY (SCALE 8-10)  2
DPTR FM NORMAL   -13

[CDD (BASE 65) ]
TOTAL THIS MO.    96
DPTR FM NORMAL   -35    [PRESSURE DATA]
TOTAL FM JAN 1   340    HIGHEST SLP  0.00 ON 11
DPTR FM NORMAL   -54    LOWEST  SLP 29.67 ON 17

[REMARKS]
