000
CXUS53 KBIS 210803
CF6ISN
PRELIMINARY LOCAL CLIMATOLOGICAL DATA (WS FORM: F-6)

                                          STATION:   WILLISTON ND
                                          MONTH:     APRIL
                                          YEAR:      2019
                                          LATITUDE:   48 10 N
                                          LONGITUDE: 103 38 W

  TEMPERATURE IN F:       :PCPN:    SNOW:  WIND      :SUNSHINE: SKY     :PK WND
================================================================================
1   2   3   4   5  6A  6B    7    8   9   10  11  12  13   14  15   16   17  18
                                     12Z  AVG MX 2MIN
DY MAX MIN AVG DEP HDD CDD  WTR  SNW DPTH SPD SPD DIR MIN PSBL S-S WX    SPD DR
================================================================================

 1  48  23  36  -1  29   0    T    M    M  8.2 28 290   M    M   6        44 290
 2  49  23  36  -2  29   0    T    M    M 13.7 26 270   M    M   5        44 340
 3  55  16  36  -2  29   0 0.00    M    M  9.2 23 150   M    M   2        37 150
 4  68  37  53  15  12   0 0.07    M    M 11.4 23 270   M    M   4 1      36 270
 5  52  31  42   3  23   0 0.00    M    M 10.2 18 100   M    M   7 1      32 120
 6  51  36  44   5  21   0 0.06    M    M  8.6 16 110   M    M   8 12     21 100
 7  65  35  50  10  15   0 0.02    M    M  9.8 23 260   M    M   4 12     36 290
 8  64  33  49   9  16   0 0.00    M    M  9.2 21 320   M    M   1        35 330
 9  46  30  38  -3  27   0 0.00    M    M  9.5 18  90   M    M   1        31 110
10  36  25  31 -10  34   0 0.00    M    M 11.1 20  70   M    M   8        26  70
11  45  25  35  -7  30   0 0.00    M    M 11.8 21  60   M    M   2        30  40
12  51  26  39  -3  26   0 0.00    M    M 12.9 24 340   M    M   1        39  20
13  57  18  38  -4  27   0 0.00    M    M  5.9 18 170   M    M   0        33 170
14  64  35  50   7  15   0    T    M    M 11.0 23 260   M    M   8        37 270
15  61  34  48   5  17   0 0.00    M    M 10.7 23 270   M    M   3        35 290
16  62  24  43  -1  22   0 0.00    M    M  3.5 22 160   M    M   4 8      38 150
17  59  35  47   3  18   0 0.18    M    M  5.8 17 290   M    M   7 1      23 320
18  64  29  47   2  18   0 0.00    M    M  6.2 20 320   M    M   2 12     35 330
19  80  34  57  12   8   0    T    M    M 10.5 24 260   M    M   3        39 280
20  64  44  54   9  11   0 0.01    M    M  8.7 24 320   M    M   5        44 320
================================================================================
SM 1141  593       427   0  0.34    M    187.9          M       81
================================================================================
AV 57.1 29.7                               9.4 FASTST   M    M   4    MAX(MPH)
                                 MISC ---->  # 28 290               # 44  290
================================================================================
NOTES:
# LAST OF SEVERAL OCCURRENCES

COLUMN 17 PEAK WIND IN M.P.H.

PRELIMINARY LOCAL CLIMATOLOGICAL DATA (WS FORM: F-6) , PAGE 2

                                          STATION:  WILLISTON ND
                                          MONTH:    APRIL
                                          YEAR:     2019
                                          LATITUDE:   48 10 N
                                          LONGITUDE: 103 38 W

[TEMPERATURE DATA]      [PRECIPITATION DATA]       SYMBOLS USED IN COLUMN 16

AVERAGE MONTHLY: 43.4   TOTAL FOR MONTH:   0.34    1 = FOG OR MIST
DPTR FM NORMAL:   2.0   DPTR FM NORMAL:   -0.25    2 = FOG REDUCING VISIBILITY
HIGHEST:    80 ON 19    GRTST 24HR  0.18 ON 17-17      TO 1/4 MILE OR LESS
LOWEST:     16 ON  3                               3 = THUNDER
                        SNOW, ICE PELLETS, HAIL    4 = ICE PELLETS
                        TOTAL MONTH:    M          5 = HAIL
                        GRTST 24HR    M  ON   M    6 = FREEZING RAIN OR DRIZZLE
                        GRTST DEPTH:  M  ON   M    7 = DUSTSTORM OR SANDSTORM:
                                                       VSBY 1/2 MILE OR LESS
                                                   8 = SMOKE OR HAZE
[NO. OF DAYS WITH]      [WEATHER - DAYS WITH]      9 = BLOWING SNOW
                                                   X = TORNADO
MAX 32 OR BELOW:   0    0.01 INCH OR MORE:   5
MAX 90 OR ABOVE:   0    0.10 INCH OR MORE:   1
MIN 32 OR BELOW:  11    0.50 INCH OR MORE:   0
MIN  0 OR BELOW:   0    1.00 INCH OR MORE:   0

[HDD (BASE 65) ]
TOTAL THIS MO.   427    CLEAR  (SCALE 0-3)   8
DPTR FM NORMAL   -47    PTCLDY (SCALE 4-7)  12
TOTAL FM JUL 1  8689    CLOUDY (SCALE 8-10)  0
DPTR FM NORMAL   340

[CDD (BASE 65) ]
TOTAL THIS MO.     0
DPTR FM NORMAL     0    [PRESSURE DATA]
TOTAL FM JAN 1     0    HIGHEST SLP M ON M
DPTR FM NORMAL     0    LOWEST  SLP 29.60 ON 20

[REMARKS]
