000
CXUS51 KOKX 210703
CF6ISP
PRELIMINARY LOCAL CLIMATOLOGICAL DATA (WS FORM: F-6)

                                          STATION:   ISLIP NY
                                          MONTH:     APRIL
                                          YEAR:      2019
                                          LATITUDE:   40 47 N
                                          LONGITUDE:  73  6 W

  TEMPERATURE IN F:       :PCPN:    SNOW:  WIND      :SUNSHINE: SKY     :PK WND
================================================================================
1   2   3   4   5  6A  6B    7    8   9   10  11  12  13   14  15   16   17  18
                                     12Z  AVG MX 2MIN
DY MAX MIN AVG DEP HDD CDD  WTR  SNW DPTH SPD SPD DIR MIN PSBL S-S WX    SPD DR
================================================================================

 1  46  28  37  -7  28   0 0.00  0.0    0 12.7 25 310   M    M   2        33 280
 2  48  26  37  -8  28   0 0.07  0.0    0  9.6 20 130   M    M   7        26 120
 3  66  39  53   8  12   0 0.03  0.0    0 17.0 32 260   M    M   4        44 280
 4  58  40  49   4  16   0 0.00  0.0    0 12.6 25 290   M    M   5        31 270
 5  44  35  40  -6  25   0 0.29    T    0  9.3 21 360   M    M   8 14     26  20
 6  66  41  54   8  11   0 0.08  0.0    0  5.2 13 350   M    M   5 1      18 330
 7  60  38  49   3  16   0 0.00  0.0    0  7.1 16 190   M    M   6 1      20 200
 8  70  44  57  10   8   0 0.29  0.0    0  8.4 17 190   M    M  10 18     23 200
 9  49  40  45  -2  20   0 0.07  0.0    0  7.8 21 130   M    M  10 12     24 130
10  60  38  49   2  16   0 0.00  0.0    0 11.7 23 310   M    M   4 1      28 340
11  49  36  43  -5  22   0 0.00  0.0    0  6.0 12  20   M    M   8         M  M
12  63  44  54   6  11   0 0.21  0.0    0 11.8 22 190   M    M  10 1      28 180
13  66  53  60  12   5   0 0.70  0.0    0  8.9 22 210   M    M   9 18     30 220
14  64  51  58   9   7   0 0.04  0.0    0  7.0 20 180   M    M  10 12     27 180
15  63  44  54   5  11   0 0.75  0.0    0 16.8 32 280   M    M   8 13     42 210
16  63  42  53   4  12   0    T  0.0    0 14.4 21 310   M    M   3        27 300
17  58  46  52   2  13   0 0.02  0.0    0  7.7 15 140   M    M   7        20 130
18  59  49  54   4  11   0    T  0.0    0 15.0 23 120   M    M   9 1      30 130
19  67  55  61  11   4   0    T  0.0    0 17.1 26 210   M    M   9 1      36 200
20  63  56  60   9   5   0 0.61  0.0    0 15.3 28 170   M    M  10 12     41 160
================================================================================
SM 1182  845       281   0  3.16    T    221.4          M      144
================================================================================
AV 59.1 42.3                              11.1 FASTST   M    M   7    MAX(MPH)
                                 MISC ---->  # 32 260               # 44  280
================================================================================
NOTES:
# LAST OF SEVERAL OCCURRENCES

COLUMN 17 PEAK WIND IN M.P.H.

PRELIMINARY LOCAL CLIMATOLOGICAL DATA (WS FORM: F-6) , PAGE 2

                                          STATION:  ISLIP NY
                                          MONTH:    APRIL
                                          YEAR:     2019
                                          LATITUDE:   40 47 N
                                          LONGITUDE:  73  6 W

[TEMPERATURE DATA]      [PRECIPITATION DATA]       SYMBOLS USED IN COLUMN 16

AVERAGE MONTHLY: 50.7   TOTAL FOR MONTH:   3.16    1 = FOG OR MIST
DPTR FM NORMAL:   3.2   DPTR FM NORMAL:    0.20    2 = FOG REDUCING VISIBILITY
HIGHEST:    70 ON  8    GRTST 24HR  0.75 ON 15-15      TO 1/4 MILE OR LESS
LOWEST:     26 ON  2                               3 = THUNDER
                        SNOW, ICE PELLETS, HAIL    4 = ICE PELLETS
                        TOTAL MONTH:    T          5 = HAIL
                        GRTST 24HR    T  ON  5- 5  6 = FREEZING RAIN OR DRIZZLE
                        GRTST DEPTH:   0           7 = DUSTSTORM OR SANDSTORM:
                                                       VSBY 1/2 MILE OR LESS
                                                   8 = SMOKE OR HAZE
[NO. OF DAYS WITH]      [WEATHER - DAYS WITH]      9 = BLOWING SNOW
                                                   X = TORNADO
MAX 32 OR BELOW:   0    0.01 INCH OR MORE:  12
MAX 90 OR ABOVE:   0    0.10 INCH OR MORE:   6
MIN 32 OR BELOW:   2    0.50 INCH OR MORE:   3
MIN  0 OR BELOW:   0    1.00 INCH OR MORE:   0

[HDD (BASE 65) ]
TOTAL THIS MO.   281    CLEAR  (SCALE 0-3)   2
DPTR FM NORMAL   -69    PTCLDY (SCALE 4-7)   9
TOTAL FM JUL 1  4772    CLOUDY (SCALE 8-10)  9
DPTR FM NORMAL  -270

[CDD (BASE 65) ]
TOTAL THIS MO.     0
DPTR FM NORMAL     0    [PRESSURE DATA]
TOTAL FM JAN 1     0    HIGHEST SLP M ON M
DPTR FM NORMAL     0    LOWEST  SLP 29.29 ON 15

[REMARKS]
