000
CXUS51 KOKX 220702
CF6ISP
PRELIMINARY LOCAL CLIMATOLOGICAL DATA (WS FORM: F-6)

                                          STATION:   ISLIP NY
                                          MONTH:     AUGUST
                                          YEAR:      2019
                                          LATITUDE:   40 47 N
                                          LONGITUDE:  73  6 W

  TEMPERATURE IN F:       :PCPN:    SNOW:  WIND      :SUNSHINE: SKY     :PK WND
================================================================================
1   2   3   4   5  6A  6B    7    8   9   10  11  12  13   14  15   16   17  18
                                     12Z  AVG MX 2MIN
DY MAX MIN AVG DEP HDD CDD  WTR  SNW DPTH SPD SPD DIR MIN PSBL S-S WX    SPD DR
================================================================================

 1  88  70  79   5   0  14 0.00  0.0    0  5.9 13 360   M    M   5        16 360
 2  81  68  75   1   0  10 0.00  0.0    0  6.0 13 200   M    M   7        16 160
 3  84  70  77   3   0  12 0.00  0.0    0  7.8 15 160   M    M   5        20 160
 4  88  69  79   5   0  14 0.00  0.0    0  6.3 15 320   M    M   5        18 340
 5  81  68  75   1   0  10 0.00  0.0    0  7.1 14  40   M    M   7        18  30
 6  80  68  74   0   0   9 0.03  0.0    0  4.2 12 120   M    M   7 12     16 120
 7  84  69  77   3   0  12 0.85  0.0    0 10.0 21 260   M    M   7 13     30 160
 8  83  67  75   1   0  10    T  0.0    0  8.0 17 230   M    M   4 13     22 220
 9  85  66  76   2   0  11    T  0.0    0  7.1 15 190   M    M   4        18 220
10  83  61  72  -2   0   7 0.00  0.0    0  9.3 21 290   M    M   3        27 290
11  80  58  69  -5   0   4 0.00  0.0    0  7.0 17 220   M    M   3        23 210
12  86  60  73  -1   0   8 0.00  0.0    0  8.6 21 220   M    M   4        26 220
13  76  72  74   1   0   9 0.32  0.0    0  6.3 15 210   M    M   8 1      19 220
14  81  70  76   3   0  11 0.00  0.0    0  4.8 13  40   M    M   9 12     15  40
15  82  66  74   1   0   9 0.00  0.0    0  7.4 18 150   M    M   4        21 140
16  79  65  72  -1   0   7 0.00  0.0    0  6.9 14 130   M    M   7        17 130
17  82  71  77   4   0  12 0.37  0.0    0  5.2 14 350   M    M   9 1      18 360
18  87  70  79   6   0  14 0.33  0.0    0  5.9 23 340   M    M   8 13     28 330
19  86  72  79   6   0  14 0.29  0.0    0  6.7 37 230   M    M   5 13     50 220
20  88  71  80   7   0  15 0.00  0.0    0  5.6 14  20   M    M   5        17  10
21  85  72  79   7   0  14 0.28  0.0    0 10.7 29 240   M    M   8 13     37 250
================================================================================
SM 1749 1423         0 226  2.47     0.0 146.8          M      124
================================================================================
AV 83.3 67.8                               7.0 FASTST   M    M   6    MAX(MPH)
                                 MISC ---->  # 37 230               # 50  220
================================================================================
NOTES:
# LAST OF SEVERAL OCCURRENCES

COLUMN 17 PEAK WIND IN M.P.H.

PRELIMINARY LOCAL CLIMATOLOGICAL DATA (WS FORM: F-6) , PAGE 2

                                          STATION:  ISLIP NY
                                          MONTH:    AUGUST
                                          YEAR:     2019
                                          LATITUDE:   40 47 N
                                          LONGITUDE:  73  6 W

[TEMPERATURE DATA]      [PRECIPITATION DATA]       SYMBOLS USED IN COLUMN 16

AVERAGE MONTHLY: 75.5   TOTAL FOR MONTH:   2.47    1 = FOG OR MIST
DPTR FM NORMAL:   2.0   DPTR FM NORMAL:   -0.28    2 = FOG REDUCING VISIBILITY
HIGHEST:    88 ON 20, 4 GRTST 24HR  0.85 ON  7- 7      TO 1/4 MILE OR LESS
LOWEST:     58 ON 11                               3 = THUNDER
                        SNOW, ICE PELLETS, HAIL    4 = ICE PELLETS
                        TOTAL MONTH:   0.0 INCH    5 = HAIL
                        GRTST 24HR     0.0         6 = FREEZING RAIN OR DRIZZLE
                        GRTST DEPTH:   0           7 = DUSTSTORM OR SANDSTORM:
                                                       VSBY 1/2 MILE OR LESS
                                                   8 = SMOKE OR HAZE
[NO. OF DAYS WITH]      [WEATHER - DAYS WITH]      9 = BLOWING SNOW
                                                   X = TORNADO
MAX 32 OR BELOW:   0    0.01 INCH OR MORE:   7
MAX 90 OR ABOVE:   0    0.10 INCH OR MORE:   6
MIN 32 OR BELOW:   0    0.50 INCH OR MORE:   1
MIN  0 OR BELOW:   0    1.00 INCH OR MORE:   0

[HDD (BASE 65) ]
TOTAL THIS MO.     0    CLEAR  (SCALE 0-3)   2
DPTR FM NORMAL     0    PTCLDY (SCALE 4-7)  16
TOTAL FM JUL 1     0    CLOUDY (SCALE 8-10)  3
DPTR FM NORMAL    -2

[CDD (BASE 65) ]
TOTAL THIS MO.   226
DPTR FM NORMAL    46    [PRESSURE DATA]
TOTAL FM JAN 1   826    HIGHEST SLP M ON M
DPTR FM NORMAL   206    LOWEST  SLP 29.67 ON  8

[REMARKS]
