000
CXUS53 KGRB 180916
CF6ISW
PRELIMINARY LOCAL CLIMATOLOGICAL DATA (WS FORM: F-6)

                                          STATION:   WISCONSIN RAPIDS ASOS
                                          MONTH:     APRIL
                                          YEAR:      2019
                                          LATITUDE:   44 22 N
                                          LONGITUDE:  89 50 W

  TEMPERATURE IN F:       :PCPN:    SNOW:  WIND      :SUNSHINE: SKY     :PK WND
================================================================================
1   2   3   4   5  6A  6B    7    8   9   10  11  12  13   14  15   16   17  18
                                     12Z  AVG MX 2MIN
DY MAX MIN AVG DEP HDD CDD  WTR  SNW DPTH SPD SPD DIR MIN PSBL S-S WX    SPD DR
================================================================================

 1  48  23  36  -2  29   0    T    T    0  7.5 17 200   M    M   9        26 170
 2  52  31  42   3  23   0    M    M    0 10.1 32 270   M    M   5 18     48 250
 3  54  28  41   2  24   0 0.00  0.0    0  8.5 22 290   M    M   3        34 300
 4  47  27  37  -3  28   0    M    M    M 10.5 20 120   M    M   5        29 110
 5  55  33  44   4  21   0    M    M    M  3.1 10 120   M    M   9 18     15 140
 6  52  36  44   3  21   0 0.08  0.0    0  5.5 15 100   M    M   8 18     20 100
 7  59  48  54  13  11   0 0.29  0.0    0  5.7 13 300   M    M   7 128    20 300
 8  75  39  57  15   8   0    T  0.0    0 10.2 28 330   M    M   2 128    39 280
 9  60  30  45   3  20   0 0.00  0.0    0 12.5 26 310   M    M   2        39 300
10  36  29  33 -10  32   0    M    M    M 12.5 23  80   M    M   9        35  90
11  33  27  30 -13  35   0 1.32    M    M 18.2 33  80   M    M  10 16     46 100
12  36  33  35  -9  30   0    M    M    M 14.0 26 220   M    M  10 18     40 230
13  36  32  34 -10  31   0 0.00  0.0    M 10.8 20 260   M    M  10        28 260
14  45  27  36  -8  29   0 0.00  0.0    M  7.8 21  60   M    M   2        28  30
15  53  22  38  -7  27   0 0.00  0.0    M  3.5 13 160   M    M   3        20 190
16  65  39  52   7  13   0    T  0.0    0  4.8 13  20   M    M   3        18  20
17  49  41  45  -1  20   0 1.08  0.0    0  9.6 21 100   M    M   8 18     31  80
================================================================================
SM  855  545       402   0  2.77    T    154.8          M      105
================================================================================
AV 50.3 32.1                               9.1 FASTST   M    M   6    MAX(MPH)
                                 MISC ---->  # 33  80               # 48  250
================================================================================
NOTES:
# LAST OF SEVERAL OCCURRENCES

COLUMN 17 PEAK WIND IN M.P.H.

PRELIMINARY LOCAL CLIMATOLOGICAL DATA (WS FORM: F-6) , PAGE 2

                                          STATION:  WISCONSIN RAPIDS ASOS
                                          MONTH:    APRIL
                                          YEAR:     2019
                                          LATITUDE:   44 22 N
                                          LONGITUDE:  89 50 W

[TEMPERATURE DATA]      [PRECIPITATION DATA]       SYMBOLS USED IN COLUMN 16

AVERAGE MONTHLY: 41.2   TOTAL FOR MONTH:   2.77    1 = FOG OR MIST
DPTR FM NORMAL:  -0.9   DPTR FM NORMAL:    1.34    2 = FOG REDUCING VISIBILITY
HIGHEST:    75 ON  8    GRTST 24HR  1.32 ON 11-11      TO 1/4 MILE OR LESS
LOWEST:     22 ON 15                               3 = THUNDER
                        SNOW, ICE PELLETS, HAIL    4 = ICE PELLETS
                        TOTAL MONTH:    T          5 = HAIL
                        GRTST 24HR    T  ON  1- 1  6 = FREEZING RAIN OR DRIZZLE
                        GRTST DEPTH:   0           7 = DUSTSTORM OR SANDSTORM:
                                                       VSBY 1/2 MILE OR LESS
                                                   8 = SMOKE OR HAZE
[NO. OF DAYS WITH]      [WEATHER - DAYS WITH]      9 = BLOWING SNOW
                                                   X = TORNADO
MAX 32 OR BELOW:   0    0.01 INCH OR MORE:   4
MAX 90 OR ABOVE:   0    0.10 INCH OR MORE:   3
MIN 32 OR BELOW:  10    0.50 INCH OR MORE:   2
MIN  0 OR BELOW:   0    1.00 INCH OR MORE:   2

[HDD (BASE 65) ]
TOTAL THIS MO.   402    CLEAR  (SCALE 0-3)   6
DPTR FM NORMAL    12    PTCLDY (SCALE 4-7)   4
TOTAL FM JUL 1  7679    CLOUDY (SCALE 8-10)  7
DPTR FM NORMAL   271

[CDD (BASE 65) ]
TOTAL THIS MO.     0
DPTR FM NORMAL     0    [PRESSURE DATA]
TOTAL FM JAN 1     0    HIGHEST SLP M ON M
DPTR FM NORMAL     0    LOWEST  SLP 29.47 ON 17

[REMARKS]
