000
CXUS53 KGRB 230702
CF6ISW
PRELIMINARY LOCAL CLIMATOLOGICAL DATA (WS FORM: F-6)

                                          STATION:   WISCONSIN RAPIDS ASOS
                                          MONTH:     FEBRUARY
                                          YEAR:      2019
                                          LATITUDE:   44 22 N
                                          LONGITUDE:  89 50 W

  TEMPERATURE IN F:       :PCPN:    SNOW:  WIND      :SUNSHINE: SKY     :PK WND
================================================================================
1   2   3   4   5  6A  6B    7    8   9   10  11  12  13   14  15   16   17  18
                                     12Z  AVG MX 2MIN
DY MAX MIN AVG DEP HDD CDD  WTR  SNW DPTH SPD SPD DIR MIN PSBL S-S WX    SPD DR
================================================================================

 1  13 -12   1 -16  64   0    T    M    M  4.9 10 190   M    M   7 8      16 200
 2  38   6  22   5  43   0 0.01    M    M  3.8 10 180   M    M   7 18     17 160
 3  43  38  41  24  24   0 0.00  0.0    M  5.2 10 200   M    M  10 12     15 180
 4  40  18  29  12  36   0    M    M    M 10.3 21 300   M    M  10 126    32 320
 5  21  14  18   1  47   0    M    M    M  9.1 17  90   M    M   9 8      26  80
 6  28  17  23   5  42   0    M    M    M  7.1 15  80   M    M  10 18     21  70
 7  24   7  16  -2  49   0    M    M    M 10.1 23 250   M    M  10 168    36 270
 8  10  -9   1 -17  64   0    M    M    M 13.3 24 280   M    M   3 89     38 300
 9  13 -13   0 -18  65   0 0.00  0.0    M  3.5  9 110   M    M   4        13 250
10  19  10  15  -3  50   0    M    M    M  7.9 14  80   M    M  10 8      20  80
11  25  17  21   2  44   0    M    M    M 10.5 20  80   M    M  10 8      29  90
12  26  20  23   4  42   0    M    M    M 11.4 22 310   M    M  10        30 310
13  26  15  21   2  44   0    M    M    M  9.6 23 310   M    M   4        34 300
14  33  12  23   3  42   0    M    M    M  8.5 26 310   M    M   9 8      36 300
15  17  -4   7 -13  58   0    M    M    M 11.3 25 310   M    M   2 8      35 320
16  23  -9   7 -13  58   0 0.00  0.0    M  4.1 12  90   M    M   1 8      16 100
17  23  14  19  -1  46   0    M    M    M 10.1 17  50   M    M  10        25  60
18  23   1  12  -9  53   0    T    M    M  6.6 16 300   M    M   1 8      22 340
19  27  -9   9 -12  56   0 0.00  0.0    M  2.0  9 230   M    M   0 18     12 240
20  30  17  24   3  41   0    M    M    M 10.7 20 260   M    M  10 8      30  70
21  26   5  16  -6  49   0    T    T    M  6.9 18 260   M    M   2 18     28 280
22  35   2  19  -3  46   0 0.00  0.0    M  2.8 13  80   M    M   3 18     17  80
================================================================================
SM  563  157      1063   0  0.01    T    169.7          M      142
================================================================================
AV 25.6  7.1                               7.7 FASTST   M    M   6    MAX(MPH)
                                 MISC ---->  # 26 310               # 38  300
================================================================================
NOTES:
# LAST OF SEVERAL OCCURRENCES

COLUMN 17 PEAK WIND IN M.P.H.

PRELIMINARY LOCAL CLIMATOLOGICAL DATA (WS FORM: F-6) , PAGE 2

                                          STATION:  WISCONSIN RAPIDS ASOS
                                          MONTH:    FEBRUARY
                                          YEAR:     2019
                                          LATITUDE:   44 22 N
                                          LONGITUDE:  89 50 W

[TEMPERATURE DATA]      [PRECIPITATION DATA]       SYMBOLS USED IN COLUMN 16

AVERAGE MONTHLY: 16.4   TOTAL FOR MONTH:   0.01    1 = FOG OR MIST
DPTR FM NORMAL:  -2.7   DPTR FM NORMAL:   -0.58    2 = FOG REDUCING VISIBILITY
HIGHEST:    43 ON  3    GRTST 24HR  0.01 ON  2- 2      TO 1/4 MILE OR LESS
LOWEST:    -13 ON  9                               3 = THUNDER
                        SNOW, ICE PELLETS, HAIL    4 = ICE PELLETS
                        TOTAL MONTH:    T          5 = HAIL
                        GRTST 24HR    T  ON 21-21  6 = FREEZING RAIN OR DRIZZLE
                        GRTST DEPTH:  M  ON   M    7 = DUSTSTORM OR SANDSTORM:
                                                       VSBY 1/2 MILE OR LESS
                                                   8 = SMOKE OR HAZE
[NO. OF DAYS WITH]      [WEATHER - DAYS WITH]      9 = BLOWING SNOW
                                                   X = TORNADO
MAX 32 OR BELOW:  17    0.01 INCH OR MORE:   1
MAX 90 OR ABOVE:   0    0.10 INCH OR MORE:   0
MIN 32 OR BELOW:  21    0.50 INCH OR MORE:   0
MIN  0 OR BELOW:   6    1.00 INCH OR MORE:   0

[HDD (BASE 65) ]
TOTAL THIS MO.  1063    CLEAR  (SCALE 0-3)   6
DPTR FM NORMAL    51    PTCLDY (SCALE 4-7)   5
TOTAL FM JUL 1  5780    CLOUDY (SCALE 8-10) 11
DPTR FM NORMAL    67

[CDD (BASE 65) ]
TOTAL THIS MO.     0
DPTR FM NORMAL     0    [PRESSURE DATA]
TOTAL FM JAN 1     0    HIGHEST SLP M ON M
DPTR FM NORMAL     0    LOWEST  SLP 29.48 ON 14

[REMARKS]
