000
CXUS55 KEAX 220736
CF6IXD
PRELIMINARY LOCAL CLIMATOLOGICAL DATA (WS FORM: F-6)

                                          STATION:   New Century Air Center KS
                                          MONTH:     APRIL
                                          YEAR:      2019
                                          LATITUDE:   38 49 N
                                          LONGITUDE:  94 54 W

  TEMPERATURE IN F:       :PCPN:    SNOW:  WIND      :SUNSHINE: SKY     :PK WND
================================================================================
1   2   3   4   5  6A  6B    7    8   9   10  11  12  13   14  15   16   17  18
                                     12Z  AVG MX 2MIN
DY MAX MIN AVG DEP HDD CDD  WTR  SNW DPTH SPD SPD DIR MIN PSBL S-S WX    SPD DR
================================================================================

 1  55  28  42  -8  23   0 0.00    M    M  9.1 18 200   M    M   0        25 190
 2  56  34  45  -5  20   0    T    M    M  7.6 15 330   M    M   4        21 360
 3  68  47  58   7   7   0 0.04    M    M 10.1 21 140   M    M   6        30 140
 4  59  49  54   3  11   0 0.15    M    M  5.9 13 150   M    M   9 1      18 160
 5  65  45  55   4  10   0 0.00    M    M  6.6 13 130   M    M   6 12     17 120
 6  75  49  62  10   3   0 0.48    M    M 10.0 20 160   M    M   2 13     27 170
 7  73  57  65  13   0   0 0.04    M    M 10.5 22 290   M    M   5 1      30 290
 8  78  47  63  11   2   0 0.00    M    M  4.5 15 230   M    M   0 1      19 210
 9  76  55  66  14   0   1 0.00    M    M  9.9 18 110   M    M   0        25 110
10  84  56  70  17   0   5    T    M    M 17.8 31 170   M    M   0        46 170
11  75  36  56   3   9   0    T    M    M 20.3 33 220   M    M   7        44 220
12  56  32  44  -9  21   0 0.00    M    M 14.4 24 270   M    M   0        36 230
13  56  29  43 -11  22   0 0.00    M    M 11.0 25  20   M    M   1        34  20
14  57  37  47  -7  18   0 0.00    M    M 11.4 23  10   M    M   1        31 360
15  77  42  60   6   5   0 0.00    M    M 13.4 25 200   M    M   1        37 170
16  81  56  69  14   0   4 0.00    M    M 14.1 24 200   M    M   0        34 190
17  78  53  66  11   0   1 1.21    M    M 12.4 24 330   M    M   8 13     33 320
18  61  47  54  -1  11   0 0.13    M    M 16.5 28 350   M    M   6 13     39 350
19  62  42  52  -4  13   0 0.00    M    M 13.2 26 320   M    M   1        34 350
20  74  39  57   1   8   0 0.00    M    M  7.4 17 200   M    M   0        24 210
21  83  53  68  12   0   3 0.00    M    M 16.9 31 170   M    M   0        47 160
================================================================================
SM 1449  933       183  14  2.05    M    243.0          M       57
================================================================================
AV 69.0 44.4                              11.6 FASTST   M    M   3    MAX(MPH)
                                 MISC ---->  # 33 220               # 47  160
================================================================================
NOTES:
# LAST OF SEVERAL OCCURRENCES

COLUMN 17 PEAK WIND IN M.P.H.

PRELIMINARY LOCAL CLIMATOLOGICAL DATA (WS FORM: F-6) , PAGE 2

                                          STATION:  New Century Air Center KS
                                          MONTH:    APRIL
                                          YEAR:     2019
                                          LATITUDE:   38 49 N
                                          LONGITUDE:  94 54 W

[TEMPERATURE DATA]      [PRECIPITATION DATA]       SYMBOLS USED IN COLUMN 16

AVERAGE MONTHLY: 56.7   TOTAL FOR MONTH:   2.05    1 = FOG OR MIST
DPTR FM NORMAL:   3.6   DPTR FM NORMAL:   -0.32    2 = FOG REDUCING VISIBILITY
HIGHEST:    84 ON 10    GRTST 24HR  1.21 ON 17-17      TO 1/4 MILE OR LESS
LOWEST:     28 ON  1                               3 = THUNDER
                        SNOW, ICE PELLETS, HAIL    4 = ICE PELLETS
                        TOTAL MONTH:    M          5 = HAIL
                        GRTST 24HR    M  ON   M    6 = FREEZING RAIN OR DRIZZLE
                        GRTST DEPTH:  M  ON   M    7 = DUSTSTORM OR SANDSTORM:
                                                       VSBY 1/2 MILE OR LESS
                                                   8 = SMOKE OR HAZE
[NO. OF DAYS WITH]      [WEATHER - DAYS WITH]      9 = BLOWING SNOW
                                                   X = TORNADO
MAX 32 OR BELOW:   0    0.01 INCH OR MORE:   6
MAX 90 OR ABOVE:   0    0.10 INCH OR MORE:   4
MIN 32 OR BELOW:   3    0.50 INCH OR MORE:   1
MIN  0 OR BELOW:   0    1.00 INCH OR MORE:   1

[HDD (BASE 65) ]
TOTAL THIS MO.   183    CLEAR  (SCALE 0-3)  13
DPTR FM NORMAL   -75    PTCLDY (SCALE 4-7)   7
TOTAL FM JUL 1  5178    CLOUDY (SCALE 8-10)  1
DPTR FM NORMAL   290

[CDD (BASE 65) ]
TOTAL THIS MO.    14
DPTR FM NORMAL     4    [PRESSURE DATA]
TOTAL FM JAN 1    14    HIGHEST SLP  0.00 ON M
DPTR FM NORMAL     2    LOWEST  SLP  0.00 ON M

[REMARKS]
