000
CXUS55 KEAX 200736
CF6IXD
PRELIMINARY LOCAL CLIMATOLOGICAL DATA (WS FORM: F-6)

                                          STATION:   New Century Air Center KS
                                          MONTH:     FEBRUARY
                                          YEAR:      2019
                                          LATITUDE:   38 49 N
                                          LONGITUDE:  94 54 W

  TEMPERATURE IN F:       :PCPN:    SNOW:  WIND      :SUNSHINE: SKY     :PK WND
================================================================================
1   2   3   4   5  6A  6B    7    8   9   10  11  12  13   14  15   16   17  18
                                     12Z  AVG MX 2MIN
DY MAX MIN AVG DEP HDD CDD  WTR  SNW DPTH SPD SPD DIR MIN PSBL S-S WX    SPD DR
================================================================================

 1  52  21  37   6  28   0 0.00    M    M  5.4 15 160   M    M   0 18     19 160
 2  56  40  48  17  17   0 0.00    M    M 10.7 18 170   M    M   8 12     27 170
 3  65  51  58  27   7   0 0.00    M    M 16.5 25 170   M    M   7 1      35 160
 4  60  21  41  10  24   0 0.00    M    M 13.8 28 340   M    M   6 1      36 320
 5  26  19  23  -9  42   0    T    M    M  8.9 18 350   M    M   8 16     23 340
 6  26  22  24  -8  41   0 0.05    M    M 10.4 20 330   M    M  10 136    25 350
 7  24  11  18 -14  47   0 0.32    M    M 17.9 28 310   M    M   7 136    36 290
 8  22   6  14 -18  51   0 0.00    M    M  7.8 18 310   M    M   0        26 310
 9  29  12  21 -11  44   0 0.00    M    M 11.1 21 140   M    M   6        27 140
10  35  29  32  -1  33   0 0.01    M    M  8.2 18 160   M    M  10 1268   24 150
11  34  32  33   0  32   0 0.32    M    M  9.5 16 320   M    M  10 1      25 320
12  38  26  32  -1  33   0 0.00    M    M 14.1 24 280   M    M   5 1      39 280
13  53  23  38   4  27   0 0.00    M    M  8.8 21 180   M    M   0        32 140
14  56  20  38   4  27   0 0.00    M    M 14.9 28 340   M    M   2 18     36 330
15  20  13  17 -17  48   0 0.12    M    M 12.2 20 360   M    M   8 1      25  20
16  27   9  18 -16  47   0 0.02    M    M  6.9 14  90   M    M   7 18     21 110
17  28  16  22 -13  43   0 0.00    M    M 11.7 22 310   M    M   9 1      30 290
18  26  10  18 -17  47   0    T    M    M  6.9 14 340   M    M   3        18 340
19  31  20  26  -9  39   0 0.25    M    M  9.8 20  70   M    M   7 1      27  70
================================================================================
SM  708  401       677   0  1.09    M    205.5          M      113
================================================================================
AV 37.3 21.1                              10.8 FASTST   M    M   6    MAX(MPH)
                                 MISC ---->  # 28 340               # 39  280
================================================================================
NOTES:
# LAST OF SEVERAL OCCURRENCES

COLUMN 17 PEAK WIND IN M.P.H.

PRELIMINARY LOCAL CLIMATOLOGICAL DATA (WS FORM: F-6) , PAGE 2

                                          STATION:  New Century Air Center KS
                                          MONTH:    FEBRUARY
                                          YEAR:     2019
                                          LATITUDE:   38 49 N
                                          LONGITUDE:  94 54 W

[TEMPERATURE DATA]      [PRECIPITATION DATA]       SYMBOLS USED IN COLUMN 16

AVERAGE MONTHLY: 29.2   TOTAL FOR MONTH:   1.09    1 = FOG OR MIST
DPTR FM NORMAL:  -3.7   DPTR FM NORMAL:    0.03    2 = FOG REDUCING VISIBILITY
HIGHEST:    65 ON  3    GRTST 24HR  0.32 ON 11-11      TO 1/4 MILE OR LESS
LOWEST:      6 ON  8                               3 = THUNDER
                        SNOW, ICE PELLETS, HAIL    4 = ICE PELLETS
                        TOTAL MONTH:    M          5 = HAIL
                        GRTST 24HR    M  ON   M    6 = FREEZING RAIN OR DRIZZLE
                        GRTST DEPTH:  M  ON   M    7 = DUSTSTORM OR SANDSTORM:
                                                       VSBY 1/2 MILE OR LESS
                                                   8 = SMOKE OR HAZE
[NO. OF DAYS WITH]      [WEATHER - DAYS WITH]      9 = BLOWING SNOW
                                                   X = TORNADO
MAX 32 OR BELOW:  10    0.01 INCH OR MORE:   7
MAX 90 OR ABOVE:   0    0.10 INCH OR MORE:   4
MIN 32 OR BELOW:  17    0.50 INCH OR MORE:   0
MIN  0 OR BELOW:   0    1.00 INCH OR MORE:   0

[HDD (BASE 65) ]
TOTAL THIS MO.   677    CLEAR  (SCALE 0-3)   5
DPTR FM NORMAL    66    PTCLDY (SCALE 4-7)   8
TOTAL FM JUL 1  3916    CLOUDY (SCALE 8-10)  6
DPTR FM NORMAL   177

[CDD (BASE 65) ]
TOTAL THIS MO.     0
DPTR FM NORMAL     0    [PRESSURE DATA]
TOTAL FM JAN 1     0    HIGHEST SLP  0.00 ON M
DPTR FM NORMAL     0    LOWEST  SLP  0.00 ON M

[REMARKS]
