578
CXUS55 KEAX 180736
CF6IXD
PRELIMINARY LOCAL CLIMATOLOGICAL DATA (WS FORM: F-6)

                                          STATION:   New Century Air Center KS
                                          MONTH:     AUGUST
                                          YEAR:      2019
                                          LATITUDE:   38 49 N
                                          LONGITUDE:  94 54 W

  TEMPERATURE IN F:       :PCPN:    SNOW:  WIND      :SUNSHINE: SKY     :PK WND
================================================================================
1   2   3   4   5  6A  6B    7    8   9   10  11  12  13   14  15   16   17  18
                                     12Z  AVG MX 2MIN
DY MAX MIN AVG DEP HDD CDD  WTR  SNW DPTH SPD SPD DIR MIN PSBL S-S WX    SPD DR
================================================================================

 1  83  68  76  -3   0  11 0.76    M    M  7.7 15 150   M    M   7 13     19 150
 2  82  67  75  -4   0  10 0.06    M    M  7.6 18 140   M    M   7        26 140
 3  85  69  77  -2   0  12 0.09    M    M  4.9 12 110   M    M   4 1      17 120
 4  87  67  77  -2   0  12 0.00    M    M  3.5 10 140   M    M   1 1      13 120
 5  87  68  78  -1   0  13 0.00    M    M  4.6 10 220   M    M   1        14 220
 6  91  74  83   4   0  18 0.00    M    M  7.1 13 350   M    M   1        19 270
 7  81  66  74  -5   0   9 0.93    M    M  5.8 31 290   M    M   3 138    46 300
 8  84  66  75  -4   0  10 0.00    M    M  4.3 14 280   M    M   1 1      17 290
 9  87  65  76  -3   0  11 0.00    M    M  4.3 14 140   M    M   1 1      18 150
10  88  71  80   1   0  15 0.00    M    M  5.1 12 140   M    M   2        15 160
11  85  73  79   0   0  14 0.21    M    M  8.7 18  30   M    M   4 13     26 280
12  93  74  84   5   0  19    T    M    M  7.5 20 330   M    M   2        26 320
13  90  69  80   2   0  15 0.00    M    M  8.0 17 330   M    M   0        27 360
14  85  65  75  -3   0  10 0.00    M    M  6.8 14 320   M    M   0 8      19  10
15  85  61  73  -5   0   8 0.02    M    M  6.3 21 140   M    M   1 138    28 140
16  82  66  74  -4   0   9 0.12    M    M 10.6 21 190   M    M   4 13     36 160
17  86  66  76  -2   0  11    M    M    M  7.9 44 320   M    M   2 13     58 330
================================================================================
SM 1461 1155         0 207  2.19    M    110.7          M       41
================================================================================
AV 85.9 67.9                               6.5 FASTST   M    M   2    MAX(MPH)
                                 MISC ---->  # 44 320               # 58  330
================================================================================
NOTES:
# LAST OF SEVERAL OCCURRENCES

COLUMN 17 PEAK WIND IN M.P.H.

PRELIMINARY LOCAL CLIMATOLOGICAL DATA (WS FORM: F-6) , PAGE 2

                                          STATION:  New Century Air Center KS
                                          MONTH:    AUGUST
                                          YEAR:     2019
                                          LATITUDE:   38 49 N
                                          LONGITUDE:  94 54 W

[TEMPERATURE DATA]      [PRECIPITATION DATA]       SYMBOLS USED IN COLUMN 16

AVERAGE MONTHLY: 76.9   TOTAL FOR MONTH:   2.19    1 = FOG OR MIST
DPTR FM NORMAL:  -1.8   DPTR FM NORMAL:    0.57    2 = FOG REDUCING VISIBILITY
HIGHEST:    93 ON 12    GRTST 24HR  0.93 ON  7- 7      TO 1/4 MILE OR LESS
LOWEST:     61 ON 15                               3 = THUNDER
                        SNOW, ICE PELLETS, HAIL    4 = ICE PELLETS
                        TOTAL MONTH:    M          5 = HAIL
                        GRTST 24HR    M  ON   M    6 = FREEZING RAIN OR DRIZZLE
                        GRTST DEPTH:  M  ON   M    7 = DUSTSTORM OR SANDSTORM:
                                                       VSBY 1/2 MILE OR LESS
                                                   8 = SMOKE OR HAZE
[NO. OF DAYS WITH]      [WEATHER - DAYS WITH]      9 = BLOWING SNOW
                                                   X = TORNADO
MAX 32 OR BELOW:   0    0.01 INCH OR MORE:   7
MAX 90 OR ABOVE:   3    0.10 INCH OR MORE:   4
MIN 32 OR BELOW:   0    0.50 INCH OR MORE:   2
MIN  0 OR BELOW:   0    1.00 INCH OR MORE:   0

[HDD (BASE 65) ]
TOTAL THIS MO.     0    CLEAR  (SCALE 0-3)  12
DPTR FM NORMAL     0    PTCLDY (SCALE 4-7)   5
TOTAL FM JUL 1     0    CLOUDY (SCALE 8-10)  0
DPTR FM NORMAL     0

[CDD (BASE 65) ]
TOTAL THIS MO.   207
DPTR FM NORMAL   -27    [PRESSURE DATA]
TOTAL FM JAN 1   945    HIGHEST SLP  0.00 ON M
DPTR FM NORMAL   -79    LOWEST  SLP  0.00 ON M

[REMARKS]
