000
CXUS54 KJAN 191414
CF6JAN
PRELIMINARY LOCAL CLIMATOLOGICAL DATA (WS FORM: F-6)

                                          STATION:   JACKSON
                                          MONTH:     FEBRUARY
                                          YEAR:      2019
                                          LATITUDE:   32 19 N
                                          LONGITUDE:  90  5 W

  TEMPERATURE IN F:       :PCPN:    SNOW:  WIND      :SUNSHINE: SKY     :PK WND
================================================================================
1   2   3   4   5  6A  6B    7    8   9   10  11  12  13   14  15   16   17  18
                                     12Z  AVG MX 2MIN
DY MAX MIN AVG DEP HDD CDD  WTR  SNW DPTH SPD SPD DIR MIN PSBL S-S WX    SPD DR
================================================================================

 1  65  37  51   4  14   0 0.00  0.0    0  4.9 14 150   M    M   4        17 140
 2  68  35  52   5  13   0    T  0.0    0  3.2 10 140   M    M   5 12     13 150
 3  65  50  58  11   7   0 0.00  0.0    0  5.7 12 150   M    M   8 12     15 150
 4  73  55  64  17   1   0 0.00  0.0    0  8.4 16 180   M    M   8 18     20 180
 5  74  65  70  23   0   5 0.04  0.0    0  8.0 17 160   M    M   9 18     21 160
 6  80  67  74  26   0   9    T  0.0    0 11.9 21 180   M    M   7 18     28 180
 7  83  49  66  18   0   1    T  0.0    0 15.0 28 260   M    M   8 18     33 260
 8  49  33  41  -7  24   0    T  0.0    0 13.6 24 350   M    M   7 8      30 350
 9  55  33  44  -4  21   0 0.04  0.0    0  9.6 16  10   M    M   7        21 360
10  66  43  55   7  10   0 0.00  0.0    0  5.6 15 150   M    M   9        18 150
11  72  57  65  17   0   0 0.02  0.0    0 10.7 18 140   M    M   8 1      25 170
12  67  37  52   3  13   0 0.80  0.0    0  8.4 22 180   M    M   8 1      28 170
13  63  32  48  -1  17   0 0.00  0.0    0  4.2 12 160   M    M   0        15 150
14  68  44  56   7   9   0 0.00  0.0    0 11.5 21 190   M    M   4        30 180
15  69  56  63  14   2   0    T  0.0    0  8.9 15 210   M    M   9 1      18 160
16  67  42  55   5  10   0    T  0.0    0  7.5 18 340   M    M   9 1      24 350
17  68  45  57   7   8   0 0.24  0.0    0  8.1 20 330   M    M  10 1      24 320
18  56  39  48  -2  17   0    T  0.0    0 12.4 21  10   M    M   7        27  10
================================================================================
SM 1208  819       166  15  1.14     0.0 157.6          M      127
================================================================================
AV 67.1 45.5                               8.8 FASTST   M    M   7    MAX(MPH)
                                 MISC ---->  # 28 260               # 33  260
================================================================================
NOTES:
# LAST OF SEVERAL OCCURRENCES

COLUMN 17 PEAK WIND IN M.P.H.

PRELIMINARY LOCAL CLIMATOLOGICAL DATA (WS FORM: F-6) , PAGE 2

                                          STATION:  JACKSON
                                          MONTH:    FEBRUARY
                                          YEAR:     2019
                                          LATITUDE:   32 19 N
                                          LONGITUDE:  90  5 W

[TEMPERATURE DATA]      [PRECIPITATION DATA]       SYMBOLS USED IN COLUMN 16

AVERAGE MONTHLY: 56.3   TOTAL FOR MONTH:   1.14    1 = FOG OR MIST
DPTR FM NORMAL:   8.0   DPTR FM NORMAL:   -1.96    2 = FOG REDUCING VISIBILITY
HIGHEST:    83 ON  7    GRTST 24HR  0.80 ON 12-12      TO 1/4 MILE OR LESS
LOWEST:     32 ON 13                               3 = THUNDER
                        SNOW, ICE PELLETS, HAIL    4 = ICE PELLETS
                        TOTAL MONTH:   0.0 INCH    5 = HAIL
                        GRTST 24HR     0.0         6 = FREEZING RAIN OR DRIZZLE
                        GRTST DEPTH:   0           7 = DUSTSTORM OR SANDSTORM:
                                                       VSBY 1/2 MILE OR LESS
                                                   8 = SMOKE OR HAZE
[NO. OF DAYS WITH]      [WEATHER - DAYS WITH]      9 = BLOWING SNOW
                                                   X = TORNADO
MAX 32 OR BELOW:   0    0.01 INCH OR MORE:   5
MAX 90 OR ABOVE:   0    0.10 INCH OR MORE:   2
MIN 32 OR BELOW:   1    0.50 INCH OR MORE:   1
MIN  0 OR BELOW:   0    1.00 INCH OR MORE:   0

[HDD (BASE 65) ]
TOTAL THIS MO.   166    CLEAR  (SCALE 0-3)   1
DPTR FM NORMAL  -136    PTCLDY (SCALE 4-7)  10
TOTAL FM JUL 1  1636    CLOUDY (SCALE 8-10)  7
DPTR FM NORMAL  -218

[CDD (BASE 65) ]
TOTAL THIS MO.    15
DPTR FM NORMAL    15    [PRESSURE DATA]
TOTAL FM JAN 1    15    HIGHEST SLP M ON M
DPTR FM NORMAL    11    LOWEST  SLP 29.66 ON 17

[REMARKS]
