000
CXUS54 KMEG 170736
CF6JBR
PRELIMINARY LOCAL CLIMATOLOGICAL DATA (WS FORM: F-6)

                                          STATION:   JONESBORO
                                          MONTH:     FEBRUARY
                                          YEAR:      2019
                                          LATITUDE:   35 49 N
                                          LONGITUDE:  90 39 W

  TEMPERATURE IN F:       :PCPN:    SNOW:  WIND      :SUNSHINE: SKY     :PK WND
================================================================================
1   2   3   4   5  6A  6B    7    8   9   10  11  12  13   14  15   16   17  18
                                     12Z  AVG MX 2MIN
DY MAX MIN AVG DEP HDD CDD  WTR  SNW DPTH SPD SPD DIR MIN PSBL S-S WX    SPD DR
================================================================================

 1  49  35  42   4  23   0 0.15  0.0    0  2.0  9 140   M    M  10 12     13 330
 2  62  42  52  13  13   0 0.00  0.0    0  4.7 16 220   M    M   5 12     19 210
 3  70  37  54  15  11   0 0.00  0.0    0  6.9 18 180   M    M   2        25 180
 4  71  56  64  25   1   0 0.02  0.0    0 11.3 24 200   M    M   7 1      32 190
 5  61  46  54  15  11   0    T    M    0  6.5 17  70   M    M  10 12     20  70
 6  70  55  63  24   2   0 0.30  0.0    0  9.0 21 200   M    M  10 13     28 200
 7  70  25  48   8  17   0 0.76  0.0    0 15.5 32 250   M    M   7 1      43 200
 8  32  20  26 -14  39   0 0.00  0.0    0  8.4 17 340   M    M   0        25 330
 9  35  23  29 -11  36   0 0.01    T    0 13.2 22  50   M    M   2 4      27  30
10  45  33  39  -1  26   0 2.53    T    0  5.2 15 180   M    M  10 14     18 190
11  54  43  49   9  16   0 3.64  0.0    0  6.2 13 320   M    M  10 1      17 320
12  54  39  47   6  18   0 0.11  0.0    0 12.0 28 290   M    M   5 18     39 300
13  57  31  44   3  21   0 0.00  0.0    0  7.3 20 220   M    M   0        24 220
14  58  46  52  11  13   0 0.00  0.0    0 15.9 32 200   M    M   3        43 200
15  52  32  42   1  23   0 0.12    M    0 11.6 25  50   M    M   6 16     31  50
16  37  27  32 -10  33   0 0.03    M    0 10.2 18  60   M    M  10 1      27  20
================================================================================
SM  877  590       303   0  7.67    T    145.9          M       97
================================================================================
AV 54.8 36.9                               9.1 FASTST   M    M   6    MAX(MPH)
                                 MISC ---->  # 32 250               # 43  200
================================================================================
NOTES:
# LAST OF SEVERAL OCCURRENCES

COLUMN 17 PEAK WIND IN M.P.H.

PRELIMINARY LOCAL CLIMATOLOGICAL DATA (WS FORM: F-6) , PAGE 2

                                          STATION:  JONESBORO
                                          MONTH:    FEBRUARY
                                          YEAR:     2019
                                          LATITUDE:   35 49 N
                                          LONGITUDE:  90 39 W

[TEMPERATURE DATA]      [PRECIPITATION DATA]       SYMBOLS USED IN COLUMN 16

AVERAGE MONTHLY: 45.8   TOTAL FOR MONTH:   7.67    1 = FOG OR MIST
DPTR FM NORMAL:   5.9   DPTR FM NORMAL:    5.61    2 = FOG REDUCING VISIBILITY
HIGHEST:    71 ON  4    GRTST 24HR  3.64 ON 11-11      TO 1/4 MILE OR LESS
LOWEST:     20 ON  8                               3 = THUNDER
                        SNOW, ICE PELLETS, HAIL    4 = ICE PELLETS
                        TOTAL MONTH:    T          5 = HAIL
                        GRTST 24HR    T  ON 10-10  6 = FREEZING RAIN OR DRIZZLE
                        GRTST DEPTH:   0           7 = DUSTSTORM OR SANDSTORM:
                                                       VSBY 1/2 MILE OR LESS
                                                   8 = SMOKE OR HAZE
[NO. OF DAYS WITH]      [WEATHER - DAYS WITH]      9 = BLOWING SNOW
                                                   X = TORNADO
MAX 32 OR BELOW:   1    0.01 INCH OR MORE:  10
MAX 90 OR ABOVE:   0    0.10 INCH OR MORE:   7
MIN 32 OR BELOW:   6    0.50 INCH OR MORE:   3
MIN  0 OR BELOW:   0    1.00 INCH OR MORE:   2

[HDD (BASE 65) ]
TOTAL THIS MO.   303    CLEAR  (SCALE 0-3)   5
DPTR FM NORMAL   -97    PTCLDY (SCALE 4-7)   5
TOTAL FM JUL 1  2550    CLOUDY (SCALE 8-10)  6
DPTR FM NORMAL  -146

[CDD (BASE 65) ]
TOTAL THIS MO.     0
DPTR FM NORMAL     0    [PRESSURE DATA]
TOTAL FM JAN 1     0    HIGHEST SLP M ON M
DPTR FM NORMAL     0    LOWEST  SLP 29.71 ON 12

[REMARKS]
