000
CXUS54 KSJT 161000
CF6JCT
PRELIMINARY LOCAL CLIMATOLOGICAL DATA (WS FORM: F-6)

                                          STATION:   JUNCTION
                                          MONTH:     FEBRUARY
                                          YEAR:      2019
                                          LATITUDE:   30 18 N
                                          LONGITUDE:  99 28 W

  TEMPERATURE IN F:       :PCPN:    SNOW:  WIND      :SUNSHINE: SKY     :PK WND
================================================================================
1   2   3   4   5  6A  6B    7    8   9   10  11  12  13   14  15   16   17  18
                                     12Z  AVG MX 2MIN
DY MAX MIN AVG DEP HDD CDD  WTR  SNW DPTH SPD SPD DIR MIN PSBL S-S WX    SPD DR
================================================================================

 1  69  53  61  12   4   0 0.00  0.0    0  5.8 15 140   M    M   8 1      19 140
 2  67  54  61  12   4   0 0.00  0.0    0  5.2 16 170   M    M   7 1      19 210
 3  75  54  65  16   0   0 0.00  0.0    0  5.8 16 210   M    M   5 18     21 230
 4  71  55  63  14   2   0 0.01  0.0    0  4.6 14 210   M    M   5 128    17 180
 5  77  51  64  15   1   0    T  0.0    0  5.0 21 200   M    M   5 128    26 190
 6  78  63  71  22   0   6 0.00  0.0    0  7.4 17 180   M    M   3 18     24 180
 7  71  36  54   5  11   0    T  0.0    0 10.6 24 320   M    M   0 18     33 320
 8  37  30  34 -16  31   0 0.08    M    0  9.5 16  80   M    M   7 6      22  50
 9  43  33  38 -12  27   0 0.00  0.0    0  8.2 14  80   M    M  10 18     17  90
10  59  39  49  -1  16   0 0.01  0.0    0  4.8 14 170   M    M   8 1      19 270
11  55  50  53   3  12   0 0.01  0.0    0  5.2 16 240   M    M   7 1      23 230
12  62  32  47  -3  18   0 0.00  0.0    0  7.2 16 320   M    M   0        24 320
13  65  24  45  -5  20   0 0.00  0.0    0  6.8 21 190   M    M   0 18     32 180
14  74  43  59   8   6   0 0.00  0.0    0  6.0 15 230   M    M   0        20 230
15  84  45  65  14   0   0 0.00  0.0    0  5.9 22 270   M    M   0        33 260
================================================================================
SM  987  662       152   6  0.11     0.0  98.0          M       65
================================================================================
AV 65.8 44.1                               6.5 FASTST   M    M   4    MAX(MPH)
                                 MISC ---->  # 24 320               # 33  320
================================================================================
NOTES:
# LAST OF SEVERAL OCCURRENCES

COLUMN 17 PEAK WIND IN M.P.H.

PRELIMINARY LOCAL CLIMATOLOGICAL DATA (WS FORM: F-6) , PAGE 2

                                          STATION:  JUNCTION
                                          MONTH:    FEBRUARY
                                          YEAR:     2019
                                          LATITUDE:   30 18 N
                                          LONGITUDE:  99 28 W

[TEMPERATURE DATA]      [PRECIPITATION DATA]       SYMBOLS USED IN COLUMN 16

AVERAGE MONTHLY: 55.0   TOTAL FOR MONTH:   0.11    1 = FOG OR MIST
DPTR FM NORMAL:   5.3   DPTR FM NORMAL:   -0.72    2 = FOG REDUCING VISIBILITY
HIGHEST:    84 ON 15    GRTST 24HR  0.08 ON  8- 8      TO 1/4 MILE OR LESS
LOWEST:     24 ON 13                               3 = THUNDER
                        SNOW, ICE PELLETS, HAIL    4 = ICE PELLETS
                        TOTAL MONTH:   0.0 INCH    5 = HAIL
                        GRTST 24HR     0.0         6 = FREEZING RAIN OR DRIZZLE
                        GRTST DEPTH:   0           7 = DUSTSTORM OR SANDSTORM:
                                                       VSBY 1/2 MILE OR LESS
                                                   8 = SMOKE OR HAZE
[NO. OF DAYS WITH]      [WEATHER - DAYS WITH]      9 = BLOWING SNOW
                                                   X = TORNADO
MAX 32 OR BELOW:   0    0.01 INCH OR MORE:   4
MAX 90 OR ABOVE:   0    0.10 INCH OR MORE:   0
MIN 32 OR BELOW:   3    0.50 INCH OR MORE:   0
MIN  0 OR BELOW:   0    1.00 INCH OR MORE:   0

[HDD (BASE 65) ]
TOTAL THIS MO.   152    CLEAR  (SCALE 0-3)   5
DPTR FM NORMAL   -80    PTCLDY (SCALE 4-7)   8
TOTAL FM JUL 1  1619    CLOUDY (SCALE 8-10)  2
DPTR FM NORMAL  -107

[CDD (BASE 65) ]
TOTAL THIS MO.     6
DPTR FM NORMAL     6    [PRESSURE DATA]
TOTAL FM JAN 1     6    HIGHEST SLP M ON M
DPTR FM NORMAL     5    LOWEST  SLP 29.62 ON  6

[REMARKS]
