000
CXUS55 KGGW 170800
CF6JDN
PRELIMINARY LOCAL CLIMATOLOGICAL DATA (WS FORM: F-6)

                                          STATION:   JORDAN  ASOS MT
                                          MONTH:     FEBRUARY
                                          YEAR:      2019
                                          LATITUDE:   47 19 N
                                          LONGITUDE: 106 50 W

  TEMPERATURE IN F:       :PCPN:    SNOW:  WIND      :SUNSHINE: SKY     :PK WND
================================================================================
1   2   3   4   5  6A  6B    7    8   9   10  11  12  13   14  15   16   17  18
                                     12Z  AVG MX 2MIN
DY MAX MIN AVG DEP HDD CDD  WTR  SNW DPTH SPD SPD DIR MIN PSBL S-S WX    SPD DR
================================================================================

 1  49  30  40  21  25   0 0.00  0.0    0  5.8 16 240   M    M   0        20 240
 2  54   8  31  12  34   0 0.02    M    0 11.5 29  10   M    M   0        36 360
 3   8  -8   0 -20  65   0 0.36    M    0 12.7 21 360   M    M   0        24  10
 4  -6 -20 -13 -33  78   0 0.08    M    0  4.6 13 340   M    M   0        16 340
 5  -2  -8  -5 -25  70   0 0.02    M    0  7.2 10 350   M    M   0        13  10
 6  -4 -25 -14 -34  79   0 0.11    M    0  7.2 12 310   M    M   0        14 330
 7  -6 -33 -19 -39  84   0 0.00  0.0    0  3.0  8 280   M    M   0         9 280
 8   0 -31 -15 -36  80   0 0.04    M    0  7.7 16 360   M    M   0        18 350
 9  -5 -15 -10 -31  75   0 0.02    M    0  7.9 16  10   M    M   0         M  M
10   2 -25 -11 -32  76   0 0.02    M    0  7.1 15 110   M    M   0        19 100
11   6 -20  -7 -28  72   0 0.01    M    0  5.3 12  50   M    M   0        12 330
12   7 -24  -8 -30  73   0 0.00  0.0    0  5.2 12  90   M    M   0        13  90
13   6 -11  -2 -24  67   0 0.07    M    0  6.4 14  10   M    M   0        15  10
14   5 -13  -4 -26  69   0 0.00  0.0    0  6.4 13 100   M    M   0        15 110
15  15 -10   3 -19  62   0 0.11    M    0 10.4 20 120   M    M   0        22 120
16   8   0   4 -19  61   0 0.21    M    0 13.9 22 320   M    M   0        26 330
================================================================================
SM  137 -205      1070   0  1.07     0.0 122.3          M        0
================================================================================
AV  8.6-12.8                               7.6 FASTST   M    M   0    MAX(MPH)
                                 MISC ---->  # 29  10               # 36  360
================================================================================
NOTES:
# LAST OF SEVERAL OCCURRENCES

COLUMN 17 PEAK WIND IN M.P.H.

PRELIMINARY LOCAL CLIMATOLOGICAL DATA (WS FORM: F-6) , PAGE 2

                                          STATION:  JORDAN  ASOS MT
                                          MONTH:    FEBRUARY
                                          YEAR:     2019
                                          LATITUDE:   47 19 N
                                          LONGITUDE: 106 50 W

[TEMPERATURE DATA]      [PRECIPITATION DATA]       SYMBOLS USED IN COLUMN 16

AVERAGE MONTHLY: -2.1   TOTAL FOR MONTH:   1.07    1 = FOG OR MIST
DPTR FM NORMAL: -22.9   DPTR FM NORMAL:    0.95    2 = FOG REDUCING VISIBILITY
HIGHEST:    54 ON  2    GRTST 24HR  0.36 ON  3- 3      TO 1/4 MILE OR LESS
LOWEST:    -33 ON  7                               3 = THUNDER
                        SNOW, ICE PELLETS, HAIL    4 = ICE PELLETS
                        TOTAL MONTH:   0.0 INCH    5 = HAIL
                        GRTST 24HR     0.0         6 = FREEZING RAIN OR DRIZZLE
                        GRTST DEPTH:   0           7 = DUSTSTORM OR SANDSTORM:
                                                       VSBY 1/2 MILE OR LESS
                                                   8 = SMOKE OR HAZE
[NO. OF DAYS WITH]      [WEATHER - DAYS WITH]      9 = BLOWING SNOW
                                                   X = TORNADO
MAX 32 OR BELOW:  14    0.01 INCH OR MORE:  12
MAX 90 OR ABOVE:   0    0.10 INCH OR MORE:   4
MIN 32 OR BELOW:  16    0.50 INCH OR MORE:   0
MIN  0 OR BELOW:  14    1.00 INCH OR MORE:   0

[HDD (BASE 65) ]
TOTAL THIS MO.  1070    CLEAR  (SCALE 0-3)  16
DPTR FM NORMAL   363    PTCLDY (SCALE 4-7)   0
TOTAL FM JUL 1  5568    CLOUDY (SCALE 8-10)  0
DPTR FM NORMAL   -69

[CDD (BASE 65) ]
TOTAL THIS MO.     0
DPTR FM NORMAL     0    [PRESSURE DATA]
TOTAL FM JAN 1     0    HIGHEST SLP M ON M
DPTR FM NORMAL     0    LOWEST  SLP 29.48 ON  2

[REMARKS]
