000
CXUS53 KLSX 231600
CF6JEF
PRELIMINARY LOCAL CLIMATOLOGICAL DATA (WS FORM: F-6)

                                          STATION:   JEFFERSON CITY
                                          MONTH:     APRIL
                                          YEAR:      2018
                                          LATITUDE:   38 35 N
                                          LONGITUDE:  92 10 W

  TEMPERATURE IN F:       :PCPN:    SNOW:  WIND      :SUNSHINE: SKY     :PK WND
================================================================================
1   2   3   4   5  6A  6B    7    8   9   10  11  12  13   14  15   16   17  18
                                     12Z  AVG MX 2MIN
DY MAX MIN AVG DEP HDD CDD  WTR  SNW DPTH SPD SPD DIR MIN PSBL S-S WX    SPD DR
================================================================================

 1  38  27  33 -18  32   0    M    M    0  7.6 16  10   M    M   6 1468   24  50
 2  39  26  33 -19  32   0 0.04  0.0    M  8.1 14 120   M    M  10 1      18 100
 3  67  32  50  -2  15   0    T  0.0    0 13.9 35 300   M    M  10 1      48 290
 4  41  24  33 -19  32   0 0.00  0.0    0  8.3 23 310   M    M   3        32 320
 5  67  26  47  -6  18   0 0.00  0.0    0  7.1 16 190   M    M   1        23 180
 6  53  27  40 -13  25   0    T    M    0 11.7 23  10   M    M   4        35  20
 7  44  24  34 -20  31   0 0.00  0.0    0  7.0 15 350   M    M   2        23 360
 8  41  25  33 -21  32   0    T    M    0  5.8 17 140   M    M   6 18     25 140
 9  53  32  43 -11  22   0 0.00  0.0    M  7.7 16 320   M    M   8        21 330
10  56  37  47  -8  18   0    T  0.0    0  4.0 10 200   M    M   7        14 210
11  78  45  62   7   3   0 0.00  0.0    0 10.8 22 200   M    M   2        31 210
12  88  59  74  19   0   9 0.00  0.0    0 11.2 26 170   M    M   0        35 170
13  78  61  70  14   0   5 0.46  0.0    0 12.5 29 170   M    M   3 13     44 170
14  63  42  53  -3  12   0 0.00  0.0    0 12.6 24 250   M    M   8        33 270
15  42  32  37 -19  28   0    T    M    0 16.9 28 290   M    M  10 18     36 280
16  51  31  41 -16  24   0    T    M    0 12.3 24 300   M    M   3        34 260
17  67  28  48  -9  17   0 0.00  0.0    0  6.7 16  80   M    M   0        23  70
18  61  40  51  -6  14   0 0.00  0.0    0 17.7 35 290   M    M   5        49 290
19  58  33  46 -12  19   0 0.00  0.0    0  6.8 16  10   M    M   2        25  20
20  66  30  48 -10  17   0 0.00  0.0    0  7.0 17 120   M    M   0        24  70
21  67  43  55  -3  10   0 0.00  0.0    0  9.7 18  80   M    M   1        27  80
22  61  50  56  -2   9   0 0.19  0.0    0 10.0 20  80   M    M  10        33  80
================================================================================
SM 1279  774       410  14  0.69     0.0 215.4          M      101
================================================================================
AV 58.1 35.2                               9.8 FASTST   M    M   5    MAX(MPH)
                                 MISC ---->  # 35 300               # 49  290
================================================================================
NOTES:
# LAST OF SEVERAL OCCURRENCES

COLUMN 17 PEAK WIND IN M.P.H.

PRELIMINARY LOCAL CLIMATOLOGICAL DATA (WS FORM: F-6) , PAGE 2

                                          STATION:  JEFFERSON CITY
                                          MONTH:    APRIL
                                          YEAR:     2018
                                          LATITUDE:   38 35 N
                                          LONGITUDE:  92 10 W

[TEMPERATURE DATA]      [PRECIPITATION DATA]       SYMBOLS USED IN COLUMN 16

AVERAGE MONTHLY: 46.7   TOTAL FOR MONTH:   0.69    1 = FOG OR MIST
DPTR FM NORMAL:  -8.4   DPTR FM NORMAL:   -2.12    2 = FOG REDUCING VISIBILITY
HIGHEST:    88 ON 12    GRTST 24HR  0.46 ON 13-13      TO 1/4 MILE OR LESS
LOWEST:     24 ON  7, 4                            3 = THUNDER
                        SNOW, ICE PELLETS, HAIL    4 = ICE PELLETS
                        TOTAL MONTH:   0.0 INCH    5 = HAIL
                        GRTST 24HR     0.0         6 = FREEZING RAIN OR DRIZZLE
                        GRTST DEPTH:   0           7 = DUSTSTORM OR SANDSTORM:
                                                       VSBY 1/2 MILE OR LESS
                                                   8 = SMOKE OR HAZE
[NO. OF DAYS WITH]      [WEATHER - DAYS WITH]      9 = BLOWING SNOW
                                                   X = TORNADO
MAX 32 OR BELOW:   0    0.01 INCH OR MORE:   3
MAX 90 OR ABOVE:   0    0.10 INCH OR MORE:   2
MIN 32 OR BELOW:  13    0.50 INCH OR MORE:   0
MIN  0 OR BELOW:   0    1.00 INCH OR MORE:   0

[HDD (BASE 65) ]
TOTAL THIS MO.   410    CLEAR  (SCALE 0-3)   9
DPTR FM NORMAL   174    PTCLDY (SCALE 4-7)   8
TOTAL FM JUL 1  4584    CLOUDY (SCALE 8-10)  5
DPTR FM NORMAL    84

[CDD (BASE 65) ]
TOTAL THIS MO.    14
DPTR FM NORMAL    -7    [PRESSURE DATA]
TOTAL FM JAN 1    14    HIGHEST SLP M ON M
DPTR FM NORMAL   -11    LOWEST  SLP 29.46 ON  3

[REMARKS]
