000
CXUS53 KLSX 251600
CF6JEF
PRELIMINARY LOCAL CLIMATOLOGICAL DATA (WS FORM: F-6)

                                          STATION:   JEFFERSON CITY
                                          MONTH:     APRIL
                                          YEAR:      2019
                                          LATITUDE:   38 35 N
                                          LONGITUDE:  92 10 W

  TEMPERATURE IN F:       :PCPN:    SNOW:  WIND      :SUNSHINE: SKY     :PK WND
================================================================================
1   2   3   4   5  6A  6B    7    8   9   10  11  12  13   14  15   16   17  18
                                     12Z  AVG MX 2MIN
DY MAX MIN AVG DEP HDD CDD  WTR  SNW DPTH SPD SPD DIR MIN PSBL S-S WX    SPD DR
================================================================================

 1  55  29  42  -9  23   0 0.00  0.0    0  4.8 14 180   M    M   0        19 190
 2  63  36  50  -2  15   0 0.00  0.0    0  6.3 26 270   M    M   3        35 280
 3  70  40  55   3  10   0 0.00  0.0    0  7.7 16  70   M    M   3        23 110
 4  61  51  56   4   9   0 0.56  0.0    0  6.1 16 200   M    M  10 1      23 210
 5  54  47  51  -2  14   0 0.00  0.0    0  4.6 12 100   M    M  10 18     15 100
 6  74  42  58   5   7   0 0.00  0.0    0  7.9 16 120   M    M   3 1      21 160
 7  82  58  70  16   0   5 0.00  0.0    0  8.4 20 260   M    M   3 3      28 260
 8  79  52  66  12   0   1 0.00  0.0    0  4.8 15 290   M    M   1        20 280
 9  76  50  63   9   2   0 0.00  0.0    0  6.1 15 120   M    M   0        20 100
10  87  60  74  19   0   9 0.00  0.0    0 14.3 25 180   M    M   0        40 200
11  75  45  60   5   5   0    T  0.0    0 14.9 26 230   M    M   1        35 230
12  60  38  49  -6  16   0 0.00  0.0    0 11.9 25 240   M    M   0        36 280
13  59  37  48  -8  17   0 0.10  0.0    0  6.6 25  80   M    M   3        34  80
14  56  33  45 -11  20   0 0.72    M    M  9.0 20 300   M    M   5 1      31  50
15  75  33  54  -2  11   0 0.00  0.0    0  9.6 22 160   M    M   1        36 180
16  84  55  70  13   0   5 0.00  0.0    0  9.6 18 200   M    M   0        28 220
17  79  65  72  15   0   7 0.14  0.0    0 10.4 21 200   M    M   4 13     29 210
18  66  49  58   1   7   0 0.12  0.0    0  8.5 18 320   M    M   7 138    29  30
19  62  45  54  -4  11   0 0.00  0.0    0 12.4 29 340   M    M   4        44 330
20  71  37  54  -4  11   0 0.00  0.0    0  4.6 14 350   M    M   0        21 340
21  84  43  64   6   1   0 0.00  0.0    0  9.7 20 170   M    M   0        28 170
22  82  61  72  14   0   7 0.00  0.0    0  9.4 20 270   M    M   4        27 200
23  65  54  60   1   5   0 0.20  0.0    0  3.3 10 290   M    M   7 18     14 340
24  63  56  60   1   5   0 0.28  0.0    0  2.0 10 100   M    M   8 12     14 100
================================================================================
SM 1682 1116       189  34  2.12     0.0 192.9          M       77
================================================================================
AV 70.1 46.5                               8.0 FASTST   M    M   3    MAX(MPH)
                                 MISC ---->  # 29 340               # 44  330
================================================================================
NOTES:
# LAST OF SEVERAL OCCURRENCES

COLUMN 17 PEAK WIND IN M.P.H.

PRELIMINARY LOCAL CLIMATOLOGICAL DATA (WS FORM: F-6) , PAGE 2

                                          STATION:  JEFFERSON CITY
                                          MONTH:    APRIL
                                          YEAR:     2019
                                          LATITUDE:   38 35 N
                                          LONGITUDE:  92 10 W

[TEMPERATURE DATA]      [PRECIPITATION DATA]       SYMBOLS USED IN COLUMN 16

AVERAGE MONTHLY: 58.3   TOTAL FOR MONTH:   2.12    1 = FOG OR MIST
DPTR FM NORMAL:   2.9   DPTR FM NORMAL:   -1.04    2 = FOG REDUCING VISIBILITY
HIGHEST:    87 ON 10    GRTST 24HR  0.72 ON 14-14      TO 1/4 MILE OR LESS
LOWEST:     29 ON  1                               3 = THUNDER
                        SNOW, ICE PELLETS, HAIL    4 = ICE PELLETS
                        TOTAL MONTH:   0.0 INCH    5 = HAIL
                        GRTST 24HR     0.0         6 = FREEZING RAIN OR DRIZZLE
                        GRTST DEPTH:   0           7 = DUSTSTORM OR SANDSTORM:
                                                       VSBY 1/2 MILE OR LESS
                                                   8 = SMOKE OR HAZE
[NO. OF DAYS WITH]      [WEATHER - DAYS WITH]      9 = BLOWING SNOW
                                                   X = TORNADO
MAX 32 OR BELOW:   0    0.01 INCH OR MORE:   7
MAX 90 OR ABOVE:   0    0.10 INCH OR MORE:   7
MIN 32 OR BELOW:   1    0.50 INCH OR MORE:   2
MIN  0 OR BELOW:   0    1.00 INCH OR MORE:   0

[HDD (BASE 65) ]
TOTAL THIS MO.   189    CLEAR  (SCALE 0-3)  13
DPTR FM NORMAL   -61    PTCLDY (SCALE 4-7)   9
TOTAL FM JUL 1  4650    CLOUDY (SCALE 8-10)  2
DPTR FM NORMAL   136

[CDD (BASE 65) ]
TOTAL THIS MO.    34
DPTR FM NORMAL    11    [PRESSURE DATA]
TOTAL FM JAN 1    34    HIGHEST SLP M ON M
DPTR FM NORMAL     7    LOWEST  SLP 29.41 ON 11

[REMARKS]
