000
CXUS51 KOKX 160703
CF6JFK
PRELIMINARY LOCAL CLIMATOLOGICAL DATA (WS FORM: F-6)

                                          STATION:   KENNEDY NY
                                          MONTH:     FEBRUARY
                                          YEAR:      2019
                                          LATITUDE:   40 39 N
                                          LONGITUDE:  73 47 W

  TEMPERATURE IN F:       :PCPN:    SNOW:  WIND      :SUNSHINE: SKY     :PK WND
================================================================================
1   2   3   4   5  6A  6B    7    8   9   10  11  12  13   14  15   16   17  18
                                     12Z  AVG MX 2MIN
DY MAX MIN AVG DEP HDD CDD  WTR  SNW DPTH SPD SPD DIR MIN PSBL S-S WX    SPD DR
================================================================================

 1  22  11  17 -16  48   0 0.00  0.0    0  9.8 21 300   M    M   5        27 300
 2  32  16  24  -9  41   0 0.00  0.0    0 12.4 24 250   M    M   7        28 240
 3  49  25  37   4  28   0 0.00  0.0    0  7.4 17 190   M    M   5 18     20 190
 4  53  30  42   9  23   0 0.00  0.0    0  5.0 12 170   M    M   2 1      15 180
 5  60  32  46  12  19   0 0.00  0.0    0  6.1 18 360   M    M   7 128    22 360
 6  45  33  39   5  26   0 0.50  0.0    0 10.5 17 100   M    M   7 1      23 110
 7  44  39  42   8  23   0 0.15  0.0    0  9.0 17  10   M    M  10 1      21  30
 8  55  32  44  10  21   0 0.15  0.0    0 15.3 32 290   M    M   6 12     43 270
 9  34  24  29  -5  36   0 0.00  0.0    0 21.0 35 310   M    M   3        43 310
10  35  22  29  -5  36   0 0.00  0.0    0  9.4 17 320   M    M   5        21 320
11  37  29  33  -1  32   0    T    T    0  6.1 14 220   M    M  10 1      16 230
12  37  26  32  -2  33   0 0.86  1.2    0 14.7 26  90   M    M  10 146    34  90
13  42  33  38   3  27   0 0.03    T    1 16.5 36 250   M    M   7 1      45 270
14  46  33  40   5  25   0 0.00  0.0    0 14.0 29 270   M    M   7        37 270
15  54  38  46  11  19   0    T    M    0 16.4 28 170   M    M   9        36 160
================================================================================
SM  645  423       437   0  1.69     1.2 173.6          M      100
================================================================================
AV 43.0 28.2                              11.6 FASTST   M    M   7    MAX(MPH)
                                 MISC ---->  # 36 250               # 45  270
================================================================================
NOTES:
# LAST OF SEVERAL OCCURRENCES

COLUMN 17 PEAK WIND IN M.P.H.

PRELIMINARY LOCAL CLIMATOLOGICAL DATA (WS FORM: F-6) , PAGE 2

                                          STATION:  KENNEDY NY
                                          MONTH:    FEBRUARY
                                          YEAR:     2019
                                          LATITUDE:   40 39 N
                                          LONGITUDE:  73 47 W

[TEMPERATURE DATA]      [PRECIPITATION DATA]       SYMBOLS USED IN COLUMN 16

AVERAGE MONTHLY: 35.6   TOTAL FOR MONTH:   1.69    1 = FOG OR MIST
DPTR FM NORMAL:   1.7   DPTR FM NORMAL:    0.36    2 = FOG REDUCING VISIBILITY
HIGHEST:    60 ON  5    GRTST 24HR  0.86 ON 12-12      TO 1/4 MILE OR LESS
LOWEST:     11 ON  1                               3 = THUNDER
                        SNOW, ICE PELLETS, HAIL    4 = ICE PELLETS
                        TOTAL MONTH:   1.2 INCHES  5 = HAIL
                        GRTST 24HR   1.2 ON 12-12  6 = FREEZING RAIN OR DRIZZLE
                        GRTST DEPTH:   1 ON 13     7 = DUSTSTORM OR SANDSTORM:
                                                       VSBY 1/2 MILE OR LESS
                                                   8 = SMOKE OR HAZE
[NO. OF DAYS WITH]      [WEATHER - DAYS WITH]      9 = BLOWING SNOW
                                                   X = TORNADO
MAX 32 OR BELOW:   2    0.01 INCH OR MORE:   5
MAX 90 OR ABOVE:   0    0.10 INCH OR MORE:   4
MIN 32 OR BELOW:  10    0.50 INCH OR MORE:   2
MIN  0 OR BELOW:   0    1.00 INCH OR MORE:   0

[HDD (BASE 65) ]
TOTAL THIS MO.   437    CLEAR  (SCALE 0-3)   2
DPTR FM NORMAL   -30    PTCLDY (SCALE 4-7)   9
TOTAL FM JUL 1  3104    CLOUDY (SCALE 8-10)  4
DPTR FM NORMAL   -33

[CDD (BASE 65) ]
TOTAL THIS MO.     0
DPTR FM NORMAL     0    [PRESSURE DATA]
TOTAL FM JAN 1     0    HIGHEST SLP M ON M
DPTR FM NORMAL     0    LOWEST  SLP 29.55 ON 13

[REMARKS]
