000
CXUS51 KOKX 240703
CF6JFK
PRELIMINARY LOCAL CLIMATOLOGICAL DATA (WS FORM: F-6)

                                          STATION:   KENNEDY NY
                                          MONTH:     APRIL
                                          YEAR:      2019
                                          LATITUDE:   40 39 N
                                          LONGITUDE:  73 47 W

  TEMPERATURE IN F:       :PCPN:    SNOW:  WIND      :SUNSHINE: SKY     :PK WND
================================================================================
1   2   3   4   5  6A  6B    7    8   9   10  11  12  13   14  15   16   17  18
                                     12Z  AVG MX 2MIN
DY MAX MIN AVG DEP HDD CDD  WTR  SNW DPTH SPD SPD DIR MIN PSBL S-S WX    SPD DR
================================================================================

 1  47  32  40  -6  25   0 0.00  0.0    0 16.7 30 290   M    M   2        38 300
 2  49  31  40  -7  25   0 0.05  0.0    0 11.7 21 120   M    M   8        25 110
 3  66  40  53   6  12   0 0.01  0.0    0 19.9 33 270   M    M   4        44 270
 4  61  42  52   4  13   0 0.00  0.0    0 13.1 28 300   M    M   5        36 300
 5  43  38  41  -7  24   0 0.23  0.0    0 10.2 20  40   M    M  10 1      22  30
 6  63  40  52   4  13   0    T  0.0    0  8.1 17 310   M    M   6 1      21 310
 7  59  45  52   4  13   0 0.00  0.0    0 10.3 21 180   M    M   7        26 170
 8  68  48  58   9   7   0 0.27  0.0    0  7.6 16  30   M    M   9 1      21 140
 9  48  43  46  -3  19   0 0.01  0.0    0  8.4 18 130   M    M  10 123    22 130
10  61  40  51   1  14   0 0.00  0.0    0 14.4 24 330   M    M   3 1      31 310
11  48  38  43  -7  22   0 0.00  0.0    0  7.9 16  10   M    M   8        20  20
12  62  45  54   4  11   0 0.61  0.0    0 14.1 31 180   M    M  10 13     39 180
13  69  53  61  11   4   0 0.36  0.0    0 10.4 26 190   M    M   9 12     33 190
14  63  51  57   6   8   0 0.00  0.0    0  9.6 28 180   M    M   9 12     35 180
15  61  46  54   3  11   0 0.52  0.0    0 24.3 39 270   M    M   8 123    52 300
16  66  44  55   3  10   0    T  0.0    0 18.5 29 300   M    M   4        41 270
17  57  47  52   0  13   0    T  0.0    0  9.7 17 170   M    M   6        21 170
18  58  49  54   2  11   0    T  0.0    0 18.4 29 110   M    M   9 1      37 110
19  70  54  62  10   3   0 0.02  0.0    0 21.6 33 190   M    M   8 1      40 180
20  62  53  58   5   7   0 0.56  0.0    0 17.3 32 160   M    M   9 12     42 160
21  62  51  57   4   8   0 0.01  0.0    0  9.7 18 160   M    M   8        23 160
22  62  50  56   3   9   0 0.48  0.0    0 10.5 18 350   M    M   9 1      27 340
23  70  56  63   9   2   0    T  0.0    0  9.3 17 160   M    M   6        21 340
================================================================================
SM 1375 1036       284   0  3.13     0.0 301.7          M      167
================================================================================
AV 59.8 45.0                              13.1 FASTST   M    M   7    MAX(MPH)
                                 MISC ---->  # 39 270               # 52  300
================================================================================
NOTES:
# LAST OF SEVERAL OCCURRENCES

COLUMN 17 PEAK WIND IN M.P.H.

PRELIMINARY LOCAL CLIMATOLOGICAL DATA (WS FORM: F-6) , PAGE 2

                                          STATION:  KENNEDY NY
                                          MONTH:    APRIL
                                          YEAR:     2019
                                          LATITUDE:   40 39 N
                                          LONGITUDE:  73 47 W

[TEMPERATURE DATA]      [PRECIPITATION DATA]       SYMBOLS USED IN COLUMN 16

AVERAGE MONTHLY: 52.4   TOTAL FOR MONTH:   3.13    1 = FOG OR MIST
DPTR FM NORMAL:   2.3   DPTR FM NORMAL:    0.11    2 = FOG REDUCING VISIBILITY
HIGHEST:    70 ON 23,19 GRTST 24HR  0.61 ON 12-12      TO 1/4 MILE OR LESS
LOWEST:     31 ON  2                               3 = THUNDER
                        SNOW, ICE PELLETS, HAIL    4 = ICE PELLETS
                        TOTAL MONTH:   0.0 INCH    5 = HAIL
                        GRTST 24HR     0.0         6 = FREEZING RAIN OR DRIZZLE
                        GRTST DEPTH:   0           7 = DUSTSTORM OR SANDSTORM:
                                                       VSBY 1/2 MILE OR LESS
                                                   8 = SMOKE OR HAZE
[NO. OF DAYS WITH]      [WEATHER - DAYS WITH]      9 = BLOWING SNOW
                                                   X = TORNADO
MAX 32 OR BELOW:   0    0.01 INCH OR MORE:  12
MAX 90 OR ABOVE:   0    0.10 INCH OR MORE:   7
MIN 32 OR BELOW:   2    0.50 INCH OR MORE:   3
MIN  0 OR BELOW:   0    1.00 INCH OR MORE:   0

[HDD (BASE 65) ]
TOTAL THIS MO.   284    CLEAR  (SCALE 0-3)   2
DPTR FM NORMAL   -61    PTCLDY (SCALE 4-7)  10
TOTAL FM JUL 1  4540    CLOUDY (SCALE 8-10) 11
DPTR FM NORMAL   -41

[CDD (BASE 65) ]
TOTAL THIS MO.     0
DPTR FM NORMAL     0    [PRESSURE DATA]
TOTAL FM JAN 1     0    HIGHEST SLP M ON M
DPTR FM NORMAL     0    LOWEST  SLP 29.29 ON 15

[REMARKS]
