000
CXUS55 KJKL 181000
CF6JKL
PRELIMINARY LOCAL CLIMATOLOGICAL DATA (WS FORM: F-6)

                                          STATION:   JACKSON KY
                                          MONTH:     APRIL
                                          YEAR:      2019
                                          LATITUDE:   37 35 N
                                          LONGITUDE:  83 19 W

  TEMPERATURE IN F:       :PCPN:    SNOW:  WIND      :SUNSHINE: SKY     :PK WND
================================================================================
1   2   3   4   5  6A  6B    7    8   9   10  11  12  13   14  15   16   17  18
                                     12Z  AVG MX 2MIN
DY MAX MIN AVG DEP HDD CDD  WTR  SNW DPTH SPD SPD DIR MIN PSBL S-S WX    SPD DR
================================================================================

 1  50  24  37 -16  28   0 0.00  0.0    0  2.4  8 160   M    M   0        15 360
 2  55  35  45  -8  20   0 0.00  0.0    0  3.2 10 190   M    M   5        16 170
 3  69  40  55   1  10   0 0.00  0.0    0  5.1 13 280   M    M   0        23 280
 4  76  49  63   9   2   0 0.00  0.0    0  3.1  9 270   M    M   1        16 200
 5  66  50  58   4   7   0 0.25  0.0    0  2.2  9 190   M    M  10 1      17 180
 6  73  54  64  10   1   0 0.00  0.0    0  1.8  7 200   M    M   7        10  80
 7  74  54  64   9   1   0 0.41  0.0    0  4.9 13 230   M    M   5 1      22 250
 8  65  57  61   6   4   0 0.34  0.0    0  2.2  8  30   M    M   8 12     16 220
 9  76  51  64   8   1   0 0.00  0.0    0  4.2 14 320   M    M   5 12     25 290
10  76  50  63   7   2   0 0.00  0.0    0  2.6  9 310   M    M   0        14 300
11  85  57  71  15   0   6 0.00  0.0    0  5.5 14 190   M    M   0        27 200
12  72  59  66  10   0   1 0.32  0.0    0  5.2 13 200   M    M   6 13     20 190
13  70  53  62   5   3   0    T  0.0    0  1.5  7  50   M    M   6        14 140
14  82  43  63   6   2   0 0.55  0.0    0  7.7 24 250   M    M   7 13     51 260
15  46  36  41 -16  24   0 0.03    T    0  5.5 17 260   M    M   8 1      30 240
16  78  36  57  -1   8   0 0.00  0.0    0  4.5 14 230   M    M   0        28 270
17  79  60  70  12   0   5 0.00  0.0    0  4.2 10 230   M    M   1        18 250
================================================================================
SM 1192  808       113  12  1.90    T     65.8          M       69
================================================================================
AV 70.1 47.5                               3.9 FASTST   M    M   4    MAX(MPH)
                                 MISC ---->  # 24 250               # 51  260
================================================================================
NOTES:
# LAST OF SEVERAL OCCURRENCES

COLUMN 17 PEAK WIND IN M.P.H.

PRELIMINARY LOCAL CLIMATOLOGICAL DATA (WS FORM: F-6) , PAGE 2

                                          STATION:  JACKSON KY
                                          MONTH:    APRIL
                                          YEAR:     2019
                                          LATITUDE:   37 35 N
                                          LONGITUDE:  83 19 W

[TEMPERATURE DATA]      [PRECIPITATION DATA]       SYMBOLS USED IN COLUMN 16

AVERAGE MONTHLY: 58.8   TOTAL FOR MONTH:   1.90    1 = FOG OR MIST
DPTR FM NORMAL:   3.4   DPTR FM NORMAL:   -0.21    2 = FOG REDUCING VISIBILITY
HIGHEST:    85 ON 11    GRTST 24HR  0.55 ON 14-14      TO 1/4 MILE OR LESS
LOWEST:     24 ON  1                               3 = THUNDER
                        SNOW, ICE PELLETS, HAIL    4 = ICE PELLETS
                        TOTAL MONTH:    T          5 = HAIL
                        GRTST 24HR    T  ON 15-15  6 = FREEZING RAIN OR DRIZZLE
                        GRTST DEPTH:   0           7 = DUSTSTORM OR SANDSTORM:
                                                       VSBY 1/2 MILE OR LESS
                                                   8 = SMOKE OR HAZE
[NO. OF DAYS WITH]      [WEATHER - DAYS WITH]      9 = BLOWING SNOW
                                                   X = TORNADO
MAX 32 OR BELOW:   0    0.01 INCH OR MORE:   6
MAX 90 OR ABOVE:   0    0.10 INCH OR MORE:   5
MIN 32 OR BELOW:   1    0.50 INCH OR MORE:   1
MIN  0 OR BELOW:   0    1.00 INCH OR MORE:   0

[HDD (BASE 65) ]
TOTAL THIS MO.   113    CLEAR  (SCALE 0-3)   7
DPTR FM NORMAL   -67    PTCLDY (SCALE 4-7)   9
TOTAL FM JUL 1  3889    CLOUDY (SCALE 8-10)  1
DPTR FM NORMAL  -144

[CDD (BASE 65) ]
TOTAL THIS MO.    12
DPTR FM NORMAL    -5    [PRESSURE DATA]
TOTAL FM JAN 1    12    HIGHEST SLP M ON M
DPTR FM NORMAL   -12    LOWEST  SLP 29.29 ON 14

[REMARKS]
