000
CXUS53 KSGF 240800
CF6JLN
PRELIMINARY LOCAL CLIMATOLOGICAL DATA (WS FORM: F-6)

                                          STATION:   JOPLIN MO
                                          MONTH:     AUGUST
                                          YEAR:      2019
                                          LATITUDE:   37 10 N
                                          LONGITUDE:  94 30 W

  TEMPERATURE IN F:       :PCPN:    SNOW:  WIND      :SUNSHINE: SKY     :PK WND
================================================================================
1   2   3   4   5  6A  6B    7    8   9   10  11  12  13   14  15   16   17  18
                                     12Z  AVG MX 2MIN
DY MAX MIN AVG DEP HDD CDD  WTR  SNW DPTH SPD SPD DIR MIN PSBL S-S WX    SPD DR
================================================================================

 1  82  70  76  -5   0  11 0.64    M    M  4.4 14 290   M    M   3 13     18 290
 2  79  73  76  -5   0  11 0.11    M    M  3.3 10 200   M    M   8 1      13 200
 3  84  71  78  -3   0  13 0.09    M    M  3.1 18 110   M    M   7 123    25 110
 4  89  68  79  -2   0  14 0.00    M    M  0.9  8  40   M    M   3 12     13  40
 5  90  70  80  -1   0  15 0.00    M    M  1.1  9 290   M    M   0 1      12 300
 6  92  70  81   0   0  16    T    M    M  3.5 23 300   M    M   1 3      31 300
 7  81  69  75  -6   0  10 0.55    M    M  3.6 29 230   M    M   2 13     39 240
 8  80  70  75  -6   0  10 0.84    M    M  4.8 22 230   M    M   6 13     31 240
 9  87  67  77  -4   0  12    T    M    M  0.9  8  50   M    M   5 12     13  80
10  93  72  83   2   0  18 0.00    M    M  2.8  9 170   M    M   2 12     13 180
11  91  78  85   5   0  20 0.01    M    M   M   M   M   M    M   3 1       M  M
12  93  78  86   6   0  21 0.00    M    M 11.9 24 200   M    M   0        31 190
13  88  73  81   1   0  16    T    M    M  3.8 17 330   M    M   0        25 340
14  89  69  79  -1   0  14 0.00    M    M  1.5  9 360   M    M   0 1      12 360
15  90  66  78  -2   0  13 0.00    M    M  6.5 12 160   M    M   0 1      17 180
16  78  68  73  -7   0   8 0.52    M    M  7.6 22  30   M    M   4 13     32  40
17  86  72  79  -1   0  14 0.02    M    M  9.4 21 340   M    M   2 13     28 150
18  89  69  79  -1   0  14 0.40    M    M  7.2 29 300   M    M   3 13     40 290
19  93  75  84   4   0  19 0.00    M    M  4.6 13 230   M    M   1        17 210
20  93  77  85   5   0  20 0.00    M    M  8.9 17 220   M    M   0        24 220
21  91  73  82   2   0  17 0.00    M    M  7.3 17  30   M    M   1 38     26  40
22  82  69  76  -3   0  11 0.58    M    M  3.2 18 290   M    M   4 13     29 310
23  80  71  76  -3   0  11 0.11  0.0    0  3.0 12  40   M    M   8 1      16  40
================================================================================
SM 2000 1638         0 328  3.87     0.0 103.3          M       63
================================================================================
AV 87.0 71.2                               4.7 FASTST   M    M   3    MAX(MPH)
                                 MISC ---->  # 29 230               # 40  290
================================================================================
NOTES:
# LAST OF SEVERAL OCCURRENCES

COLUMN 17 PEAK WIND IN M.P.H.

PRELIMINARY LOCAL CLIMATOLOGICAL DATA (WS FORM: F-6) , PAGE 2

                                          STATION:  JOPLIN MO
                                          MONTH:    AUGUST
                                          YEAR:     2019
                                          LATITUDE:   37 10 N
                                          LONGITUDE:  94 30 W

[TEMPERATURE DATA]      [PRECIPITATION DATA]       SYMBOLS USED IN COLUMN 16

AVERAGE MONTHLY: 79.1   TOTAL FOR MONTH:   3.87    1 = FOG OR MIST
DPTR FM NORMAL:  -1.3   DPTR FM NORMAL:    1.50    2 = FOG REDUCING VISIBILITY
HIGHEST:    93 ON 20,19 GRTST 24HR  0.84 ON  8- 8      TO 1/4 MILE OR LESS
LOWEST:     66 ON 15                               3 = THUNDER
                        SNOW, ICE PELLETS, HAIL    4 = ICE PELLETS
                        TOTAL MONTH:   0.0 INCH    5 = HAIL
                        GRTST 24HR     0.0         6 = FREEZING RAIN OR DRIZZLE
                        GRTST DEPTH:   0           7 = DUSTSTORM OR SANDSTORM:
                                                       VSBY 1/2 MILE OR LESS
                                                   8 = SMOKE OR HAZE
[NO. OF DAYS WITH]      [WEATHER - DAYS WITH]      9 = BLOWING SNOW
                                                   X = TORNADO
MAX 32 OR BELOW:   0    0.01 INCH OR MORE:  11
MAX 90 OR ABOVE:   9    0.10 INCH OR MORE:   8
MIN 32 OR BELOW:   0    0.50 INCH OR MORE:   5
MIN  0 OR BELOW:   0    1.00 INCH OR MORE:   0

[HDD (BASE 65) ]
TOTAL THIS MO.     0    CLEAR  (SCALE 0-3)  15
DPTR FM NORMAL     0    PTCLDY (SCALE 4-7)   8
TOTAL FM JUL 1     0    CLOUDY (SCALE 8-10)  0
DPTR FM NORMAL     0

[CDD (BASE 65) ]
TOTAL THIS MO.   328
DPTR FM NORMAL   -26    [PRESSURE DATA]
TOTAL FM JAN 1  1179    HIGHEST SLP M ON M
DPTR FM NORMAL  -146    LOWEST  SLP 29.76 ON 17

[REMARKS]
