000
CXUS53 KSGF 180800
CF6JLN
PRELIMINARY LOCAL CLIMATOLOGICAL DATA (WS FORM: F-6)

                                          STATION:   JOPLIN MO
                                          MONTH:     APRIL
                                          YEAR:      2019
                                          LATITUDE:   37 10 N
                                          LONGITUDE:  94 30 W

  TEMPERATURE IN F:       :PCPN:    SNOW:  WIND      :SUNSHINE: SKY     :PK WND
================================================================================
1   2   3   4   5  6A  6B    7    8   9   10  11  12  13   14  15   16   17  18
                                     12Z  AVG MX 2MIN
DY MAX MIN AVG DEP HDD CDD  WTR  SNW DPTH SPD SPD DIR MIN PSBL S-S WX    SPD DR
================================================================================

 1  52  27  40 -14  25   0 0.00    M    M  6.0 17 180   M    M   2        25 170
 2  66  35  51  -3  14   0 0.00    M    M  9.6 21 250   M    M   0        28 250
 3  72  45  59   5   6   0 0.02    M    M 10.0 25 180   M    M   2        34 170
 4  58  46  52  -3  13   0 0.26    M    M  4.4 17 170   M    M   9 1      27 170
 5  69  39  54  -1  11   0 0.00    M    M  3.3 10 130   M    M   3 128    14 120
 6  76  52  64   8   1   0 0.00    M    M 10.0 18 110   M    M   2        27  80
 7  77  58  68  12   0   3 0.00    M    M 10.5 22 230   M    M   1        29 230
 8  78  51  65   9   0   0 0.00    M    M  5.9 16 340   M    M   0 18     21 340
 9  85  49  67  11   0   2 0.00    M    M  5.0 13  80   M    M   0        18 100
10  87  63  75  18   0  10 0.00    M    M 21.9 39 190   M    M   0        53 190
11  76  41  59   2   6   0 0.00    M    M 19.3 33 190   M    M   1        46 180
12  58  32  45 -12  20   0 0.00    M    M  6.0 17 270   M    M   0        26 270
13  53  37  45 -13  20   0 0.38    M    M 12.6 25  70   M    M   4 1      39  30
14  60  37  49  -9  16   0 0.79    M    M 11.4 21  10   M    M   4 1      33 350
15  77  43  60   2   5   0 0.00    M    M 16.5 31 190   M    M   0        44 190
16  78  61  70  11   0   5 0.00    M    M 19.7 28 190   M    M   0         M 190
17  76  58  67   8   0   2 0.22    M    M 16.9 46 260   M    M   8 13     67 270
================================================================================
SM 1198  774       137  22  1.67    M    189.0          M       36
================================================================================
AV 70.5 45.5                              11.1 FASTST   M    M   2    MAX(MPH)
                                 MISC ---->  # 46 260               # 67  270
================================================================================
NOTES:
# LAST OF SEVERAL OCCURRENCES

COLUMN 17 PEAK WIND IN M.P.H.

PRELIMINARY LOCAL CLIMATOLOGICAL DATA (WS FORM: F-6) , PAGE 2

                                          STATION:  JOPLIN MO
                                          MONTH:    APRIL
                                          YEAR:     2019
                                          LATITUDE:   37 10 N
                                          LONGITUDE:  94 30 W

[TEMPERATURE DATA]      [PRECIPITATION DATA]       SYMBOLS USED IN COLUMN 16

AVERAGE MONTHLY: 58.0   TOTAL FOR MONTH:   1.67    1 = FOG OR MIST
DPTR FM NORMAL:   1.6   DPTR FM NORMAL:   -0.57    2 = FOG REDUCING VISIBILITY
HIGHEST:    87 ON 10    GRTST 24HR  0.79 ON 14-14      TO 1/4 MILE OR LESS
LOWEST:     27 ON  1                               3 = THUNDER
                        SNOW, ICE PELLETS, HAIL    4 = ICE PELLETS
                        TOTAL MONTH:    M          5 = HAIL
                        GRTST 24HR    M  ON   M    6 = FREEZING RAIN OR DRIZZLE
                        GRTST DEPTH:  M  ON   M    7 = DUSTSTORM OR SANDSTORM:
                                                       VSBY 1/2 MILE OR LESS
                                                   8 = SMOKE OR HAZE
[NO. OF DAYS WITH]      [WEATHER - DAYS WITH]      9 = BLOWING SNOW
                                                   X = TORNADO
MAX 32 OR BELOW:   0    0.01 INCH OR MORE:   5
MAX 90 OR ABOVE:   0    0.10 INCH OR MORE:   4
MIN 32 OR BELOW:   2    0.50 INCH OR MORE:   1
MIN  0 OR BELOW:   0    1.00 INCH OR MORE:   0

[HDD (BASE 65) ]
TOTAL THIS MO.   137    CLEAR  (SCALE 0-3)  13
DPTR FM NORMAL   -28    PTCLDY (SCALE 4-7)   3
TOTAL FM JUL 1  4280    CLOUDY (SCALE 8-10)  1
DPTR FM NORMAL   353

[CDD (BASE 65) ]
TOTAL THIS MO.    22
DPTR FM NORMAL     4    [PRESSURE DATA]
TOTAL FM JAN 1    22    HIGHEST SLP M ON M
DPTR FM NORMAL    -6    LOWEST  SLP 29.35 ON 11

[REMARKS]
