000
CXUS53 KBIS 230803
CF6JMS
PRELIMINARY LOCAL CLIMATOLOGICAL DATA (WS FORM: F-6)

                                          STATION:   JAMESTOWN ND
                                          MONTH:     FEBRUARY
                                          YEAR:      2019
                                          LATITUDE:   46 55 N
                                          LONGITUDE:  98 40 W

  TEMPERATURE IN F:       :PCPN:    SNOW:  WIND      :SUNSHINE: SKY     :PK WND
================================================================================
1   2   3   4   5  6A  6B    7    8   9   10  11  12  13   14  15   16   17  18
                                     12Z  AVG MX 2MIN
DY MAX MIN AVG DEP HDD CDD  WTR  SNW DPTH SPD SPD DIR MIN PSBL S-S WX    SPD DR
================================================================================

 1  24   4  14   3  51   0 0.00    M    M 11.5 25 180   M    M   4 1      32 180
 2  17   4  11   0  54   0    T    M    M  7.9 20  30   M    M   7 1      24  10
 3  11  -9   1 -11  64   0    M    M    M 18.6 25  10   M    M   9 1289   31  10
 4  -7 -11  -9 -21  74   0    T    M    M 18.0 28 320   M    M   7 18     35 320
 5  -3 -10  -6 -18  71   0    T    M    M  8.1 13  20   M    M  10        16 350
 6  -2  -6  -4 -16  69   0    T    M    M 17.4 25 350   M    M  10 1      31 350
 7  -6 -17 -11 -23  76   0    T    M    M 24.3 30 340   M    M  10 18     39 340
 8  -8 -25 -16 -29  81   0 0.00    M    M  6.0 21 320   M    M   1 8      26 300
 9  -2 -16  -9 -22  74   0    T    M    M  9.2 17  80   M    M   6        21  80
10   1 -20  -9 -22  74   0 0.01    M    M  7.5 14  10   M    M   6 18     17  20
11  13 -15  -1 -15  66   0    M    M    M  8.8 20 110   M    M  10 12     25 100
12  13 -13   0 -14  65   0 0.03    M    M 14.0 26 310   M    M   3 18     32 320
13   7 -17  -5 -19  70   0    T    M    M  7.3 20 330   M    M   4        24 330
14   6 -10  -2 -17  67   0    M    M    M 20.7 31 340   M    M   5 189    39 340
15   2 -18  -8 -23  73   0    T    M    M  6.5 16 300   M    M   0 18     19 300
16   8  -7   1 -14  64   0 0.00    M    M  9.2 16  80   M    M   9        22  80
17  13   3   8  -8  57   0 0.00    M    M 11.6 17 360   M    M   9        21 360
18   5 -10  -2 -18  67   0 0.00    M    M  6.7 15 340   M    M   2        17 340
19  10 -15  -2 -18  67   0    T    M    M  7.3 14 170   M    M   1 18     18 190
20  16   8  12  -5  53   0    M    M    M 11.5 16 340   M    M  10 1      20 340
21  16   1   9  -8  56   0    T    M    M  8.3 16 340   M    M   7 18     20 320
22  13  -9   2 -16  63   0 0.05    M    M  5.8 13 110   M    M   6 18     16 100
================================================================================
SM  147 -208      1456   0  0.09    M    246.2          M      136
================================================================================
AV  6.7 -9.4                              11.2 FASTST   M    M   6    MAX(MPH)
                                 MISC ---->  # 31 340               # 39  340
================================================================================
NOTES:
# LAST OF SEVERAL OCCURRENCES

COLUMN 17 PEAK WIND IN M.P.H.

PRELIMINARY LOCAL CLIMATOLOGICAL DATA (WS FORM: F-6) , PAGE 2

                                          STATION:  JAMESTOWN ND
                                          MONTH:    FEBRUARY
                                          YEAR:     2019
                                          LATITUDE:   46 55 N
                                          LONGITUDE:  98 40 W

[TEMPERATURE DATA]      [PRECIPITATION DATA]       SYMBOLS USED IN COLUMN 16

AVERAGE MONTHLY: -1.4   TOTAL FOR MONTH:   0.09    1 = FOG OR MIST
DPTR FM NORMAL: -15.4   DPTR FM NORMAL:   -0.19    2 = FOG REDUCING VISIBILITY
HIGHEST:    24 ON  1    GRTST 24HR  0.05 ON 22-22      TO 1/4 MILE OR LESS
LOWEST:    -25 ON  8                               3 = THUNDER
                        SNOW, ICE PELLETS, HAIL    4 = ICE PELLETS
                        TOTAL MONTH:    M          5 = HAIL
                        GRTST 24HR    M  ON   M    6 = FREEZING RAIN OR DRIZZLE
                        GRTST DEPTH:  M  ON   M    7 = DUSTSTORM OR SANDSTORM:
                                                       VSBY 1/2 MILE OR LESS
                                                   8 = SMOKE OR HAZE
[NO. OF DAYS WITH]      [WEATHER - DAYS WITH]      9 = BLOWING SNOW
                                                   X = TORNADO
MAX 32 OR BELOW:  22    0.01 INCH OR MORE:   3
MAX 90 OR ABOVE:   0    0.10 INCH OR MORE:   0
MIN 32 OR BELOW:  22    0.50 INCH OR MORE:   0
MIN  0 OR BELOW:  17    1.00 INCH OR MORE:   0

[HDD (BASE 65) ]
TOTAL THIS MO.  1456    CLEAR  (SCALE 0-3)   4
DPTR FM NORMAL   335    PTCLDY (SCALE 4-7)  10
TOTAL FM JUL 1  6965    CLOUDY (SCALE 8-10)  8
DPTR FM NORMAL   482

[CDD (BASE 65) ]
TOTAL THIS MO.     0
DPTR FM NORMAL     0    [PRESSURE DATA]
TOTAL FM JAN 1     0    HIGHEST SLP M ON M
DPTR FM NORMAL     0    LOWEST  SLP 29.63 ON  2

[REMARKS]
