000
CXUS53 KBIS 220725
CF6JMS
PRELIMINARY LOCAL CLIMATOLOGICAL DATA (WS FORM: F-6)

                                          STATION:   JAMESTOWN ND
                                          MONTH:     JULY
                                          YEAR:      2019
                                          LATITUDE:   46 55 N
                                          LONGITUDE:  98 40 W

  TEMPERATURE IN F:       :PCPN:    SNOW:  WIND      :SUNSHINE: SKY     :PK WND
================================================================================
1   2   3   4   5  6A  6B    7    8   9   10  11  12  13   14  15   16   17  18
                                     12Z  AVG MX 2MIN
DY MAX MIN AVG DEP HDD CDD  WTR  SNW DPTH SPD SPD DIR MIN PSBL S-S WX    SPD DR
================================================================================

 1  84  61  73   5   0   8 0.00    M    M  4.7 12 360   M    M   1        14 360
 2  90  57  74   6   0   9 0.03    M    M  6.0 24 340   M    M   2 13     31 340
 3  83  61  72   4   0   7 1.21    M    M  7.6 31 300   M    M   4 138    41 300
 4  76  61  69   0   0   4 0.00    M    M  7.1 16  30   M    M   6        20  30
 5  76  61  69   0   0   4    T    M    M  5.5 14  70   M    M   7        17  90
 6  78  55  67  -2   0   2 0.00    M    M  4.8 12  20   M    M   0        17  50
 7  83  55  69   0   0   4 0.00    M    M  8.0 17 140   M    M   1 8      23 140
 8  88  65  77   8   0  12 1.10    M    M 15.2 31 340   M    M   4 13     42 340
 9  74  64  69   0   0   4 1.14    M    M  9.2 20 260   M    M   8 13     30 270
10  78  63  71   1   0   6 0.02    M    M 14.5 29 340   M    M   6 1      42 330
11  85  59  72   2   0   7 0.00    M    M 10.0 22 200   M    M   0 13     28 190
12  83  67  75   5   0  10 0.09    M    M  6.0 14 340   M    M   1 13     21 250
13  85  67  76   6   0  11 0.16    M    M  6.9 18 340   M    M   4 13     27 350
14  89  65  77   7   0  12    T    M    M  6.7 13 180   M    M   1 1      17 170
15  86  67  77   7   0  12 0.00    M    M  8.1 17 320   M    M   1 1      23 340
16  83  62  73   3   0   8    T    M    M  5.0 15  20   M    M   2 3      20  20
17  81  63  72   2   0   7 0.12    M    M  8.7 21  20   M    M   4 13     31  30
18  81  63  72   2   0   7 0.26    M    M  9.3 40 260   M    M   2 13     60 260
19  82  63  73   3   0   8 0.09    M    M  5.3 20 350   M    M   3 1      27 340
20  79  60  70   0   0   5 0.02    M    M  7.4 16 320   M    M   1        22 290
21  74  55  65  -5   0   0    T    M    M  5.8 17 300   M    M   1        23 300
================================================================================
SM 1718 1294         0 147  4.24    M    161.8          M       59
================================================================================
AV 81.8 61.6                               7.7 FASTST   M    M   3    MAX(MPH)
                                 MISC ---->  # 40 260               # 60  260
================================================================================
NOTES:
# LAST OF SEVERAL OCCURRENCES

COLUMN 17 PEAK WIND IN M.P.H.

PRELIMINARY LOCAL CLIMATOLOGICAL DATA (WS FORM: F-6) , PAGE 2

                                          STATION:  JAMESTOWN ND
                                          MONTH:    JULY
                                          YEAR:     2019
                                          LATITUDE:   46 55 N
                                          LONGITUDE:  98 40 W

[TEMPERATURE DATA]      [PRECIPITATION DATA]       SYMBOLS USED IN COLUMN 16

AVERAGE MONTHLY: 71.7   TOTAL FOR MONTH:   4.24    1 = FOG OR MIST
DPTR FM NORMAL:   2.3   DPTR FM NORMAL:    1.76    2 = FOG REDUCING VISIBILITY
HIGHEST:    90 ON  2    GRTST 24HR  1.21 ON  3- 3      TO 1/4 MILE OR LESS
LOWEST:     55 ON 21, 7                            3 = THUNDER
                        SNOW, ICE PELLETS, HAIL    4 = ICE PELLETS
                        TOTAL MONTH:    M          5 = HAIL
                        GRTST 24HR    M  ON   M    6 = FREEZING RAIN OR DRIZZLE
                        GRTST DEPTH:  M  ON   M    7 = DUSTSTORM OR SANDSTORM:
                                                       VSBY 1/2 MILE OR LESS
                                                   8 = SMOKE OR HAZE
[NO. OF DAYS WITH]      [WEATHER - DAYS WITH]      9 = BLOWING SNOW
                                                   X = TORNADO
MAX 32 OR BELOW:   0    0.01 INCH OR MORE:  11
MAX 90 OR ABOVE:   1    0.10 INCH OR MORE:   6
MIN 32 OR BELOW:   0    0.50 INCH OR MORE:   3
MIN  0 OR BELOW:   0    1.00 INCH OR MORE:   3

[HDD (BASE 65) ]
TOTAL THIS MO.     0    CLEAR  (SCALE 0-3)  12
DPTR FM NORMAL   -19    PTCLDY (SCALE 4-7)   9
TOTAL FM JUL 1     0    CLOUDY (SCALE 8-10)  0
DPTR FM NORMAL   -19

[CDD (BASE 65) ]
TOTAL THIS MO.   147
DPTR FM NORMAL    32    [PRESSURE DATA]
TOTAL FM JAN 1   248    HIGHEST SLP M ON M
DPTR FM NORMAL    33    LOWEST  SLP 29.60 ON 19

[REMARKS]
