000
CXUS53 KBIS 180803
CF6JMS
PRELIMINARY LOCAL CLIMATOLOGICAL DATA (WS FORM: F-6)

                                          STATION:   JAMESTOWN ND
                                          MONTH:     APRIL
                                          YEAR:      2019
                                          LATITUDE:   46 55 N
                                          LONGITUDE:  98 40 W

  TEMPERATURE IN F:       :PCPN:    SNOW:  WIND      :SUNSHINE: SKY     :PK WND
================================================================================
1   2   3   4   5  6A  6B    7    8   9   10  11  12  13   14  15   16   17  18
                                     12Z  AVG MX 2MIN
DY MAX MIN AVG DEP HDD CDD  WTR  SNW DPTH SPD SPD DIR MIN PSBL S-S WX    SPD DR
================================================================================

 1  43  25  34  -1  31   0 0.00    M    M  9.1 18 290   M    M   6        24 230
 2  41  31  36   0  29   0    T    M    M 16.1 32 310   M    M   6 1      45 310
 3  40  20  30  -6  35   0    T    M    M  7.0 14 130   M    M   0 1      20 130
 4  40  28  34  -3  31   0 0.00    M    M 15.6 26 170   M    M   9 1      36 170
 5  50  33  42   5  23   0 0.02    M    M 10.1 23 190   M    M   8 12     30 190
 6  45  35  40   2  25   0    T    M    M 11.3 18  70   M    M  10 12     25  70
 7  64  40  52  14  13   0    T    M    M 10.7 29 290   M    M   5 12     38 300
 8  64  37  51  12  14   0 0.01    M    M 11.6 29 310   M    M   4        35 300
 9  38  24  31  -9  34   0 0.00    M    M 10.8 17  40   M    M   7 12     24  40
10  31  23  27 -13  38   0 0.00    M    M 15.0 21  30   M    M   6        27  40
11  30  26  28 -12  37   0    M    M    M 20.7 32  30   M    M   9 128    45  40
12  31  26  29 -12  36   0    M    M    M 18.1 26  30   M    M  10 1      34  30
13  46  18  32 -10  33   0 0.00    M    M  7.7 15 320   M    M   1        18 310
14  44  20  32 -10  33   0 0.00    M    M 13.1 23 180   M    M   1        30 190
15  60  30  45   3  20   0    T    M    M 11.5 17 250   M    M   6        24 220
16  66  30  48   5  17   0    T    M    M  4.8 14 150   M    M   3        19 150
17  47  39  43  -1  22   0 0.22    M    M  8.3 18  40   M    M   9 1      24  30
================================================================================
SM  780  485       471   0  0.25    M    201.5          M      100
================================================================================
AV 45.9 28.5                              11.9 FASTST   M    M   6    MAX(MPH)
                                 MISC ---->  # 32 310               # 45  310
================================================================================
NOTES:
# LAST OF SEVERAL OCCURRENCES

COLUMN 17 PEAK WIND IN M.P.H.

PRELIMINARY LOCAL CLIMATOLOGICAL DATA (WS FORM: F-6) , PAGE 2

                                          STATION:  JAMESTOWN ND
                                          MONTH:    APRIL
                                          YEAR:     2019
                                          LATITUDE:   46 55 N
                                          LONGITUDE:  98 40 W

[TEMPERATURE DATA]      [PRECIPITATION DATA]       SYMBOLS USED IN COLUMN 16

AVERAGE MONTHLY: 37.2   TOTAL FOR MONTH:   0.25    1 = FOG OR MIST
DPTR FM NORMAL:  -2.2   DPTR FM NORMAL:   -0.30    2 = FOG REDUCING VISIBILITY
HIGHEST:    66 ON 16    GRTST 24HR  0.22 ON 17-17      TO 1/4 MILE OR LESS
LOWEST:     18 ON 13                               3 = THUNDER
                        SNOW, ICE PELLETS, HAIL    4 = ICE PELLETS
                        TOTAL MONTH:    M          5 = HAIL
                        GRTST 24HR    M  ON   M    6 = FREEZING RAIN OR DRIZZLE
                        GRTST DEPTH:  M  ON   M    7 = DUSTSTORM OR SANDSTORM:
                                                       VSBY 1/2 MILE OR LESS
                                                   8 = SMOKE OR HAZE
[NO. OF DAYS WITH]      [WEATHER - DAYS WITH]      9 = BLOWING SNOW
                                                   X = TORNADO
MAX 32 OR BELOW:   3    0.01 INCH OR MORE:   3
MAX 90 OR ABOVE:   0    0.10 INCH OR MORE:   1
MIN 32 OR BELOW:  12    0.50 INCH OR MORE:   0
MIN  0 OR BELOW:   0    1.00 INCH OR MORE:   0

[HDD (BASE 65) ]
TOTAL THIS MO.   471    CLEAR  (SCALE 0-3)   4
DPTR FM NORMAL    33    PTCLDY (SCALE 4-7)   8
TOTAL FM JUL 1  9215    CLOUDY (SCALE 8-10)  5
DPTR FM NORMAL   857

[CDD (BASE 65) ]
TOTAL THIS MO.     0
DPTR FM NORMAL     0    [PRESSURE DATA]
TOTAL FM JAN 1     0    HIGHEST SLP M ON M
DPTR FM NORMAL     0    LOWEST  SLP 29.66 ON 15

[REMARKS]
