000
CXUS53 KBIS 210803
CF6JMS
PRELIMINARY LOCAL CLIMATOLOGICAL DATA (WS FORM: F-6)

                                          STATION:   JAMESTOWN ND
                                          MONTH:     SEPTEMBER
                                          YEAR:      2019
                                          LATITUDE:   46 55 N
                                          LONGITUDE:  98 40 W

  TEMPERATURE IN F:       :PCPN:    SNOW:  WIND      :SUNSHINE: SKY     :PK WND
================================================================================
1   2   3   4   5  6A  6B    7    8   9   10  11  12  13   14  15   16   17  18
                                     12Z  AVG MX 2MIN
DY MAX MIN AVG DEP HDD CDD  WTR  SNW DPTH SPD SPD DIR MIN PSBL S-S WX    SPD DR
================================================================================

 1  75  61  68   4   0   3 0.00    M    M  3.9 10 250   M    M   8        16 260
 2  69  53  61  -3   4   0 1.04    M    M  7.2 58 330   M    M   8 13     86 340
 3  67  47  57  -6   8   0 0.00    M    M 13.7 26 320   M    M   3 1      42 340
 4  74  41  58  -5   7   0 0.00    M    M  8.7 20 170   M    M   0 1      28 170
 5  72  56  64   2   1   0 0.00    M    M 10.9 23 320   M    M   2        33 320
 6  73  53  63   1   2   0 0.00    M    M  6.0 14 340   M    M   0        20 340
 7  57  49  53  -8  12   0 0.34    M    M  8.8 17  70   M    M   9 1      23  70
 8  63  48  56  -5   9   0    T    M    M  7.7 13 130   M    M   9        17 100
 9  60  55  58  -2   7   0 0.66    M    M  9.7 22 110   M    M  10 1      35 100
10  71  52  62   2   3   0 0.00    M    M  8.1 15 300   M    M   7 1      23 300
11  61  53  57  -3   8   0    T    M    M 11.1 18  70   M    M  10 1      26  50
12  55  49  52  -7  13   0 0.61    M    M 12.7 22 340   M    M  10 1      32  90
13  63  45  54  -5  11   0 0.04    M    M 13.1 23 300   M    M   5 1      31 310
14  76  46  61   3   4   0 0.00    M    M  5.2 14 170   M    M   1        20 170
15  85  51  68  10   0   3 0.00    M    M  6.1 14 150   M    M   0        21 160
16  88  64  76  19   0  11 0.00    M    M 12.4 18 170   M    M   0        27 170
17  85  68  77  20   0  12 0.00    M    M 13.0 22 170   M    M   0        29 170
18  79  58  69  13   0   4 0.00    M    M 13.2 26 280   M    M   1        35 240
19  80  49  65   9   0   0 0.00    M    M  7.7 18 120   M    M   1 12     24 130
20  87  63  75  19   0  10 0.05    M    M 14.3 28 170   M    M   3 13     38 170
================================================================================
SM 1440 1061        89  43  2.74    M    193.5          M       87
================================================================================
AV 72.0 53.1                               9.7 FASTST   M    M   4    MAX(MPH)
                                 MISC ---->  # 58 330               # 86  340
================================================================================
NOTES:
# LAST OF SEVERAL OCCURRENCES

COLUMN 17 PEAK WIND IN M.P.H.

PRELIMINARY LOCAL CLIMATOLOGICAL DATA (WS FORM: F-6) , PAGE 2

                                          STATION:  JAMESTOWN ND
                                          MONTH:    SEPTEMBER
                                          YEAR:     2019
                                          LATITUDE:   46 55 N
                                          LONGITUDE:  98 40 W

[TEMPERATURE DATA]      [PRECIPITATION DATA]       SYMBOLS USED IN COLUMN 16

AVERAGE MONTHLY: 62.5   TOTAL FOR MONTH:   2.74    1 = FOG OR MIST
DPTR FM NORMAL:   2.7   DPTR FM NORMAL:    1.31    2 = FOG REDUCING VISIBILITY
HIGHEST:    88 ON 16    GRTST 24HR  1.04 ON  2- 2      TO 1/4 MILE OR LESS
LOWEST:     41 ON  4                               3 = THUNDER
                        SNOW, ICE PELLETS, HAIL    4 = ICE PELLETS
                        TOTAL MONTH:    M          5 = HAIL
                        GRTST 24HR    M  ON   M    6 = FREEZING RAIN OR DRIZZLE
                        GRTST DEPTH:  M  ON   M    7 = DUSTSTORM OR SANDSTORM:
                                                       VSBY 1/2 MILE OR LESS
                                                   8 = SMOKE OR HAZE
[NO. OF DAYS WITH]      [WEATHER - DAYS WITH]      9 = BLOWING SNOW
                                                   X = TORNADO
MAX 32 OR BELOW:   0    0.01 INCH OR MORE:   6
MAX 90 OR ABOVE:   0    0.10 INCH OR MORE:   4
MIN 32 OR BELOW:   0    0.50 INCH OR MORE:   3
MIN  0 OR BELOW:   0    1.00 INCH OR MORE:   1

[HDD (BASE 65) ]
TOTAL THIS MO.    89    CLEAR  (SCALE 0-3)  11
DPTR FM NORMAL   -43    PTCLDY (SCALE 4-7)   4
TOTAL FM JUL 1   150    CLOUDY (SCALE 8-10)  5
DPTR FM NORMAL   -48

[CDD (BASE 65) ]
TOTAL THIS MO.    43
DPTR FM NORMAL    15    [PRESSURE DATA]
TOTAL FM JAN 1   395    HIGHEST SLP  0.00 ON M
DPTR FM NORMAL   -48    LOWEST  SLP 29.54 ON 17

[REMARKS]
