000
CXHW50 PHFO 211250
CF6JRF
PRELIMINARY LOCAL CLIMATOLOGICAL DATA (WS FORM: F-6)

                                          STATION:   KALAELOA ARPT/OAHU HI
                                          MONTH:     APRIL
                                          YEAR:      2019
                                          LATITUDE:   21 19 N
                                          LONGITUDE: 158  4 W

  TEMPERATURE IN F:       :PCPN:    SNOW:  WIND      :SUNSHINE: SKY     :PK WND
================================================================================
1   2   3   4   5  6A  6B    7    8   9   10  11  12  13   14  15   16   17  18
                                     12Z  AVG MX 2MIN
DY MAX MIN AVG DEP HDD CDD  WTR  SNW DPTH SPD SPD DIR MIN PSBL S-S WX    SPD DR
================================================================================

 1  82  63  73  -2   0   8 0.00  0.0    M  6.3 15 290   M    M   M        20 250
 2  84  67  76   1   0  11 0.00  0.0    M  6.7 14  40   M    M   M        23  20
 3  85  66  76   1   0  11 0.00  0.0    M  6.0 12  40   M    M   M        18  90
 4  83  64  74  -1   0   9 0.00  0.0    M  6.5 16 120   M    M   M        24 120
 5  85  62  74  -1   0   9 0.00  0.0    M  6.9 17 290   M    M   M        24 280
 6  83  63  73  -2   0   8 0.00  0.0    M  7.7 17 290   M    M   M        23 280
 7  82  66  74  -1   0   9 0.00  0.0    M  5.6 12 170   M    M   M        16  20
 8  83  64  74  -1   0   9    T  0.0    M  6.7 14 160   M    M   M        18 150
 9  87  69  78   3   0  13 0.00  0.0    M  7.1 15  50   M    M   M        22  50
10  85  72  79   4   0  14 0.01  0.0    M  8.9 17  60   M    M   M        28  40
11  86  72  79   4   0  14    T  0.0    M 10.4 21  80   M    M   M        34 100
12  85  72  79   4   0  14    T  0.0    M  9.4 17  60   M    M   M        31  60
13  85  69  77   2   0  12    T  0.0    M  9.9 21  60   M    M   M 1      31  60
14  84  71  78   3   0  13 0.00  0.0    M  9.5 20  70   M    M   M        28  60
15  84  66  75   0   0  10 0.00  0.0    M  6.9 16  60   M    M   M        26  50
16  83  67  75   0   0  10 0.00  0.0    M  6.9 16 150   M    M   M        20 290
17  85  70  78   3   0  13 0.01  0.0    M  6.4 12  60   M    M   M 1      19  40
18  86  69  78   3   0  13 0.00  0.0    M  6.7 17 120   M    M   M        23 120
19  86  69  78   3   0  13 0.00  0.0    M  7.1 15  70   M    M   M        23  70
20  85  71  78   3   0  13 0.00  0.0    M  7.7 16  70   M    M   M        25  70
================================================================================
SM 1688 1352         0 226  0.02     0.0 149.3          M        M
================================================================================
AV 84.4 67.6                               7.5 FASTST   M    M   0    MAX(MPH)
                                 MISC ---->  # 21  80               # 34  100
================================================================================
NOTES:
# LAST OF SEVERAL OCCURRENCES

COLUMN 17 PEAK WIND IN M.P.H.

PRELIMINARY LOCAL CLIMATOLOGICAL DATA (WS FORM: F-6) , PAGE 2

                                          STATION:  KALAELOA ARPT/OAHU HI
                                          MONTH:    APRIL
                                          YEAR:     2019
                                          LATITUDE:   21 19 N
                                          LONGITUDE: 158  4 W

[TEMPERATURE DATA]      [PRECIPITATION DATA]       SYMBOLS USED IN COLUMN 16

AVERAGE MONTHLY: 76.0   TOTAL FOR MONTH:   0.02    1 = FOG OR MIST
DPTR FM NORMAL:   1.0   DPTR FM NORMAL:   -0.68    2 = FOG REDUCING VISIBILITY
HIGHEST:    87 ON  9    GRTST 24HR  0.01 ON 17-17      TO 1/4 MILE OR LESS
LOWEST:     62 ON  5                               3 = THUNDER
                        SNOW, ICE PELLETS, HAIL    4 = ICE PELLETS
                        TOTAL MONTH:   0.0 INCH    5 = HAIL
                        GRTST 24HR     0.0         6 = FREEZING RAIN OR DRIZZLE
                        GRTST DEPTH:  M  ON   M    7 = DUSTSTORM OR SANDSTORM:
                                                       VSBY 1/2 MILE OR LESS
                                                   8 = SMOKE OR HAZE
[NO. OF DAYS WITH]      [WEATHER - DAYS WITH]      9 = BLOWING SNOW
                                                   X = TORNADO
MAX 32 OR BELOW:   0    0.01 INCH OR MORE:   2
MAX 90 OR ABOVE:   0    0.10 INCH OR MORE:   0
MIN 32 OR BELOW:   0    0.50 INCH OR MORE:   0
MIN  0 OR BELOW:   0    1.00 INCH OR MORE:   0

[HDD (BASE 65) ]
TOTAL THIS MO.     0    CLEAR  (SCALE 0-3)   0
DPTR FM NORMAL     0    PTCLDY (SCALE 4-7)   0
TOTAL FM JUL 1     1    CLOUDY (SCALE 8-10)  0
DPTR FM NORMAL     1

[CDD (BASE 65) ]
TOTAL THIS MO.   226
DPTR FM NORMAL    26    [PRESSURE DATA]
TOTAL FM JAN 1   894    HIGHEST SLP M ON M
DPTR FM NORMAL   -27    LOWEST  SLP 29.98 ON  1

[REMARKS]
