000
CXHW50 PHFO 221250
CF6JRF
PRELIMINARY LOCAL CLIMATOLOGICAL DATA (WS FORM: F-6)

                                          STATION:   KALAELOA ARPT/OAHU HI
                                          MONTH:     AUGUST
                                          YEAR:      2019
                                          LATITUDE:   21 19 N
                                          LONGITUDE: 158  4 W

  TEMPERATURE IN F:       :PCPN:    SNOW:  WIND      :SUNSHINE: SKY     :PK WND
================================================================================
1   2   3   4   5  6A  6B    7    8   9   10  11  12  13   14  15   16   17  18
                                     12Z  AVG MX 2MIN
DY MAX MIN AVG DEP HDD CDD  WTR  SNW DPTH SPD SPD DIR MIN PSBL S-S WX    SPD DR
================================================================================

 1  92  78  85   4   0  20 0.00  0.0    M  9.6 17  60   M    M   M        32  70
 2  92  80  86   5   0  21 0.00  0.0    M  8.8 16  70   M    M   M        28  80
 3  90  79  85   4   0  20 0.00  0.0    M  6.4 16 120   M    M   M        22 120
 4  90  77  84   3   0  19 0.00  0.0    M  5.3 15 150   M    M   M        17 150
 5  93  75  84   3   0  19 0.18  0.0    M  5.8 14 210   M    M   M 1      19 210
 6  89  74  82   1   0  17 0.00  0.0    M  6.4 13 150   M    M   M        16 150
 7  88  78  83   2   0  18 0.13  0.0    M  5.1 15 150   M    M   M 1      19 150
 8  88  74  81   0   0  16 0.00  0.0    M  5.0 13 150   M    M   M        15 150
 9  88  72  80  -1   0  15 0.00  0.0    M  4.7 13 150   M    M   M        15 150
10  90  73  82   1   0  17 0.00  0.0    M  5.7 15 140   M    M   M        18 150
11  91  74  83   2   0  18 0.00  0.0    M  5.4 17 150   M    M   M        22 140
12  90  75  83   2   0  18 0.00  0.0    M  6.2 14 120   M    M   M        22 130
13  89  72  81   0   0  16 0.00  0.0    M  6.0 14 120   M    M   M        22 120
14  90  73  82   1   0  17 0.00  0.0    M  6.4 16 120   M    M   M        24 120
15  93  74  84   3   0  19 0.00  0.0    M  5.3 14  70   M    M   M        22  80
16  93  77  85   4   0  20 0.00  0.0    M  5.8 13  80   M    M   M        22  70
17  91  77  84   3   0  19 0.00  0.0    M  6.4 15 120   M    M   M        24 120
18  92  75  84   3   0  19 0.00  0.0    M  5.0 13 300   M    M   M        17 300
19  93  73  83   2   0  18    T  0.0    M  6.4 13  60   M    M   M        19  20
20  93  74  84   3   0  19 0.00  0.0    M  6.2 14  70   M    M   M        20  50
21  93  77  85   4   0  20 0.00  0.0    M  6.5 14  60   M    M   M 8      22  50
================================================================================
SM 1908 1581         0 385  0.31     0.0 128.4          M        M
================================================================================
AV 90.9 75.3                               6.1 FASTST   M    M   0    MAX(MPH)
                                 MISC ---->  # 17  60               # 32   70
================================================================================
NOTES:
# LAST OF SEVERAL OCCURRENCES

COLUMN 17 PEAK WIND IN M.P.H.

PRELIMINARY LOCAL CLIMATOLOGICAL DATA (WS FORM: F-6) , PAGE 2

                                          STATION:  KALAELOA ARPT/OAHU HI
                                          MONTH:    AUGUST
                                          YEAR:     2019
                                          LATITUDE:   21 19 N
                                          LONGITUDE: 158  4 W

[TEMPERATURE DATA]      [PRECIPITATION DATA]       SYMBOLS USED IN COLUMN 16

AVERAGE MONTHLY: 83.1   TOTAL FOR MONTH:   0.31    1 = FOG OR MIST
DPTR FM NORMAL:   2.1   DPTR FM NORMAL:   -0.18    2 = FOG REDUCING VISIBILITY
HIGHEST:    93 ON 21,20 GRTST 24HR  0.18 ON  5- 5      TO 1/4 MILE OR LESS
LOWEST:     72 ON 13, 9                            3 = THUNDER
                        SNOW, ICE PELLETS, HAIL    4 = ICE PELLETS
                        TOTAL MONTH:   0.0 INCH    5 = HAIL
                        GRTST 24HR     0.0         6 = FREEZING RAIN OR DRIZZLE
                        GRTST DEPTH:  M  ON   M    7 = DUSTSTORM OR SANDSTORM:
                                                       VSBY 1/2 MILE OR LESS
                                                   8 = SMOKE OR HAZE
[NO. OF DAYS WITH]      [WEATHER - DAYS WITH]      9 = BLOWING SNOW
                                                   X = TORNADO
MAX 32 OR BELOW:   0    0.01 INCH OR MORE:   2
MAX 90 OR ABOVE:  16    0.10 INCH OR MORE:   2
MIN 32 OR BELOW:   0    0.50 INCH OR MORE:   0
MIN  0 OR BELOW:   0    1.00 INCH OR MORE:   0

[HDD (BASE 65) ]
TOTAL THIS MO.     0    CLEAR  (SCALE 0-3)   0
DPTR FM NORMAL     0    PTCLDY (SCALE 4-7)   0
TOTAL FM JUL 1     0    CLOUDY (SCALE 8-10)  0
DPTR FM NORMAL     0

[CDD (BASE 65) ]
TOTAL THIS MO.   385
DPTR FM NORMAL    49    [PRESSURE DATA]
TOTAL FM JAN 1  2190    HIGHEST SLP M ON M
DPTR FM NORMAL  -411    LOWEST  SLP 29.92 ON M

[REMARKS]
