000
CXHW50 PHFO 171250
CF6JRF
PRELIMINARY LOCAL CLIMATOLOGICAL DATA (WS FORM: F-6)

                                          STATION:   KALAELOA ARPT/OAHU HI
                                          MONTH:     FEBRUARY
                                          YEAR:      2019
                                          LATITUDE:   21 19 N
                                          LONGITUDE: 158  4 W

  TEMPERATURE IN F:       :PCPN:    SNOW:  WIND      :SUNSHINE: SKY     :PK WND
================================================================================
1   2   3   4   5  6A  6B    7    8   9   10  11  12  13   14  15   16   17  18
                                     12Z  AVG MX 2MIN
DY MAX MIN AVG DEP HDD CDD  WTR  SNW DPTH SPD SPD DIR MIN PSBL S-S WX    SPD DR
================================================================================

 1  82  68  75   3   0  10 0.10  0.0    M  6.9 15  60   M    M   M 1      25  30
 2  82  69  76   4   0  11 0.02  0.0    M  6.3 16  60   M    M   M 1      25  40
 3  83  69  76   4   0  11 0.00  0.0    M  7.1 13  50   M    M   M        20  30
 4  82  66  74   2   0   9 0.00  0.0    M  7.5 14  60   M    M   M        21  40
 5  83  60  72   0   0   7 0.00  0.0    M  5.5 15 120   M    M   M 8      21 120
 6  81  63  72   0   0   7 0.13  0.0    M  5.5 21 310   M    M   M 1      23 310
 7  81  64  73   1   0   8 0.02  0.0    M  7.5 21 300   M    M   M 1      34 310
 8   M   M   M   M   M   M    M    M    M   M   M   M   M    M   M 1       M  M
 9  76  63  70  -2   0   5    T  0.0    M 13.8 35 300   M    M   M        41 300
10  76  61  69  -3   0   4 0.22  0.0    M 21.5 41 300   M    M   M 18     51 280
11  77  57  67  -5   0   2 0.01  0.0    M  7.7 26 300   M    M   M        35 290
12  80  61  71  -1   0   6 0.00  0.0    M  6.0 13  30   M    M   M        21  20
13  78  62  70  -2   0   5 0.14  0.0    M  7.6 18  30   M    M   M 1      27  30
14  76  60  68  -4   0   3 0.02  0.0    M  9.0 20  50   M    M   M 1      37  50
15  79  62  71  -1   0   6 0.01  0.0    M  6.7 18  30   M    M   M        27  30
16  80  67  74   2   0   9 0.01  0.0    M  7.3 16  40   M    M   M        25  40
================================================================================
SM 1196  952         0 103  0.68     0.0 125.9          M        M
================================================================================
AV 79.7 63.5                               8.4 FASTST   M    M   0    MAX(MPH)
                                 MISC ---->  # 41 300               # 51  280
================================================================================
NOTES:
# LAST OF SEVERAL OCCURRENCES

COLUMN 17 PEAK WIND IN M.P.H.

PRELIMINARY LOCAL CLIMATOLOGICAL DATA (WS FORM: F-6) , PAGE 2

                                          STATION:  KALAELOA ARPT/OAHU HI
                                          MONTH:    FEBRUARY
                                          YEAR:     2019
                                          LATITUDE:   21 19 N
                                          LONGITUDE: 158  4 W

[TEMPERATURE DATA]      [PRECIPITATION DATA]       SYMBOLS USED IN COLUMN 16

AVERAGE MONTHLY: 71.6   TOTAL FOR MONTH:   0.68    1 = FOG OR MIST
DPTR FM NORMAL:  -0.4   DPTR FM NORMAL:   -0.94    2 = FOG REDUCING VISIBILITY
HIGHEST:    83 ON  5, 3 GRTST 24HR  0.22 ON 10-10      TO 1/4 MILE OR LESS
LOWEST:     57 ON 11                               3 = THUNDER
                        SNOW, ICE PELLETS, HAIL    4 = ICE PELLETS
                        TOTAL MONTH:   0.0 INCH    5 = HAIL
                        GRTST 24HR     0.0         6 = FREEZING RAIN OR DRIZZLE
                        GRTST DEPTH:  M  ON   M    7 = DUSTSTORM OR SANDSTORM:
                                                       VSBY 1/2 MILE OR LESS
                                                   8 = SMOKE OR HAZE
[NO. OF DAYS WITH]      [WEATHER - DAYS WITH]      9 = BLOWING SNOW
                                                   X = TORNADO
MAX 32 OR BELOW:   0    0.01 INCH OR MORE:  10
MAX 90 OR ABOVE:   0    0.10 INCH OR MORE:   4
MIN 32 OR BELOW:   0    0.50 INCH OR MORE:   0
MIN  0 OR BELOW:   0    1.00 INCH OR MORE:   0

[HDD (BASE 65) ]
TOTAL THIS MO.     0    CLEAR  (SCALE 0-3)   0
DPTR FM NORMAL     0    PTCLDY (SCALE 4-7)   0
TOTAL FM JUL 1     0    CLOUDY (SCALE 8-10)  0
DPTR FM NORMAL     0

[CDD (BASE 65) ]
TOTAL THIS MO.   103
DPTR FM NORMAL    -9    [PRESSURE DATA]
TOTAL FM JAN 1   345    HIGHEST SLP M ON M
DPTR FM NORMAL    -6    LOWEST  SLP 29.65 ON 10

[REMARKS]
