000
CXUS42 TJSJ 230430
CF6JSJ
PRELIMINARY LOCAL CLIMATOLOGICAL DATA (WS FORM: F-6)

                                          STATION:   SAN JUAN AREA/PR
                                          MONTH:     AUGUST
                                          YEAR:      2019
                                          LATITUDE:   18 25 N
                                          LONGITUDE:  66  0 W

  TEMPERATURE IN F:       :PCPN:    SNOW:  WIND      :SUNSHINE: SKY     :PK WND
================================================================================
1   2   3   4   5  6A  6B    7    8   9   10  11  12  13   14  15   16   17  18
                                     12Z  AVG MX 2MIN
DY MAX MIN AVG DEP HDD CDD  WTR  SNW DPTH SPD SPD DIR MIN PSBL S-S WX    SPD DR
================================================================================

 1  88  76  82  -2   0  17    T  0.0    0 10.1 22  60   M    M   5        26  60
 2  89  80  85   1   0  20 0.01  0.0    0 10.0 24  80   M    M   4        32  80
 3  92  80  86   2   0  21 0.01  0.0    0 11.9 24  80   M    M   4 1      31  80
 4  89  80  85   1   0  20    T  0.0    0 11.5 24  70   M    M   3        30  80
 5  88  79  84   0   0  19    T  0.0    0 13.9 24  70   M    M   3        29  80
 6  91  80  86   2   0  21 0.01  0.0    0 11.0 22  90   M    M   5        29  90
 7  89  80  85   1   0  20    T  0.0    0  6.6 18  80   M    M   4        22  50
 8  89  78  84   0   0  19 0.13  0.0    0  5.9 21  80   M    M   4        29  80
 9  93  80  87   3   0  22 0.00  0.0    0  5.8 17 160   M    M   4        24 160
10  91  79  85   1   0  20 0.01  0.0    0 11.2 23  70   M    M   4        28  70
11  89  78  84   0   0  19 0.14  0.0    0 10.8 23  60   M    M   3        29  80
12  91  78  85   1   0  20 0.08  0.0    0  9.0 23  80   M    M   3 8      26  80
13  93  80  87   3   0  22 0.00  0.0    0 11.5 24  80   M    M   4        28  90
14  90  78  84   0   0  19 0.01  0.0    0 10.5 23  70   M    M   3 18     28  60
15  92  81  87   3   0  22    T  0.0    0 13.5 24  90   M    M   4        32  70
16  89  82  86   2   0  21 0.06  0.0    0 11.7 22  60   M    M   4        31  50
17  89  75  82  -2   0  17 1.70  0.0    0  5.0 23  90   M    M   4 13     29  90
18  89  78  84   0   0  19 0.31  0.0    0  9.8 28  80   M    M   4 1      35  60
19  89  76  83  -1   0  18 0.89  0.0    0  8.0 29  80   M    M   4 13     35  80
20  88  79  84   0   0  19    T  0.0    0  8.7 20  70   M    M   4 3      23  80
21  89  78  84   0   0  19 0.19  0.0    0  9.4 23  70   M    M   4 1      28  70
22  92  77  85   1   0  20 0.16  0.0    0  5.4 23  90   M    M   4 1      28  90
================================================================================
SM 1979 1732         0 434  3.71     0.0 211.2          M       85
================================================================================
AV 90.0 78.7                               9.6 FASTST   M    M   4    MAX(MPH)
                                 MISC ---->  # 29  80               # 35   60
================================================================================
NOTES:
# LAST OF SEVERAL OCCURRENCES

COLUMN 17 PEAK WIND IN M.P.H.

PRELIMINARY LOCAL CLIMATOLOGICAL DATA (WS FORM: F-6) , PAGE 2

                                          STATION:  SAN JUAN AREA/PR
                                          MONTH:    AUGUST
                                          YEAR:     2019
                                          LATITUDE:   18 25 N
                                          LONGITUDE:  66  0 W

[TEMPERATURE DATA]      [PRECIPITATION DATA]       SYMBOLS USED IN COLUMN 16

AVERAGE MONTHLY: 84.3   TOTAL FOR MONTH:   3.71    1 = FOG OR MIST
DPTR FM NORMAL:   0.3   DPTR FM NORMAL:    0.07    2 = FOG REDUCING VISIBILITY
HIGHEST:    93 ON 13, 9 GRTST 24HR  1.70 ON 17-17      TO 1/4 MILE OR LESS
LOWEST:     75 ON 17                               3 = THUNDER
                        SNOW, ICE PELLETS, HAIL    4 = ICE PELLETS
                        TOTAL MONTH:   0.0 INCH    5 = HAIL
                        GRTST 24HR     0.0         6 = FREEZING RAIN OR DRIZZLE
                        GRTST DEPTH:   0           7 = DUSTSTORM OR SANDSTORM:
                                                       VSBY 1/2 MILE OR LESS
                                                   8 = SMOKE OR HAZE
[NO. OF DAYS WITH]      [WEATHER - DAYS WITH]      9 = BLOWING SNOW
                                                   X = TORNADO
MAX 32 OR BELOW:   0    0.01 INCH OR MORE:  14
MAX 90 OR ABOVE:   9    0.10 INCH OR MORE:   7
MIN 32 OR BELOW:   0    0.50 INCH OR MORE:   2
MIN  0 OR BELOW:   0    1.00 INCH OR MORE:   1

[HDD (BASE 65) ]
TOTAL THIS MO.     0    CLEAR  (SCALE 0-3)   1
DPTR FM NORMAL     0    PTCLDY (SCALE 4-7)  21
TOTAL FM JUL 1     0    CLOUDY (SCALE 8-10)  0
DPTR FM NORMAL     0

[CDD (BASE 65) ]
TOTAL THIS MO.   434
DPTR FM NORMAL    16    [PRESSURE DATA]
TOTAL FM JAN 1  3836    HIGHEST SLP M ON M
DPTR FM NORMAL   134    LOWEST  SLP 29.94 ON M

[REMARKS]
