000
CXUS52 TJSJ 200433
CF6JSJ
PRELIMINARY LOCAL CLIMATOLOGICAL DATA (WS FORM: F-6)

                                          STATION:   SAN JUAN AREA/PR
                                          MONTH:     FEBRUARY
                                          YEAR:      2019
                                          LATITUDE:   18 25 N
                                          LONGITUDE:  66  0 W

  TEMPERATURE IN F:       :PCPN:    SNOW:  WIND      :SUNSHINE: SKY     :PK WND
================================================================================
1   2   3   4   5  6A  6B    7    8   9   10  11  12  13   14  15   16   17  18
                                     12Z  AVG MX 2MIN
DY MAX MIN AVG DEP HDD CDD  WTR  SNW DPTH SPD SPD DIR MIN PSBL S-S WX    SPD DR
================================================================================

 1  83  71  77  -1   0  12    T  0.0    0  7.3 21  80   M    M   4        26  70
 2  82  70  76  -2   0  11 0.00  0.0    0  8.2 18  80   M    M   4 18     24  70
 3  83  71  77  -1   0  12    T  0.0    0  7.0 20  70   M    M   4        23  70
 4  84  72  78   0   0  13    T  0.0    0  6.0 18  90   M    M   3        22  90
 5  83  71  77  -1   0  12    T  0.0    0  6.2 16  60   M    M   2        20  70
 6  83  71  77  -1   0  12 0.70  0.0    0  4.6 14  30   M    M   5 1      20  30
 7  83  72  78   0   0  13 0.06  0.0    0  5.9 15  70   M    M   5        18  70
 8  83  74  79   1   0  14 0.09  0.0    0  9.7 17  70   M    M   4        21  50
 9  83  73  78   0   0  13 0.16  0.0    0 10.0 23  60   M    M   5 18     29  70
10  83  73  78   0   0  13 0.28  0.0    0 11.0 24  80   M    M   5 18     30  70
11  83  73  78   0   0  13 0.03  0.0    0 11.5 29  80   M    M   4 1      33  70
12  84  72  78   0   0  13 0.02  0.0    0 10.1 23  80   M    M   4 8      29  50
13  84  73  79   1   0  14 0.02  0.0    0  9.3 24  80   M    M   4        29 100
14  85  72  79   1   0  14 0.09  0.0    0  5.8 18 100   M    M   5 1      25  90
15  86  72  79   1   0  14 0.02  0.0    0  5.7 17 160   M    M   3        25 140
16  88  72  80   2   0  15    T  0.0    0  5.7 15 150   M    M   3        22 160
17  87  74  81   3   0  16 0.00  0.0    0  6.7 20  70   M    M   3        24  60
18  84  74  79   1   0  14 0.01  0.0    0  9.5 23 100   M    M   3 18     28  60
19  83  72  78   0   0  13 0.01  0.0    0 10.2 23  70   M    M   4 8      29  80
================================================================================
SM 1594 1372         0 251  1.49     0.0 150.4          M       74
================================================================================
AV 83.9 72.2                               7.9 FASTST   M    M   4    MAX(MPH)
                                 MISC ---->  # 29  80               # 33   70
================================================================================
NOTES:
# LAST OF SEVERAL OCCURRENCES

COLUMN 17 PEAK WIND IN M.P.H.

PRELIMINARY LOCAL CLIMATOLOGICAL DATA (WS FORM: F-6) , PAGE 2

                                          STATION:  SAN JUAN AREA/PR
                                          MONTH:    FEBRUARY
                                          YEAR:     2019
                                          LATITUDE:   18 25 N
                                          LONGITUDE:  66  0 W

[TEMPERATURE DATA]      [PRECIPITATION DATA]       SYMBOLS USED IN COLUMN 16

AVERAGE MONTHLY: 78.1   TOTAL FOR MONTH:   1.49    1 = FOG OR MIST
DPTR FM NORMAL:   0.1   DPTR FM NORMAL:   -0.21    2 = FOG REDUCING VISIBILITY
HIGHEST:    88 ON 16    GRTST 24HR  0.70 ON  6- 6      TO 1/4 MILE OR LESS
LOWEST:     70 ON  2                               3 = THUNDER
                        SNOW, ICE PELLETS, HAIL    4 = ICE PELLETS
                        TOTAL MONTH:   0.0 INCH    5 = HAIL
                        GRTST 24HR     0.0         6 = FREEZING RAIN OR DRIZZLE
                        GRTST DEPTH:   0           7 = DUSTSTORM OR SANDSTORM:
                                                       VSBY 1/2 MILE OR LESS
                                                   8 = SMOKE OR HAZE
[NO. OF DAYS WITH]      [WEATHER - DAYS WITH]      9 = BLOWING SNOW
                                                   X = TORNADO
MAX 32 OR BELOW:   0    0.01 INCH OR MORE:  12
MAX 90 OR ABOVE:   0    0.10 INCH OR MORE:   3
MIN 32 OR BELOW:   0    0.50 INCH OR MORE:   1
MIN  0 OR BELOW:   0    1.00 INCH OR MORE:   0

[HDD (BASE 65) ]
TOTAL THIS MO.     0    CLEAR  (SCALE 0-3)   4
DPTR FM NORMAL     0    PTCLDY (SCALE 4-7)  15
TOTAL FM JUL 1     0    CLOUDY (SCALE 8-10)  0
DPTR FM NORMAL     0

[CDD (BASE 65) ]
TOTAL THIS MO.   251
DPTR FM NORMAL     4    [PRESSURE DATA]
TOTAL FM JAN 1   655    HIGHEST SLP M ON M
DPTR FM NORMAL    17    LOWEST  SLP 29.93 ON M

[REMARKS]
