000
CXUS51 KCTP 240700
CF6JST
PRELIMINARY LOCAL CLIMATOLOGICAL DATA (WS FORM: F-6)

                                          STATION:   JOHNSTOWN
                                          MONTH:     APRIL
                                          YEAR:      2019
                                          LATITUDE:   40 18 N
                                          LONGITUDE:  78 50 W

  TEMPERATURE IN F:       :PCPN:    SNOW:  WIND      :SUNSHINE: SKY     :PK WND
================================================================================
1   2   3   4   5  6A  6B    7    8   9   10  11  12  13   14  15   16   17  18
                                     12Z  AVG MX 2MIN
DY MAX MIN AVG DEP HDD CDD  WTR  SNW DPTH SPD SPD DIR MIN PSBL S-S WX    SPD DR
================================================================================

 1  37  20  29 -13  36   0    T    M    M 10.6 25 310   M    M   4 18     33 330
 2  45  28  37  -5  28   0 0.00    M    M  9.0 20 170   M    M   2        25 150
 3  54  32  43   1  22   0 0.00    M    M 15.0 32 280   M    M   2        42 270
 4  54  38  46   3  19   0    T    M    M  7.4 15 290   M    M   7        18 320
 5  45  37  41  -2  24   0 0.33    M    M  9.2 17 140   M    M  10 1      28 140
 6  61  38  50   6  15   0 0.00    M    M  4.2 10 170   M    M   7 12     15 320
 7  68  48  58  14   7   0 0.33    M    M  8.2 17 150   M    M   4 1      23 180
 8  66  54  60  16   5   0 0.00    M    M 11.7 23 250   M    M   6        31 250
 9  66  43  55  10  10   0 0.00    M    M 13.0 29 300   M    M   5 12     41 300
10  56  39  48   3  17   0 0.00    M    M 10.2 21 320   M    M   3        26 310
11  57  36  47   1  18   0    T    M    M  9.7 18 160   M    M   2 8      25 150
12  68  45  57  11   8   0 0.52    M    M 12.9 28 170   M    M   5 138    37 170
13  67  51  59  13   6   0    T    M    M  7.2 14 200   M    M   3        19 240
14  64  52  58  11   7   0 0.85    M    M 14.1 33 240   M    M   7 13     47 230
15  53  32  43  -4  22   0 0.08    M    M 18.9 33 270   M    M   8 1      46 270
16  58  36  47  -1  18   0 0.00    M    M 11.5 21 280   M    M   4        27 250
17  70  49  60  12   5   0 0.00  0.0    0  7.0 15 160   M    M   5        24 120
18  75  46  61  13   4   0    T    M    M 10.8 21 160   M    M   2        25 170
19  66  55  61  12   4   0 0.57    M    M  9.9 22 170   M    M   7 12     29 160
20  68  45  57   8   8   0    T    M    M 14.2 24 170   M    M   4 1      33 160
21  50  42  46  -3  19   0 0.00    M    M  7.4 14 310   M    M   9        18 290
22  62  41  52   2  13   0 0.00    M    M  7.0 14 310   M    M   5        18 290
23  77  48  63  13   2   0 0.09    M    M  9.8 26 250   M    M   3 3      36 230
================================================================================
SM 1387  955       317   0  2.77     0.0 238.9          M      114
================================================================================
AV 60.3 41.5                              10.4 FASTST   M    M   5    MAX(MPH)
                                 MISC ---->  # 33 240               # 47  230
================================================================================
NOTES:
# LAST OF SEVERAL OCCURRENCES

COLUMN 17 PEAK WIND IN M.P.H.

PRELIMINARY LOCAL CLIMATOLOGICAL DATA (WS FORM: F-6) , PAGE 2

                                          STATION:  JOHNSTOWN
                                          MONTH:    APRIL
                                          YEAR:     2019
                                          LATITUDE:   40 18 N
                                          LONGITUDE:  78 50 W

[TEMPERATURE DATA]      [PRECIPITATION DATA]       SYMBOLS USED IN COLUMN 16

AVERAGE MONTHLY: 50.9   TOTAL FOR MONTH:   2.77    1 = FOG OR MIST
DPTR FM NORMAL:   5.0   DPTR FM NORMAL:   -0.04    2 = FOG REDUCING VISIBILITY
HIGHEST:    77 ON 23    GRTST 24HR  0.85 ON 14-14      TO 1/4 MILE OR LESS
LOWEST:     20 ON  1                               3 = THUNDER
                        SNOW, ICE PELLETS, HAIL    4 = ICE PELLETS
                        TOTAL MONTH:   0.0 INCH    5 = HAIL
                        GRTST 24HR     0.0         6 = FREEZING RAIN OR DRIZZLE
                        GRTST DEPTH:   0           7 = DUSTSTORM OR SANDSTORM:
                                                       VSBY 1/2 MILE OR LESS
                                                   8 = SMOKE OR HAZE
[NO. OF DAYS WITH]      [WEATHER - DAYS WITH]      9 = BLOWING SNOW
                                                   X = TORNADO
MAX 32 OR BELOW:   0    0.01 INCH OR MORE:   7
MAX 90 OR ABOVE:   0    0.10 INCH OR MORE:   5
MIN 32 OR BELOW:   4    0.50 INCH OR MORE:   3
MIN  0 OR BELOW:   0    1.00 INCH OR MORE:   0

[HDD (BASE 65) ]
TOTAL THIS MO.   317    CLEAR  (SCALE 0-3)   7
DPTR FM NORMAL  -125    PTCLDY (SCALE 4-7)  14
TOTAL FM JUL 1  5860    CLOUDY (SCALE 8-10)  2
DPTR FM NORMAL  -378

[CDD (BASE 65) ]
TOTAL THIS MO.     0
DPTR FM NORMAL     0    [PRESSURE DATA]
TOTAL FM JAN 1     0    HIGHEST SLP M ON M
DPTR FM NORMAL     0    LOWEST  SLP 29.24 ON 14

[REMARKS]
