000
CXUS51 KCTP 250700
CF6JST
PRELIMINARY LOCAL CLIMATOLOGICAL DATA (WS FORM: F-6)

                                          STATION:   JOHNSTOWN
                                          MONTH:     AUGUST
                                          YEAR:      2019
                                          LATITUDE:   40 18 N
                                          LONGITUDE:  78 50 W

  TEMPERATURE IN F:       :PCPN:    SNOW:  WIND      :SUNSHINE: SKY     :PK WND
================================================================================
1   2   3   4   5  6A  6B    7    8   9   10  11  12  13   14  15   16   17  18
                                     12Z  AVG MX 2MIN
DY MAX MIN AVG DEP HDD CDD  WTR  SNW DPTH SPD SPD DIR MIN PSBL S-S WX    SPD DR
================================================================================

 1  80  59  70   1   0   5 0.00    M    M  3.7 14 300   M    M   2 12     18 300
 2  79  61  70   1   0   5 0.32    M    M  5.3 15  60   M    M   4 138    24  70
 3  81  62  72   3   0   7 0.00    M    M  5.7 14 310   M    M   2 1      16 310
 4  80  60  70   1   0   5 0.00    M    M  4.7 15 340   M    M   2        19 350
 5  79  60  70   1   0   5    T  0.0    0  4.5 15 170   M    M   2 1      17 170
 6  84  65  75   6   0  10 0.19  0.0    0  7.5 15 180   M    M   3 13     20 180
 7  76  63  70   1   0   5 0.93    M    M  8.2 26 290   M    M   7 13     33 300
 8  78  63  71   2   0   6 0.02  0.0    0  9.2 21 270   M    M   5 13     30 240
 9  75  61  68  -1   0   3 0.00    M    M 10.3 20 310   M    M   5        24 290
10  74  56  65  -4   0   0 0.00    M    M  8.7 21 320   M    M   1        23 290
11  75  53  64  -5   1   0 0.00    M    M  4.7 12 320   M    M   0        16 310
12  80  59  70   1   0   5 0.00    M    M  4.7  9 240   M    M   4        12 170
13  72  66  69   0   0   4 0.50    M    M  2.8  8 290   M    M  10 1238   11 230
14  78  66  72   4   0   7    T    M    M  5.8 15 320   M    M   7 128    19 290
15  80  62  71   3   0   6 0.03    M    M  5.0 18 350   M    M   5 123    26 330
16  80  65  73   5   0   8 0.00    M    M  6.3 14 220   M    M   3 1      18 240
17  83  64  74   6   0   9    T    M    M  5.9 14 240   M    M   2        19 270
18  86  67  77   9   0  12 0.02    M    M  5.8 14 170   M    M   1 3      18 230
19  83  65  74   6   0   9 0.00    M    M  6.1 23 280   M    M   1        36 280
20  82  64  73   5   0   8 0.29    M    M  4.8 18 250   M    M   3 13     25 240
21  80  66  73   5   0   8 0.22    M    M  9.7 18 240   M    M   4 123    24 260
22  80  64  72   5   0   7 0.16    M    M  6.8 21 330   M    M   7 13     28 330
23  70  57  64  -3   1   0 0.16    M    M  5.3 15 360   M    M   6 1      19 360
24  69  53  61  -6   4   0 0.00    M    M  5.6 13  40   M    M   4 1      19  90
================================================================================
SM 1884 1481         6 134  2.84     0.0 147.1          M       90
================================================================================
AV 78.5 61.7                               6.1 FASTST   M    M   4    MAX(MPH)
                                 MISC ---->  # 26 290               # 36  280
================================================================================
NOTES:
# LAST OF SEVERAL OCCURRENCES

COLUMN 17 PEAK WIND IN M.P.H.

PRELIMINARY LOCAL CLIMATOLOGICAL DATA (WS FORM: F-6) , PAGE 2

                                          STATION:  JOHNSTOWN
                                          MONTH:    AUGUST
                                          YEAR:     2019
                                          LATITUDE:   40 18 N
                                          LONGITUDE:  78 50 W

[TEMPERATURE DATA]      [PRECIPITATION DATA]       SYMBOLS USED IN COLUMN 16

AVERAGE MONTHLY: 70.1   TOTAL FOR MONTH:   2.84    1 = FOG OR MIST
DPTR FM NORMAL:   1.7   DPTR FM NORMAL:   -0.18    2 = FOG REDUCING VISIBILITY
HIGHEST:    86 ON 18    GRTST 24HR  0.93 ON  7- 7      TO 1/4 MILE OR LESS
LOWEST:     53 ON 24,11                            3 = THUNDER
                        SNOW, ICE PELLETS, HAIL    4 = ICE PELLETS
                        TOTAL MONTH:   0.0 INCH    5 = HAIL
                        GRTST 24HR     0.0         6 = FREEZING RAIN OR DRIZZLE
                        GRTST DEPTH:   0           7 = DUSTSTORM OR SANDSTORM:
                                                       VSBY 1/2 MILE OR LESS
                                                   8 = SMOKE OR HAZE
[NO. OF DAYS WITH]      [WEATHER - DAYS WITH]      9 = BLOWING SNOW
                                                   X = TORNADO
MAX 32 OR BELOW:   0    0.01 INCH OR MORE:  11
MAX 90 OR ABOVE:   0    0.10 INCH OR MORE:   8
MIN 32 OR BELOW:   0    0.50 INCH OR MORE:   2
MIN  0 OR BELOW:   0    1.00 INCH OR MORE:   0

[HDD (BASE 65) ]
TOTAL THIS MO.     6    CLEAR  (SCALE 0-3)  11
DPTR FM NORMAL   -14    PTCLDY (SCALE 4-7)  12
TOTAL FM JUL 1     8    CLOUDY (SCALE 8-10)  1
DPTR FM NORMAL   -25

[CDD (BASE 65) ]
TOTAL THIS MO.   134
DPTR FM NORMAL    35    [PRESSURE DATA]
TOTAL FM JAN 1   457    HIGHEST SLP M ON M
DPTR FM NORMAL   116    LOWEST  SLP 29.69 ON  7

[REMARKS]
