000
CXUS54 KFWD 260730
CF6JWY
PRELIMINARY LOCAL CLIMATOLOGICAL DATA (WS FORM: F-6)

                                          STATION:   WAXAHACHIE
                                          MONTH:     APRIL
                                          YEAR:      2019
                                          LATITUDE:   32 27 N
                                          LONGITUDE:  96 54 W

  TEMPERATURE IN F:       :PCPN:    SNOW:  WIND      :SUNSHINE: SKY     :PK WND
================================================================================
1   2   3   4   5  6A  6B    7    8   9   10  11  12  13   14  15   16   17  18
                                     12Z  AVG MX 2MIN
DY MAX MIN AVG DEP HDD CDD  WTR  SNW DPTH SPD SPD DIR MIN PSBL S-S WX    SPD DR
================================================================================

 1  59  36  48 -12  17   0 0.00  0.0    0  1.7  6  10   M    M   3         M  M
 2  70  37  54  -6  11   0 0.00  0.0    0  6.7 14 190   M    M   0        17 170
 3  67  45  56  -4   9   0 0.00  0.0    0  8.2 16 160   M    M   7        21 150
 4  86  58  72  11   0   7 0.00  0.0    0  8.4 18 160   M    M   6 1      25 160
 5  77  53  65   4   0   0 0.00  0.0    0  4.2  7 120   M    M   4 12      M  M
 6  65  58  62   1   3   0 1.01  0.0    0  4.5 17 310   M    M   7 1      22 310
 7  68  60  64   2   1   0 0.23  0.0    0  3.9  9 150   M    M   9 12     18 150
 8  82  58  70   8   0   5 0.00  0.0    0  8.1 13 310   M    M   1        20 310
 9  84  54  69   7   0   4 0.00  0.0    0  4.7  9 160   M    M   0         M  M
10  86  61  74  12   0   9 0.00  0.0    0 13.9 27 170   M    M   0        35 170
11  71  47  59  -4   6   0 0.00  0.0    0  8.0 17 170   M    M   2        24 170
12  70  40  55  -8  10   0 0.00  0.0    0  5.5 10  80   M    M   2        18  60
13  62  40  51 -12  14   0 2.90  0.0    0 13.0 25 310   M    M  10 13     33 300
14  67  42  55  -9  10   0 0.01  0.0    0  9.8 18 310   M    M   1        27 310
15  77  47  62  -2   3   0 0.00  0.0    0 10.5 21 170   M    M   0        29 170
16  75  60  68   4   0   3 0.00  0.0    0 12.2 20 170   M    M   7        30 170
17  80  64  72   8   0   7 0.25  0.0    0 10.8 17 170   M    M  10 1      24 160
18  71  52  62  -3   3   0 0.24  0.0    0 10.9 24 330   M    M   5        36 330
19  67  49  58  -7   7   0 0.00  0.0    0 11.2 21 320   M    M   1        32 320
20  77  43  60  -5   5   0 0.00  0.0    0  5.3 14 210   M    M   0        16 210
21  79  56  68   2   0   3 0.00  0.0    0 11.7 18 170   M    M   1        27 160
22  78  62  70   4   0   5 0.00  0.0    0  9.9 16 170   M    M   6        23 170
23  73  61  67   1   0   2 0.48  0.0    0  4.8 12 360   M    M   9 1      16 160
24  67  59  63  -3   2   0 1.46  0.0    0  4.9 10  10   M    M   9 1      17  40
25  80  57  69   2   0   4 0.00  0.0    0  5.8 13 300   M    M   2 1      20 300
================================================================================
SM 1838 1299       101  49  6.58     0.0 198.6          M      102
================================================================================
AV 73.5 52.0                               7.9 FASTST   M    M   4    MAX(MPH)
                                 MISC ---->  # 27 170               # 36  330
================================================================================
NOTES:
# LAST OF SEVERAL OCCURRENCES

COLUMN 17 PEAK WIND IN M.P.H.

PRELIMINARY LOCAL CLIMATOLOGICAL DATA (WS FORM: F-6) , PAGE 2

                                          STATION:  WAXAHACHIE
                                          MONTH:    APRIL
                                          YEAR:     2019
                                          LATITUDE:   32 27 N
                                          LONGITUDE:  96 54 W

[TEMPERATURE DATA]      [PRECIPITATION DATA]       SYMBOLS USED IN COLUMN 16

AVERAGE MONTHLY: 62.7   TOTAL FOR MONTH:   6.58    1 = FOG OR MIST
DPTR FM NORMAL:  -0.5   DPTR FM NORMAL:    3.89    2 = FOG REDUCING VISIBILITY
HIGHEST:    86 ON 10, 4 GRTST 24HR  2.90 ON 13-13      TO 1/4 MILE OR LESS
LOWEST:     36 ON  1                               3 = THUNDER
                        SNOW, ICE PELLETS, HAIL    4 = ICE PELLETS
                        TOTAL MONTH:   0.0 INCH    5 = HAIL
                        GRTST 24HR     0.0         6 = FREEZING RAIN OR DRIZZLE
                        GRTST DEPTH:   0           7 = DUSTSTORM OR SANDSTORM:
                                                       VSBY 1/2 MILE OR LESS
                                                   8 = SMOKE OR HAZE
[NO. OF DAYS WITH]      [WEATHER - DAYS WITH]      9 = BLOWING SNOW
                                                   X = TORNADO
MAX 32 OR BELOW:   0    0.01 INCH OR MORE:   8
MAX 90 OR ABOVE:   0    0.10 INCH OR MORE:   7
MIN 32 OR BELOW:   0    0.50 INCH OR MORE:   3
MIN  0 OR BELOW:   0    1.00 INCH OR MORE:   3

[HDD (BASE 65) ]
TOTAL THIS MO.   101    CLEAR  (SCALE 0-3)  13
DPTR FM NORMAL     3    PTCLDY (SCALE 4-7)   7
TOTAL FM JUL 1  2471    CLOUDY (SCALE 8-10)  5
DPTR FM NORMAL   -45

[CDD (BASE 65) ]
TOTAL THIS MO.    49
DPTR FM NORMAL    -3    [PRESSURE DATA]
TOTAL FM JAN 1    79    HIGHEST SLP M ON M
DPTR FM NORMAL    10    LOWEST  SLP M ON M

[REMARKS]
