000
CXUS53 KGRR 251017
CF6JXN
PRELIMINARY LOCAL CLIMATOLOGICAL DATA (WS FORM: F-6)

                                          STATION:   JACKSON
                                          MONTH:     AUGUST
                                          YEAR:      2019
                                          LATITUDE:   42 16 N
                                          LONGITUDE:  84 28 W

  TEMPERATURE IN F:       :PCPN:    SNOW:  WIND      :SUNSHINE: SKY     :PK WND
================================================================================
1   2   3   4   5  6A  6B    7    8   9   10  11  12  13   14  15   16   17  18
                                     12Z  AVG MX 2MIN
DY MAX MIN AVG DEP HDD CDD  WTR  SNW DPTH SPD SPD DIR MIN PSBL S-S WX    SPD DR
================================================================================

 1  79  55  67  -4   0   2 0.00    M    M  3.9 10 360   M    M   1        17  10
 2  82  51  67  -4   0   2 0.00    M    M  3.4 12 360   M    M   0 1      18  30
 3  84  52  68  -3   0   3 0.00    M    M  2.8  9 320   M    M   0 1      15 320
 4  86  58  72   2   0   7 0.00    M    M  4.0 12 160   M    M   2 13     15 170
 5  87  60  74   4   0   9 0.00    M    M  4.7 15 200   M    M   0 1      22 220
 6  80  67  74   4   0   9 0.10    M    M  4.3 17 230   M    M   4 1      27 220
 7  84  60  72   2   0   7 0.00    M    M  4.1 13 210   M    M   4 12     19 270
 8  81  56  69  -1   0   4 0.11    M    M  8.5 18 260   M    M   3 1      29 250
 9  80  54  67  -3   0   2 0.00    M    M  5.9 16 240   M    M   2        23 240
10  82  52  67  -3   0   2 0.00    M    M  4.0 13 230   M    M   2        19 210
11  85  53  69  -1   0   4 0.00    M    M  4.2 14 210   M    M   5 12     20 200
12  84  68  76   6   0  11 0.01    M    M  4.3 10 180   M    M   8 1      14 180
13  86  65  76   6   0  11    T    M    M  4.8 12  30   M    M   6 1      17  30
14  83  59  71   1   0   6 0.00    M    M  5.7 13  40   M    M   5        17  20
15  82  60  71   1   0   6 0.00    M    M  5.6 14 330   M    M   7        22 330
16  83  59  71   1   0   6    T    M    M  4.9 16 160   M    M   5 12     25 170
17  84  64  74   4   0   9    M    M    M  5.9 13 260   M    M   4 13     18 260
18  83  67  75   5   0  10    M    M    M  8.2 18 220   M    M   2 123    28 310
19  84  65  75   5   0  10 0.00    M    M  3.5 10 170   M    M   5 1      14 220
20  86  68  77   8   0  12 0.23    M    M  4.3 23 240   M    M   3 13     31 240
21  85  64  75   6   0  10 0.06    M    M  5.2 16 230   M    M   2 1      24 230
22  78  54  66  -3   0   1 0.00    M    M  4.5 13 330   M    M   4        19 320
23  75  50  63  -6   2   0 0.00    M    M  3.8 14  30   M    M   1        23  40
24  75  47  61  -8   4   0 0.00  0.0    0  4.7 13  40   M    M   1 1      23  80
================================================================================
SM 1978 1408         6 143  0.51     0.0 115.2          M       76
================================================================================
AV 82.4 58.7                               4.8 FASTST   M    M   3    MAX(MPH)
                                 MISC ---->  # 23 240               # 31  240
================================================================================
NOTES:
# LAST OF SEVERAL OCCURRENCES

COLUMN 17 PEAK WIND IN M.P.H.

PRELIMINARY LOCAL CLIMATOLOGICAL DATA (WS FORM: F-6) , PAGE 2

                                          STATION:  JACKSON
                                          MONTH:    AUGUST
                                          YEAR:     2019
                                          LATITUDE:   42 16 N
                                          LONGITUDE:  84 28 W

[TEMPERATURE DATA]      [PRECIPITATION DATA]       SYMBOLS USED IN COLUMN 16

AVERAGE MONTHLY: 70.5   TOTAL FOR MONTH:   0.51    1 = FOG OR MIST
DPTR FM NORMAL:   0.6   DPTR FM NORMAL:   -2.20    2 = FOG REDUCING VISIBILITY
HIGHEST:    87 ON  5    GRTST 24HR  0.23 ON 20-20      TO 1/4 MILE OR LESS
LOWEST:     47 ON 24                               3 = THUNDER
                        SNOW, ICE PELLETS, HAIL    4 = ICE PELLETS
                        TOTAL MONTH:   0.0 INCH    5 = HAIL
                        GRTST 24HR     0.0         6 = FREEZING RAIN OR DRIZZLE
                        GRTST DEPTH:   0           7 = DUSTSTORM OR SANDSTORM:
                                                       VSBY 1/2 MILE OR LESS
                                                   8 = SMOKE OR HAZE
[NO. OF DAYS WITH]      [WEATHER - DAYS WITH]      9 = BLOWING SNOW
                                                   X = TORNADO
MAX 32 OR BELOW:   0    0.01 INCH OR MORE:   5
MAX 90 OR ABOVE:   0    0.10 INCH OR MORE:   3
MIN 32 OR BELOW:   0    0.50 INCH OR MORE:   0
MIN  0 OR BELOW:   0    1.00 INCH OR MORE:   0

[HDD (BASE 65) ]
TOTAL THIS MO.     6    CLEAR  (SCALE 0-3)  12
DPTR FM NORMAL   -14    PTCLDY (SCALE 4-7)  12
TOTAL FM JUL 1     6    CLOUDY (SCALE 8-10)  0
DPTR FM NORMAL   -25

[CDD (BASE 65) ]
TOTAL THIS MO.   143
DPTR FM NORMAL     8    [PRESSURE DATA]
TOTAL FM JAN 1   548    HIGHEST SLP M ON M
DPTR FM NORMAL    48    LOWEST  SLP 29.70 ON  8

[REMARKS]
