000
CXUS53 KGID 170730
CF6JYR
PRELIMINARY LOCAL CLIMATOLOGICAL DATA (WS FORM: F-6)

                                          STATION:   YORK
                                          MONTH:     AUGUST
                                          YEAR:      2019
                                          LATITUDE:   40 54 N
                                          LONGITUDE:  97 37 W

  TEMPERATURE IN F:       :PCPN:    SNOW:  WIND      :SUNSHINE: SKY     :PK WND
================================================================================
1   2   3   4   5  6A  6B    7    8   9   10  11  12  13   14  15   16   17  18
                                     12Z  AVG MX 2MIN
DY MAX MIN AVG DEP HDD CDD  WTR  SNW DPTH SPD SPD DIR MIN PSBL S-S WX    SPD DR
================================================================================

 1  81  64  73   M   0   8 0.00    M    M  9.5 12 110   M    M   8        17 150
 2  73  68  71   M   0   6 2.09    M    M  8.4 18 110   M    M   9 13      M  M
 3  79  68  74   M   0   9 0.31    M    M  4.1  9 150   M    M   8 1       M  M
 4  84  64  74   M   0   9 0.00    M    M  3.4  9 180   M    M   2 1       M  M
 5  82  68  75   M   0  10 0.00    M    M  5.7 10 220   M    M   1         M  M
 6  82  64  73   M   0   8 0.00    M    M  3.2  7  10   M    M   1 1       M  M
 7  84  64  74   M   0   9 0.52    M    M  5.4 22  40   M    M   3 13     32  40
 8  84  66  75   M   0  10 0.00    M    M  2.3  9  20   M    M   5 1       M  M
 9  82  66  74   M   0   9 0.00    M    M  5.5 13 180   M    M   4        16 170
10  86  66  76   M   0  11 0.09    M    M  7.4 13 160   M    M   3 3      17 230
11  82  70  76   M   0  11 0.28    M    M  5.9 13 110   M    M   6 13      M  M
12  84  68  76   M   0  11 0.29    M    M  5.9 22 200   M    M   3 3      30 200
13  82  64  73   M   0   8 0.00    M    M  3.7  9 320   M    M   0         M  M
14  75  59  67   M   0   2    T    M    M  4.7 13  10   M    M   1         M  M
15  72  57  65   M   0   0 0.97    M    M  3.3 14 140   M    M   5 13     20 140
16  79  59  69   M   0   4 0.01    M    M  3.7  9 140   M    M   3 12      M  M
================================================================================
SM 1291 1035         0 125  4.56    M     82.1          M       62
================================================================================
AV 80.7 64.7                               5.1 FASTST   M    M   4    MAX(MPH)
                                 MISC ---->  # 22  40               # 32   40
================================================================================
NOTES:
# LAST OF SEVERAL OCCURRENCES

COLUMN 17 PEAK WIND IN M.P.H.

PRELIMINARY LOCAL CLIMATOLOGICAL DATA (WS FORM: F-6) , PAGE 2

                                          STATION:  YORK
                                          MONTH:    AUGUST
                                          YEAR:     2019
                                          LATITUDE:   40 54 N
                                          LONGITUDE:  97 37 W

[TEMPERATURE DATA]      [PRECIPITATION DATA]       SYMBOLS USED IN COLUMN 16

AVERAGE MONTHLY: 72.7   TOTAL FOR MONTH:   4.56    1 = FOG OR MIST
DPTR FM NORMAL:     M   DPTR FM NORMAL:       M    2 = FOG REDUCING VISIBILITY
HIGHEST:    86 ON 10    GRTST 24HR  2.09 ON  2- 2      TO 1/4 MILE OR LESS
LOWEST:     57 ON 15                               3 = THUNDER
                        SNOW, ICE PELLETS, HAIL    4 = ICE PELLETS
                        TOTAL MONTH:    M          5 = HAIL
                        GRTST 24HR    M  ON   M    6 = FREEZING RAIN OR DRIZZLE
                        GRTST DEPTH:  M  ON   M    7 = DUSTSTORM OR SANDSTORM:
                                                       VSBY 1/2 MILE OR LESS
                                                   8 = SMOKE OR HAZE
[NO. OF DAYS WITH]      [WEATHER - DAYS WITH]      9 = BLOWING SNOW
                                                   X = TORNADO
MAX 32 OR BELOW:   0    0.01 INCH OR MORE:   8
MAX 90 OR ABOVE:   0    0.10 INCH OR MORE:   6
MIN 32 OR BELOW:   0    0.50 INCH OR MORE:   3
MIN  0 OR BELOW:   0    1.00 INCH OR MORE:   1

[HDD (BASE 65) ]
TOTAL THIS MO.     0    CLEAR  (SCALE 0-3)   7
DPTR FM NORMAL     M    PTCLDY (SCALE 4-7)   7
TOTAL FM JUL 1     0    CLOUDY (SCALE 8-10)  2
DPTR FM NORMAL     M

[CDD (BASE 65) ]
TOTAL THIS MO.   125
DPTR FM NORMAL     M    [PRESSURE DATA]
TOTAL FM JAN 1   663    HIGHEST SLP M ON M
DPTR FM NORMAL     M    LOWEST  SLP M ON M

[REMARKS]
