000
CXUS53 KGID 250730
CF6JYR
PRELIMINARY LOCAL CLIMATOLOGICAL DATA (WS FORM: F-6)

                                          STATION:   YORK
                                          MONTH:     APRIL
                                          YEAR:      2019
                                          LATITUDE:   40 54 N
                                          LONGITUDE:  97 37 W

  TEMPERATURE IN F:       :PCPN:    SNOW:  WIND      :SUNSHINE: SKY     :PK WND
================================================================================
1   2   3   4   5  6A  6B    7    8   9   10  11  12  13   14  15   16   17  18
                                     12Z  AVG MX 2MIN
DY MAX MIN AVG DEP HDD CDD  WTR  SNW DPTH SPD SPD DIR MIN PSBL S-S WX    SPD DR
================================================================================

 1  63  30  47   M  18   0    M    M    M 11.8 25  20   M    M   4        31  20
 2  57  32  45   M  20   0 0.00    M    M  8.4 16  10   M    M   6        18 330
 3  52  39  46   M  19   0    M    M    M 11.2 21 140   M    M   8        24 140
 4  57  37  47   M  18   0    M    M    M  1.8 16  80   M    M   6 1       M  M
 5  73  41  57   M   8   0 0.00    M    M  9.4 21 170   M    M   4 12     30 180
 6  75  54  65   M   0   0 0.00    M    M 14.1 23 160   M    M   2        29 160
 7  72  46  59   M   6   0    M    M    M 10.2 29 330   M    M   3 12     36 330
 8  77  46  62   M   3   0 0.00    M    M 10.5 23  20   M    M   0        28  20
 9  75  45  60   M   5   0 0.00    M    M 12.3 25 100   M    M   2 3      31 100
10  61  37  49   M  16   0    M    M    M 25.0 32  30   M    M   5 3      41  50
11  37  28  33   M  32   0    M    M    M 21.3 29 290   M    M  10 1      39 290
12  41  27  34   M  31   0 0.00    M    M 18.5 30 300   M    M   5        39 290
13  50  25  38   M  27   0 0.00    M    M  4.5 16  10   M    M   0        28 360
14  59  23  41   M  24   0 0.00    M    M  0.5 12 150   M    M   2         M  M
15  81  39  60   M   5   0 0.00    M    M  3.8 16 220   M    M   1        21 140
16  77  45  61   M   4   0 0.00    M    M  5.8 15  40   M    M   1        25  90
17  66  41  54   M  11   0    M    M    M  8.5 27 320   M    M   5 3      35 320
18  63  39  51   M  14   0 0.00    M    M  3.7 17 330   M    M   2        38  10
19  64  34  49   M  16   0 0.00    M    M  0.0  M   M   M    M   0         M  M
20  86  41  64   M   1   0 0.00    M    M  0.0  M   M   M    M   0         M  M
21  82  57  70   M   0   5    M    M    M  0.8 20 240   M    M   1        31 240
22  64  45  55   M  10   0    M    M    M  1.1 12 330   M    M   8        27 330
23  66  37  52   M  13   0 0.00    M    M  0.0  M   M   M    M   0         M  M
24  77  36  57   M   8   0 0.00    M    M  0.0  M   M   M    M   0 1       M  M
================================================================================
SM 1575  924       309   5  0.00    M    183.2          M       75
================================================================================
AV 65.6 38.5                               7.6 FASTST   M    M   3    MAX(MPH)
                                 MISC ---->  # 32  30               # 41   50
================================================================================
NOTES:
# LAST OF SEVERAL OCCURRENCES

COLUMN 17 PEAK WIND IN M.P.H.

PRELIMINARY LOCAL CLIMATOLOGICAL DATA (WS FORM: F-6) , PAGE 2

                                          STATION:  YORK
                                          MONTH:    APRIL
                                          YEAR:     2019
                                          LATITUDE:   40 54 N
                                          LONGITUDE:  97 37 W

[TEMPERATURE DATA]      [PRECIPITATION DATA]       SYMBOLS USED IN COLUMN 16

AVERAGE MONTHLY: 52.1   TOTAL FOR MONTH:   0.00    1 = FOG OR MIST
DPTR FM NORMAL:     M   DPTR FM NORMAL:       M    2 = FOG REDUCING VISIBILITY
HIGHEST:    86 ON 20    GRTST 24HR  0.00 ON 24-24      TO 1/4 MILE OR LESS
LOWEST:     23 ON 14                               3 = THUNDER
                        SNOW, ICE PELLETS, HAIL    4 = ICE PELLETS
                        TOTAL MONTH:    M          5 = HAIL
                        GRTST 24HR    M  ON   M    6 = FREEZING RAIN OR DRIZZLE
                        GRTST DEPTH:  M  ON   M    7 = DUSTSTORM OR SANDSTORM:
                                                       VSBY 1/2 MILE OR LESS
                                                   8 = SMOKE OR HAZE
[NO. OF DAYS WITH]      [WEATHER - DAYS WITH]      9 = BLOWING SNOW
                                                   X = TORNADO
MAX 32 OR BELOW:   0    0.01 INCH OR MORE:   0
MAX 90 OR ABOVE:   0    0.10 INCH OR MORE:   0
MIN 32 OR BELOW:   6    0.50 INCH OR MORE:   0
MIN  0 OR BELOW:   0    1.00 INCH OR MORE:   0

[HDD (BASE 65) ]
TOTAL THIS MO.   309    CLEAR  (SCALE 0-3)  13
DPTR FM NORMAL     M    PTCLDY (SCALE 4-7)   9
TOTAL FM JUL 1  6421    CLOUDY (SCALE 8-10)  2
DPTR FM NORMAL     M

[CDD (BASE 65) ]
TOTAL THIS MO.     5
DPTR FM NORMAL     M    [PRESSURE DATA]
TOTAL FM JAN 1     5    HIGHEST SLP M ON M
DPTR FM NORMAL     M    LOWEST  SLP M ON M

[REMARKS]
