000
CXUS55 KPUB 181059
CF6LAA
PRELIMINARY LOCAL CLIMATOLOGICAL DATA (WS FORM: F-6)

                                          STATION:   LAMAR CO
                                          MONTH:     APRIL
                                          YEAR:      2019
                                          LATITUDE:   38  4 N
                                          LONGITUDE: 102 41 W

  TEMPERATURE IN F:       :PCPN:    SNOW:  WIND      :SUNSHINE: SKY     :PK WND
================================================================================
1   2   3   4   5  6A  6B    7    8   9   10  11  12  13   14  15   16   17  18
                                     12Z  AVG MX 2MIN
DY MAX MIN AVG DEP HDD CDD  WTR  SNW DPTH SPD SPD DIR MIN PSBL S-S WX    SPD DR
================================================================================

 1  63  28  46  -2  19   0 0.00  0.0    0  5.6 15  20   M    M   2        19  60
 2  60  25  43  -5  22   0 0.00  0.0    0  8.5 21 130   M    M   1        29 130
 3  66  30  48   0  17   0 0.00  0.0    0  5.8 20 350   M    M   1 18     26 340
 4  74  34  54   5  11   0 0.00  0.0    0  8.1 20 140   M    M   1        25 190
 5  80  44  62  13   3   0 0.00  0.0    0 10.4 25 230   M    M   0        41 200
 6  76  44  60  11   5   0 0.00  0.0    0 10.6 28 330   M    M   0        44 330
 7  76  39  58   8   7   0 0.00  0.0    0  8.6 21  20   M    M   0        31  10
 8  81  33  57   7   8   0 0.00  0.0    0  7.3 14 170   M    M   0        20  50
 9  89  34  62  12   3   0 0.00  0.0    0  7.1 20 230   M    M   0        27 180
10  82  26  54   4  11   0 0.09    M    0 18.6 36  10   M    M   4 13     47  10
11  51  24  38 -13  27   0    T    M    M 20.0 40 340   M    M   8        54 320
12  56  26  41 -10  24   0 0.00  0.0    0 10.2 21 150   M    M   6        27 100
13  54  28  41 -10  24   0    T    M    0  8.8 17 140   M    M   8        25 120
14  74  20  47  -5  18   0 0.00  0.0    0  5.6 13 210   M    M   0        19 210
15  79  31  55   3  10   0 0.00  0.0    0  8.0 18 250   M    M   0        27 240
16  82  43  63  11   2   0 0.04    M    0  6.8 38 220   M    M   1 3      54 230
17  74  45  60   7   5   0 0.00  0.0    0 14.8 31  10   M    M   1        41 360
================================================================================
SM 1217  554       216   0  0.13     0.0 164.8          M       33
================================================================================
AV 71.6 32.6                               9.7 FASTST   M    M   2    MAX(MPH)
                                 MISC ---->  # 40 340               # 54  320
================================================================================
NOTES:
# LAST OF SEVERAL OCCURRENCES

COLUMN 17 PEAK WIND IN M.P.H.

PRELIMINARY LOCAL CLIMATOLOGICAL DATA (WS FORM: F-6) , PAGE 2

                                          STATION:  LAMAR CO
                                          MONTH:    APRIL
                                          YEAR:     2019
                                          LATITUDE:   38  4 N
                                          LONGITUDE: 102 41 W

[TEMPERATURE DATA]      [PRECIPITATION DATA]       SYMBOLS USED IN COLUMN 16

AVERAGE MONTHLY: 52.1   TOTAL FOR MONTH:   0.13    1 = FOG OR MIST
DPTR FM NORMAL:   1.9   DPTR FM NORMAL:   -0.45    2 = FOG REDUCING VISIBILITY
HIGHEST:    89 ON  9    GRTST 24HR  0.09 ON 10-10      TO 1/4 MILE OR LESS
LOWEST:     20 ON 14                               3 = THUNDER
                        SNOW, ICE PELLETS, HAIL    4 = ICE PELLETS
                        TOTAL MONTH:   0.0 INCH    5 = HAIL
                        GRTST 24HR     0.0         6 = FREEZING RAIN OR DRIZZLE
                        GRTST DEPTH:   0           7 = DUSTSTORM OR SANDSTORM:
                                                       VSBY 1/2 MILE OR LESS
                                                   8 = SMOKE OR HAZE
[NO. OF DAYS WITH]      [WEATHER - DAYS WITH]      9 = BLOWING SNOW
                                                   X = TORNADO
MAX 32 OR BELOW:   0    0.01 INCH OR MORE:   2
MAX 90 OR ABOVE:   0    0.10 INCH OR MORE:   0
MIN 32 OR BELOW:   9    0.50 INCH OR MORE:   0
MIN  0 OR BELOW:   0    1.00 INCH OR MORE:   0

[HDD (BASE 65) ]
TOTAL THIS MO.   216    CLEAR  (SCALE 0-3)  13
DPTR FM NORMAL   -39    PTCLDY (SCALE 4-7)   3
TOTAL FM JUL 1  5311    CLOUDY (SCALE 8-10)  1
DPTR FM NORMAL    47

[CDD (BASE 65) ]
TOTAL THIS MO.     0
DPTR FM NORMAL     0    [PRESSURE DATA]
TOTAL FM JAN 1     0    HIGHEST SLP M ON M
DPTR FM NORMAL     0    LOWEST  SLP 29.25 ON 10

[REMARKS]
