000
CXUS53 KIND 190730
CF6LAF
PRELIMINARY LOCAL CLIMATOLOGICAL DATA (WS FORM: F-6)

                                          STATION:   LAFAYETTE IN
                                          MONTH:     FEBRUARY
                                          YEAR:      2019
                                          LATITUDE:   40 25 N
                                          LONGITUDE:  86 56 W

  TEMPERATURE IN F:       :PCPN:    SNOW:  WIND      :SUNSHINE: SKY     :PK WND
================================================================================
1   2   3   4   5  6A  6B    7    8   9   10  11  12  13   14  15   16   17  18
                                     12Z  AVG MX 2MIN
DY MAX MIN AVG DEP HDD CDD  WTR  SNW DPTH SPD SPD DIR MIN PSBL S-S WX    SPD DR
================================================================================

 1  21   9  15 -12  50   0    T    M    M  6.1 13  50   M    M   6 1      15  60
 2  43  13  28   0  37   0 0.00    M    M  3.8 13 210   M    M   4 12     18 220
 3  55  36  46  18  19   0 0.00    M    M  5.0 16 220   M    M   6 1      24 230
 4  54  33  44  16  21   0 0.02    M    M  7.3 17 290   M    M   8 1      23 290
 5  37  29  33   5  32   0 0.13    M    M  8.7 16  90   M    M  10 1      20 110
 6  41  37  39  11  26   0 0.29    M    M  4.0 10 280   M    M  10 123    13 320
 7  57  19  38  10  27   0 0.42    M    M 12.6 32 260   M    M  10 1      49 250
 8  19  11  15 -14  50   0    T    M    M 17.6 29 260   M    M   6        42 280
 9  26   7  17 -12  48   0 0.00    M    M  5.8 14 290   M    M   0        19 280
10  31  21  26  -3  39   0    T    M    M  5.6 14 100   M    M   9 12     19  90
11  34  31  33   4  32   0 0.24    M    M  8.6 22  70   M    M  10 12     29  70
12  38  23  31   1  34   0 0.42    M    M 14.7 32 270   M    M  10 128    48 260
13  31  18  25  -5  40   0    T    M    M 14.5 32 260   M    M   5 8      46 250
14  51  29  40  10  25   0 0.00    M    M  8.5 21 270   M    M   1        29 280
15  38  18  28  -2  37   0 0.00    M    M 12.6 25 280   M    M   5 1      35 290
16  30  18  24  -7  41   0 0.00    M    M 10.3 22  90   M    M   9        29  90
17  29  24  27  -4  38   0    T    M    M  9.1 21  90   M    M  10 16     27 100
18  32  27  30  -1  35   0 0.01    M    M  7.1 14 320   M    M  10 1      19 320
================================================================================
SM  667  403       631   0  1.53    M    161.9          M      129
================================================================================
AV 37.1 22.4                               9.0 FASTST   M    M   7    MAX(MPH)
                                 MISC ---->  # 32 260               # 49  250
================================================================================
NOTES:
# LAST OF SEVERAL OCCURRENCES

COLUMN 17 PEAK WIND IN M.P.H.

PRELIMINARY LOCAL CLIMATOLOGICAL DATA (WS FORM: F-6) , PAGE 2

                                          STATION:  LAFAYETTE IN
                                          MONTH:    FEBRUARY
                                          YEAR:     2019
                                          LATITUDE:   40 25 N
                                          LONGITUDE:  86 56 W

[TEMPERATURE DATA]      [PRECIPITATION DATA]       SYMBOLS USED IN COLUMN 16

AVERAGE MONTHLY: 29.7   TOTAL FOR MONTH:   1.53    1 = FOG OR MIST
DPTR FM NORMAL:   0.6   DPTR FM NORMAL:    0.48    2 = FOG REDUCING VISIBILITY
HIGHEST:    57 ON  7    GRTST 24HR  0.42 ON 12-12      TO 1/4 MILE OR LESS
LOWEST:      7 ON  9                               3 = THUNDER
                        SNOW, ICE PELLETS, HAIL    4 = ICE PELLETS
                        TOTAL MONTH:    M          5 = HAIL
                        GRTST 24HR    M  ON   M    6 = FREEZING RAIN OR DRIZZLE
                        GRTST DEPTH:  M  ON   M    7 = DUSTSTORM OR SANDSTORM:
                                                       VSBY 1/2 MILE OR LESS
                                                   8 = SMOKE OR HAZE
[NO. OF DAYS WITH]      [WEATHER - DAYS WITH]      9 = BLOWING SNOW
                                                   X = TORNADO
MAX 32 OR BELOW:   8    0.01 INCH OR MORE:   7
MAX 90 OR ABOVE:   0    0.10 INCH OR MORE:   5
MIN 32 OR BELOW:  15    0.50 INCH OR MORE:   0
MIN  0 OR BELOW:   0    1.00 INCH OR MORE:   0

[HDD (BASE 65) ]
TOTAL THIS MO.   631    CLEAR  (SCALE 0-3)   2
DPTR FM NORMAL   -15    PTCLDY (SCALE 4-7)   7
TOTAL FM JUL 1  4188    CLOUDY (SCALE 8-10)  9
DPTR FM NORMAL   174

[CDD (BASE 65) ]
TOTAL THIS MO.     0
DPTR FM NORMAL     0    [PRESSURE DATA]
TOTAL FM JAN 1     0    HIGHEST SLP M ON M
DPTR FM NORMAL     0    LOWEST  SLP 29.57 ON  7

[REMARKS]
