000
CXUS53 KIND 250730
CF6LAF
PRELIMINARY LOCAL CLIMATOLOGICAL DATA (WS FORM: F-6)

                                          STATION:   LAFAYETTE IN
                                          MONTH:     APRIL
                                          YEAR:      2019
                                          LATITUDE:   40 25 N
                                          LONGITUDE:  86 56 W

  TEMPERATURE IN F:       :PCPN:    SNOW:  WIND      :SUNSHINE: SKY     :PK WND
================================================================================
1   2   3   4   5  6A  6B    7    8   9   10  11  12  13   14  15   16   17  18
                                     12Z  AVG MX 2MIN
DY MAX MIN AVG DEP HDD CDD  WTR  SNW DPTH SPD SPD DIR MIN PSBL S-S WX    SPD DR
================================================================================

 1  47  22  35 -12  30   0 0.00    M    M  5.2 14 180   M    M   0        22 160
 2  59  37  48   1  17   0 0.00    M    M  7.7 20 240   M    M   6        29 240
 3  60  30  45  -3  20   0 0.00    M    M  4.8 13 270   M    M   3 1      19 290
 4  56  40  48   0  17   0 0.07    M    M 16.4 26  90   M    M   7 1      37  70
 5  58  40  49   1  16   0 0.01    M    M  4.6 14  90   M    M  10 1      18 100
 6  69  41  55   6  10   0 0.00    M    M  4.4 13 160   M    M   5 12     23 180
 7  72  50  61  12   4   0 0.52    M    M  8.1 35 320   M    M   5 13     60 310
 8  73  52  63  14   2   0 0.20    M    M  4.8 16 320   M    M   2 13     20 160
 9  68  48  58   8   7   0 0.00    M    M  8.3 18 360   M    M   1        27 360
10  54  41  48  -2  17   0 0.07    M    M 14.3 28  80   M    M   7 1      36  70
11  79  41  60  10   5   0    T    M    M 15.3 28  90   M    M   1 3      42 170
12  69  43  56   5   9   0 0.67    M    M 12.5 28 190   M    M   4 13     51 190
13  57  34  46  -5  19   0 0.00    M    M  5.8 16  30   M    M   1        26  20
14  47  33  40 -12  25   0 0.78    M    M 15.8 32  70   M    M  10 13     49  70
15  54  32  43  -9  22   0 0.00    M    M  8.5 15 290   M    M   4        22 310
16  75  46  61   9   4   0 0.00    M    M  9.6 20 220   M    M   2        31 230
17  77  53  65  13   0   0 0.00    M    M  8.0 20 190   M    M   2        35 180
18  66  42  54   1  11   0 0.86    M    M 11.8 25 280   M    M   7 13     35 150
19  47  40  44  -9  21   0 0.21    M    M 15.7 25 360   M    M  10 1      37 360
20  59  33  46  -8  19   0 0.00    M    M 13.8 25 360   M    M   5        35 350
21  73  31  52  -2  13   0 0.00    M    M  3.7 13 150   M    M   0        18 150
22  77  46  62   8   3   0 0.00    M    M  7.8 17 180   M    M   1        32 180
23  66  42  54   0  11   0    T    M    M  8.6 18 290   M    M   6 1      27 270
24  57  38  48  -7  17   0 0.01    M    M  5.7 14 100   M    M   5        18 110
================================================================================
SM 1519  955       319   0  3.40    M    221.2          M      104
================================================================================
AV 63.3 39.8                               9.2 FASTST   M    M   4    MAX(MPH)
                                 MISC ---->  # 35 320               # 60  310
================================================================================
NOTES:
# LAST OF SEVERAL OCCURRENCES

COLUMN 17 PEAK WIND IN M.P.H.

PRELIMINARY LOCAL CLIMATOLOGICAL DATA (WS FORM: F-6) , PAGE 2

                                          STATION:  LAFAYETTE IN
                                          MONTH:    APRIL
                                          YEAR:     2019
                                          LATITUDE:   40 25 N
                                          LONGITUDE:  86 56 W

[TEMPERATURE DATA]      [PRECIPITATION DATA]       SYMBOLS USED IN COLUMN 16

AVERAGE MONTHLY: 51.5   TOTAL FOR MONTH:   3.40    1 = FOG OR MIST
DPTR FM NORMAL:   0.6   DPTR FM NORMAL:    0.63    2 = FOG REDUCING VISIBILITY
HIGHEST:    79 ON 11    GRTST 24HR  0.86 ON 18-18      TO 1/4 MILE OR LESS
LOWEST:     22 ON  1                               3 = THUNDER
                        SNOW, ICE PELLETS, HAIL    4 = ICE PELLETS
                        TOTAL MONTH:    M          5 = HAIL
                        GRTST 24HR    M  ON   M    6 = FREEZING RAIN OR DRIZZLE
                        GRTST DEPTH:  M  ON   M    7 = DUSTSTORM OR SANDSTORM:
                                                       VSBY 1/2 MILE OR LESS
                                                   8 = SMOKE OR HAZE
[NO. OF DAYS WITH]      [WEATHER - DAYS WITH]      9 = BLOWING SNOW
                                                   X = TORNADO
MAX 32 OR BELOW:   0    0.01 INCH OR MORE:  10
MAX 90 OR ABOVE:   0    0.10 INCH OR MORE:   6
MIN 32 OR BELOW:   4    0.50 INCH OR MORE:   4
MIN  0 OR BELOW:   0    1.00 INCH OR MORE:   0

[HDD (BASE 65) ]
TOTAL THIS MO.   319    CLEAR  (SCALE 0-3)  10
DPTR FM NORMAL   -29    PTCLDY (SCALE 4-7)  11
TOTAL FM JUL 1  5732    CLOUDY (SCALE 8-10)  3
DPTR FM NORMAL   299

[CDD (BASE 65) ]
TOTAL THIS MO.     0
DPTR FM NORMAL    -6    [PRESSURE DATA]
TOTAL FM JAN 1     0    HIGHEST SLP M ON M
DPTR FM NORMAL    -7    LOWEST  SLP 29.37 ON 14

[REMARKS]
