000
CXUS55 KTBW 201000
CF6LAL
PRELIMINARY LOCAL CLIMATOLOGICAL DATA (WS FORM: F-6)

                                          STATION:   Lakeland Linder
                                          MONTH:     APRIL
                                          YEAR:      2019
                                          LATITUDE:   28  0 N
                                          LONGITUDE:  82  3 W

  TEMPERATURE IN F:       :PCPN:    SNOW:  WIND      :SUNSHINE: SKY     :PK WND
================================================================================
1   2   3   4   5  6A  6B    7    8   9   10  11  12  13   14  15   16   17  18
                                     12Z  AVG MX 2MIN
DY MAX MIN AVG DEP HDD CDD  WTR  SNW DPTH SPD SPD DIR MIN PSBL S-S WX    SPD DR
================================================================================

 1  83  65  74   3   0   9 0.05  0.0    0  3.7  9  60   M    M   6         M  M
 2  78  59  69  -2   0   4 0.12  0.0    0  4.9 10 310   M    M   5 12     16 310
 3  80  55  68  -3   0   3 0.00  0.0    0  8.5 14  80   M    M   2        17  70
 4  84  60  72   1   0   7 0.00  0.0    0  8.0 16 120   M    M   3        22  90
 5  86  65  76   5   0  11 0.21  0.0    0  3.7 13 130   M    M   6 3      17 320
 6  90  65  78   7   0  13 0.00  0.0    0  4.1 10  50   M    M   2 1       M  M
 7  90  67  79   8   0  14 0.01  0.0    0  4.9 12 140   M    M   2 1       M  M
 8  90  68  79   7   0  14 0.00  0.0    0  8.3 15 240   M    M   5 1      29 170
 9  89  71  80   8   0  15 0.08  0.0    0  9.8 22 220   M    M   7 1      28 220
10  83  66  75   3   0  10 0.51  0.0    0  4.7 12 270   M    M   7         M  M
11  87  65  76   4   0  11 0.00  0.0    0  3.7  9 110   M    M   3         M  M
12  90  65  78   6   0  13 0.00  0.0    0  4.4 12 180   M    M   2        17 180
13  90  64  77   5   0  12 0.00  0.0    0  8.2 14 150   M    M   6        18 150
14  91  72  82  10   0  17 0.09  0.0    0 12.1 25 260   M    M   6 1      37 260
15  79  59  69  -4   0   4 0.00  0.0    0  9.5 16 320   M    M   2 1      18 300
16  90  54  72  -1   0   7 0.00  0.0    0  5.3 12  70   M    M   0         M  M
17  84  61  73   0   0   8 0.00  0.0    0  6.6 15  80   M    M   2         M  M
18  91  63  77   4   0  12 0.00  0.0    0  7.8 15 160   M    M   5        23 220
19  91  59  75   2   0  10 0.67  0.0    0 12.8 25 230   M    M   6        41 230
================================================================================
SM 1646 1203         0 194  1.74     0.0 131.0          M       77
================================================================================
AV 86.6 63.3                               6.9 FASTST   M    M   4    MAX(MPH)
                                 MISC ---->  # 25 260               # 41  230
================================================================================
NOTES:
# LAST OF SEVERAL OCCURRENCES

COLUMN 17 PEAK WIND IN M.P.H.

PRELIMINARY LOCAL CLIMATOLOGICAL DATA (WS FORM: F-6) , PAGE 2

                                          STATION:  Lakeland Linder
                                          MONTH:    APRIL
                                          YEAR:     2019
                                          LATITUDE:   28  0 N
                                          LONGITUDE:  82  3 W

[TEMPERATURE DATA]      [PRECIPITATION DATA]       SYMBOLS USED IN COLUMN 16

AVERAGE MONTHLY: 75.0   TOTAL FOR MONTH:   1.74    1 = FOG OR MIST
DPTR FM NORMAL:   3.1   DPTR FM NORMAL:   -0.07    2 = FOG REDUCING VISIBILITY
HIGHEST:    91 ON 19,18 GRTST 24HR  0.67 ON 19-19      TO 1/4 MILE OR LESS
LOWEST:     54 ON 16                               3 = THUNDER
                        SNOW, ICE PELLETS, HAIL    4 = ICE PELLETS
                        TOTAL MONTH:   0.0 INCH    5 = HAIL
                        GRTST 24HR     0.0         6 = FREEZING RAIN OR DRIZZLE
                        GRTST DEPTH:   0           7 = DUSTSTORM OR SANDSTORM:
                                                       VSBY 1/2 MILE OR LESS
                                                   8 = SMOKE OR HAZE
[NO. OF DAYS WITH]      [WEATHER - DAYS WITH]      9 = BLOWING SNOW
                                                   X = TORNADO
MAX 32 OR BELOW:   0    0.01 INCH OR MORE:   8
MAX 90 OR ABOVE:   9    0.10 INCH OR MORE:   4
MIN 32 OR BELOW:   0    0.50 INCH OR MORE:   2
MIN  0 OR BELOW:   0    1.00 INCH OR MORE:   0

[HDD (BASE 65) ]
TOTAL THIS MO.     0    CLEAR  (SCALE 0-3)   9
DPTR FM NORMAL     0    PTCLDY (SCALE 4-7)  10
TOTAL FM JUL 1   341    CLOUDY (SCALE 8-10)  0
DPTR FM NORMAL   -99

[CDD (BASE 65) ]
TOTAL THIS MO.   194
DPTR FM NORMAL    60    [PRESSURE DATA]
TOTAL FM JAN 1   599    HIGHEST SLP M ON M
DPTR FM NORMAL   184    LOWEST  SLP M ON M

[REMARKS]
