000
CXUS53 KGRR 221017
CF6LAN
PRELIMINARY LOCAL CLIMATOLOGICAL DATA (WS FORM: F-6)

                                          STATION:   LANSING
                                          MONTH:     FEBRUARY
                                          YEAR:      2019
                                          LATITUDE:   42 46 N
                                          LONGITUDE:  84 36 W

  TEMPERATURE IN F:       :PCPN:    SNOW:  WIND      :SUNSHINE: SKY     :PK WND
================================================================================
1   2   3   4   5  6A  6B    7    8   9   10  11  12  13   14  15   16   17  18
                                     12Z  AVG MX 2MIN
DY MAX MIN AVG DEP HDD CDD  WTR  SNW DPTH SPD SPD DIR MIN PSBL S-S WX    SPD DR
================================================================================

 1  15  -7   4 -20  61   0 0.00  0.0    M  4.6 14 190   M    M   3 8      18 190
 2  41  10  26   2  39   0 0.00  0.0    M 11.9 23 220   M    M   6 18     29 220
 3  48  38  43  19  22   0    T  0.0    M 12.3 17 210   M    M  10 1      23 210
 4  51  39  45  21  20   0 0.18  0.0    M 11.7 24 270   M    M  10 1      29 270
 5  39  29  34  10  31   0 0.00  0.0    M 10.1 21 270   M    M  10 1      26 270
 6  32  29  31   7  34   0 0.64  0.7    T  6.9 20 110   M    M  10 146    26 110
 7  51  28  40  16  25   0 0.19    T    T 12.6 40 270   M    M  10 126    51 270
 8  28  13  21  -3  44   0 0.04  1.1    T 21.4 38 240   M    M  10 1289   48 260
 9  22   4  13 -12  52   0    T    T    1  4.6 18 280   M    M   3        22 290
10  26  15  21  -4  44   0 0.08  1.5    1  7.5 15 130   M    M  10        18 130
11  29  22  26   1  39   0 0.01  0.2    2 10.8 18  80   M    M  10        23  80
12  34  25  30   5  35   0 0.59  4.8    4 13.3 36 260   M    M  10 6      43 250
13  27  18  23  -2  42   0 0.08  2.5    8 19.0 32 270   M    M   9 19     41 270
14  42  19  31   5  34   0    T  0.0    5 10.0 16 150   M    M   8 8      20 190
15  40  17  29   3  36   0    T    T    5 18.8 31 270   M    M  10 18     38 270
16  27  15  21  -5  44   0 0.00  0.0    5  6.1 12  30   M    M   9        15 350
17  23  13  18  -8  47   0 0.11  1.0    5 10.0 18 100   M    M   9 12     22 100
18  25   9  17  -9  48   0 0.05  1.9    7  6.3 14  20   M    M   4 1      17  20
19  29   0  15 -12  50   0 0.00  0.0    4  2.3  9 140   M    M   0 1      13 340
20  37  17  27   0  38   0 0.03  0.0    4 13.6 29 250   M    M   9 16     38 260
21  36  24  30   3  35   0    T  0.0    3 16.0 31 260   M    M   4        37 260
================================================================================
SM  702  377       820   0  2.00    13.7 229.8          M      164
================================================================================
AV 33.4 18.0                              10.9 FASTST   M    M   8    MAX(MPH)
                                 MISC ---->  # 40 270               # 51  270
================================================================================
NOTES:
# LAST OF SEVERAL OCCURRENCES

COLUMN 17 PEAK WIND IN M.P.H.

PRELIMINARY LOCAL CLIMATOLOGICAL DATA (WS FORM: F-6) , PAGE 2

                                          STATION:  LANSING
                                          MONTH:    FEBRUARY
                                          YEAR:     2019
                                          LATITUDE:   42 46 N
                                          LONGITUDE:  84 36 W

[TEMPERATURE DATA]      [PRECIPITATION DATA]       SYMBOLS USED IN COLUMN 16

AVERAGE MONTHLY: 25.7   TOTAL FOR MONTH:   2.00    1 = FOG OR MIST
DPTR FM NORMAL:   0.5   DPTR FM NORMAL:    0.96    2 = FOG REDUCING VISIBILITY
HIGHEST:    51 ON  7, 4 GRTST 24HR  0.64 ON  6- 6      TO 1/4 MILE OR LESS
LOWEST:     -7 ON  1                               3 = THUNDER
                        SNOW, ICE PELLETS, HAIL    4 = ICE PELLETS
                        TOTAL MONTH:  13.7 INCHES  5 = HAIL
                        GRTST 24HR   4.8 ON 12-12  6 = FREEZING RAIN OR DRIZZLE
                        GRTST DEPTH:   8 ON 13     7 = DUSTSTORM OR SANDSTORM:
                                                       VSBY 1/2 MILE OR LESS
                                                   8 = SMOKE OR HAZE
[NO. OF DAYS WITH]      [WEATHER - DAYS WITH]      9 = BLOWING SNOW
                                                   X = TORNADO
MAX 32 OR BELOW:  11    0.01 INCH OR MORE:  11
MAX 90 OR ABOVE:   0    0.10 INCH OR MORE:   5
MIN 32 OR BELOW:  19    0.50 INCH OR MORE:   2
MIN  0 OR BELOW:   2    1.00 INCH OR MORE:   0

[HDD (BASE 65) ]
TOTAL THIS MO.   820    CLEAR  (SCALE 0-3)   3
DPTR FM NORMAL   -17    PTCLDY (SCALE 4-7)   4
TOTAL FM JUL 1  4745    CLOUDY (SCALE 8-10) 14
DPTR FM NORMAL    68

[CDD (BASE 65) ]
TOTAL THIS MO.     0
DPTR FM NORMAL     0    [PRESSURE DATA]
TOTAL FM JAN 1     0    HIGHEST SLP M ON M
DPTR FM NORMAL     0    LOWEST  SLP 29.43 ON 12

[REMARKS]
