000
CXUS53 KGRR 211017
CF6LAN
PRELIMINARY LOCAL CLIMATOLOGICAL DATA (WS FORM: F-6)

                                          STATION:   LANSING
                                          MONTH:     APRIL
                                          YEAR:      2019
                                          LATITUDE:   42 46 N
                                          LONGITUDE:  84 36 W

  TEMPERATURE IN F:       :PCPN:    SNOW:  WIND      :SUNSHINE: SKY     :PK WND
================================================================================
1   2   3   4   5  6A  6B    7    8   9   10  11  12  13   14  15   16   17  18
                                     12Z  AVG MX 2MIN
DY MAX MIN AVG DEP HDD CDD  WTR  SNW DPTH SPD SPD DIR MIN PSBL S-S WX    SPD DR
================================================================================

 1  45  20  33  -9  32   0 0.00  0.0    0  9.8 22 200   M    M   2        28 200
 2  58  36  47   5  18   0    T  0.0    0 14.9 28 240   M    M   6        34 240
 3  51  37  44   2  21   0 0.00  0.0    0 13.2 29 300   M    M   0        43 270
 4  47  33  40  -3  25   0 0.01  0.0    0  9.5 18 100   M    M   5        23  90
 5  52  33  43   0  22   0 0.08  0.0    0  3.7  9 320   M    M   8 1      12  80
 6  66  34  50   6  15   0 0.00  0.0    0  3.0 14 220   M    M   6 12     17 220
 7  72  47  60  16   5   0 0.09  0.0    0 10.1 22 170   M    M   3 1      27 170
 8  69  54  62  17   3   0 0.00  0.0    0 12.8 26 260   M    M   5 1      34 270
 9  62  42  52   7  13   0 0.00  0.0    0 15.0 29 300   M    M   4        36 260
10  43  31  37  -8  28   0 0.12  0.5    0 10.6 20 110   M    M   9 1      25 110
11  49  30  40  -6  25   0 0.05  0.1    1 16.6 28 100   M    M   5 1      33 100
12  59  40  50   4  15   0 0.24  0.0    0 15.2 33 220   M    M   6 1      45 230
13  52  34  43  -4  22   0 0.00  0.0    0 13.7 29 270   M    M   0        35 260
14  37  31  34 -13  31   0 0.74  0.9    0 13.4 25  30   M    M   8 1      32  30
15  50  32  41  -6  24   0 0.01  0.1    1 10.9 22 270   M    M   4        30 260
16  64  38  51   3  14   0 0.13  0.0    0  7.3 14  30   M    M  10 1      18  40
17  61  42  52   4  13   0 0.01  0.0    0 12.8 23 160   M    M   9 138    30 150
18  66  41  54   6  11   0 0.64  0.0    0 13.6 29 220   M    M   8 13     36 200
19  42  39  41  -8  24   0 0.10  0.0    0 13.7 24  30   M    M  10 1      30  20
20  54  36  45  -4  20   0 0.01  0.0    0 13.1 23  40   M    M   8        32  40
================================================================================
SM 1099  730       381   0  2.23     1.6 232.9          M      116
================================================================================
AV 55.0 36.5                              11.6 FASTST   M    M   6    MAX(MPH)
                                 MISC ---->  # 33 220               # 45  230
================================================================================
NOTES:
# LAST OF SEVERAL OCCURRENCES

COLUMN 17 PEAK WIND IN M.P.H.

PRELIMINARY LOCAL CLIMATOLOGICAL DATA (WS FORM: F-6) , PAGE 2

                                          STATION:  LANSING
                                          MONTH:    APRIL
                                          YEAR:     2019
                                          LATITUDE:   42 46 N
                                          LONGITUDE:  84 36 W

[TEMPERATURE DATA]      [PRECIPITATION DATA]       SYMBOLS USED IN COLUMN 16

AVERAGE MONTHLY: 45.7   TOTAL FOR MONTH:   2.23    1 = FOG OR MIST
DPTR FM NORMAL:   0.2   DPTR FM NORMAL:    0.18    2 = FOG REDUCING VISIBILITY
HIGHEST:    72 ON  7    GRTST 24HR  0.74 ON 14-14      TO 1/4 MILE OR LESS
LOWEST:     20 ON  1                               3 = THUNDER
                        SNOW, ICE PELLETS, HAIL    4 = ICE PELLETS
                        TOTAL MONTH:   1.6 INCHES  5 = HAIL
                        GRTST 24HR   0.9 ON 14-14  6 = FREEZING RAIN OR DRIZZLE
                        GRTST DEPTH:   1 ON 15,11  7 = DUSTSTORM OR SANDSTORM:
                                                       VSBY 1/2 MILE OR LESS
                                                   8 = SMOKE OR HAZE
[NO. OF DAYS WITH]      [WEATHER - DAYS WITH]      9 = BLOWING SNOW
                                                   X = TORNADO
MAX 32 OR BELOW:   0    0.01 INCH OR MORE:  13
MAX 90 OR ABOVE:   0    0.10 INCH OR MORE:   6
MIN 32 OR BELOW:   5    0.50 INCH OR MORE:   2
MIN  0 OR BELOW:   0    1.00 INCH OR MORE:   0

[HDD (BASE 65) ]
TOTAL THIS MO.   381    CLEAR  (SCALE 0-3)   3
DPTR FM NORMAL   -11    PTCLDY (SCALE 4-7)  11
TOTAL FM JUL 1  6431    CLOUDY (SCALE 8-10)  6
DPTR FM NORMAL   175

[CDD (BASE 65) ]
TOTAL THIS MO.     0
DPTR FM NORMAL     0    [PRESSURE DATA]
TOTAL FM JAN 1     0    HIGHEST SLP M ON M
DPTR FM NORMAL    -1    LOWEST  SLP 29.50 ON 18

[REMARKS]
