000
CXUS56 KLOX 251655
CF6LAX
PRELIMINARY LOCAL CLIMATOLOGICAL DATA (WS FORM: F-6)

                                          STATION:   LOS ANGELES INTL AIRPORT CA
                                          MONTH:     APRIL
                                          YEAR:      2019
                                          LATITUDE:   33 55 N
                                          LONGITUDE: 118 24 W

  TEMPERATURE IN F:       :PCPN:    SNOW:  WIND      :SUNSHINE: SKY     :PK WND
================================================================================
1   2   3   4   5  6A  6B    7    8   9   10  11  12  13   14  15   16   17  18
                                     12Z  AVG MX 2MIN
DY MAX MIN AVG DEP HDD CDD  WTR  SNW DPTH SPD SPD DIR MIN PSBL S-S WX    SPD DR
================================================================================

 1  81  60  71  12   0   6 0.00  0.0    0  6.5 15 260   M    M   7 8      19 250
 2  69  58  64   5   1   0 0.00  0.0    0  9.8 18 260   M    M   6 1      22 250
 3  67  57  62   3   3   0 0.00  0.0    0  7.9 17 260   M    M   7        23 260
 4  66  57  62   3   3   0    T  0.0    0  8.2 16 260   M    M   8        22 250
 5  66  54  60   1   5   0 0.00  0.0    0  9.8 23 260   M    M   7        26 240
 6  67  58  63   4   2   0 0.00  0.0    0  8.1 20 260   M    M   6        25 260
 7  74  57  66   7   0   1 0.00  0.0    0  4.7 17 260   M    M   5        22 260
 8  79  58  69  10   0   4 0.00  0.0    0  6.1 22 260   M    M   6        26 260
 9  77  59  68   9   0   3 0.00  0.0    0 12.4 33 330   M    M   3 18     51 320
10  74  61  68   8   0   3 0.00  0.0    0 16.1 29 270   M    M   1        36 310
11  70  55  63   3   2   0 0.00  0.0    0  9.4 20 330   M    M   4        26 320
12  73  57  65   5   0   0 0.00  0.0    0 12.4 28 270   M    M   3        32 260
13  72  53  63   3   2   0 0.00  0.0    0  7.7 17 250   M    M   2        21 260
14  64  53  59  -1   6   0 0.00  0.0    0  7.9 15 260   M    M   7 12     20 260
15  63  52  58  -2   7   0 0.00  0.0    0  8.1 17 250   M    M   8 12     21 260
16  65  57  61   1   4   0 0.00  0.0    0  9.7 18 280   M    M   7        24 230
17  72  53  63   3   2   0 0.00  0.0    0  8.4 22 270   M    M   3        27 250
18  73  54  64   4   1   0 0.00  0.0    0  7.8 20 270   M    M   5 128    24 240
19  63  56  60   0   5   0 0.00  0.0    0  8.5 20 270   M    M   9 18     26 260
20  64  57  61   1   4   0 0.00  0.0    0  7.4 17 270   M    M   9        24 280
21  66  53  60  -1   5   0 0.00  0.0    0  9.7 21 270   M    M   5 8      26 270
22  66  53  60  -1   5   0 0.00  0.0    0  7.3 18 260   M    M   3        24 250
23  72  55  64   3   1   0 0.00  0.0    0  6.1 17 260   M    M   5 18     22 250
24  72  57  65   4   0   0 0.00  0.0    0  7.6 16 250   M    M   6 18     20 230
================================================================================
SM 1675 1344        58  17    T      0.0 207.6          M      132
================================================================================
AV 69.8 56.0                               8.7 FASTST   M    M   6    MAX(MPH)
                                 MISC ---->  # 33 330               # 51  320
================================================================================
NOTES:
# LAST OF SEVERAL OCCURRENCES

COLUMN 17 PEAK WIND IN M.P.H.

PRELIMINARY LOCAL CLIMATOLOGICAL DATA (WS FORM: F-6) , PAGE 2

                                          STATION:  LOS ANGELES INTL AIRPORT CA
                                          MONTH:    APRIL
                                          YEAR:     2019
                                          LATITUDE:   33 55 N
                                          LONGITUDE: 118 24 W

[TEMPERATURE DATA]      [PRECIPITATION DATA]       SYMBOLS USED IN COLUMN 16

AVERAGE MONTHLY: 62.9   TOTAL FOR MONTH:      T    1 = FOG OR MIST
DPTR FM NORMAL:   3.1   DPTR FM NORMAL:   -0.60    2 = FOG REDUCING VISIBILITY
HIGHEST:    81 ON  1    GRTST 24HR    T  ON  4- 4      TO 1/4 MILE OR LESS
LOWEST:     52 ON 15                               3 = THUNDER
                        SNOW, ICE PELLETS, HAIL    4 = ICE PELLETS
                        TOTAL MONTH:   0.0 INCH    5 = HAIL
                        GRTST 24HR     0.0         6 = FREEZING RAIN OR DRIZZLE
                        GRTST DEPTH:   0           7 = DUSTSTORM OR SANDSTORM:
                                                       VSBY 1/2 MILE OR LESS
                                                   8 = SMOKE OR HAZE
[NO. OF DAYS WITH]      [WEATHER - DAYS WITH]      9 = BLOWING SNOW
                                                   X = TORNADO
MAX 32 OR BELOW:   0    0.01 INCH OR MORE:   0
MAX 90 OR ABOVE:   0    0.10 INCH OR MORE:   0
MIN 32 OR BELOW:   0    0.50 INCH OR MORE:   0
MIN  0 OR BELOW:   0    1.00 INCH OR MORE:   0

[HDD (BASE 65) ]
TOTAL THIS MO.    58    CLEAR  (SCALE 0-3)   4
DPTR FM NORMAL   -75    PTCLDY (SCALE 4-7)  16
TOTAL FM JUL 1   993    CLOUDY (SCALE 8-10)  4
DPTR FM NORMAL  -290

[CDD (BASE 65) ]
TOTAL THIS MO.    17
DPTR FM NORMAL    14    [PRESSURE DATA]
TOTAL FM JAN 1    25    HIGHEST SLP M ON M
DPTR FM NORMAL     7    LOWEST  SLP 29.69 ON 12

[REMARKS]
