000
CXUS54 KLUB 180755
CF6LBB
PRELIMINARY LOCAL CLIMATOLOGICAL DATA (WS FORM: F-6)

                                          STATION:   LUBBOCK
                                          MONTH:     FEBRUARY
                                          YEAR:      2019
                                          LATITUDE:   33 39 N
                                          LONGITUDE: 101 49 W

  TEMPERATURE IN F:       :PCPN:    SNOW:  WIND      :SUNSHINE: SKY     :PK WND
================================================================================
1   2   3   4   5  6A  6B    7    8   9   10  11  12  13   14  15   16   17  18
                                     12Z  AVG MX 2MIN
DY MAX MIN AVG DEP HDD CDD  WTR  SNW DPTH SPD SPD DIR MIN PSBL S-S WX    SPD DR
================================================================================

 1  63  25  44   2  21   0    T  0.0    0  8.7 20 170   M    M   5        23 170
 2  70  46  58  16   7   0 0.00  0.0    0 14.1 24 220   M    M   5 1      28 210
 3  76  39  58  16   7   0 0.00  0.0    0 14.3 28 230   M    M   4        35 220
 4  73  40  57  15   8   0 0.00  0.0    0 10.7 22 200   M    M   2        26 220
 5  70  46  58  16   7   0 0.00  0.0    0 10.6 24 240   M    M   9        30 240
 6  74  47  61  18   4   0 0.00  0.0    0 13.4 38 220   M    M   6 8      46 220
 7  48  20  34  -9  31   0 0.00  0.0    0  9.8 31 290   M    M   1        37 300
 8  36  13  25 -18  40   0 0.00  0.0    0 12.2 23 150   M    M   6        27 150
 9  40  21  31 -12  34   0 0.00  0.0    0 13.0 24 150   M    M   8 18     29 150
10  54  34  44   1  21   0 0.02  0.0    0 10.8 21 210   M    M  10 1      25 210
11  65  37  51   7  14   0    T  0.0    0 17.7 44 300   M    M   4 8      55 240
12  57  21  39  -5  26   0 0.00  0.0    0 10.6 21 210   M    M   1        26 200
13  69  32  51   7  14   0 0.00  0.0    0 18.9 29 210   M    M   6        36 220
14  76  46  61  17   4   0 0.00  0.0    0 15.8 38 290   M    M   9 8      47 290
15  78  32  55  11  10   0 0.00  0.0    0 14.0 38 270   M    M   9        46 290
16  74  26  50   5  15   0 0.00  0.0    0 14.2 38 230   M    M   6 8      48 230
17  53  24  39  -6  26   0 0.00  0.0    0 10.3 22  10   M    M   4        30  10
================================================================================
SM 1076  549       289   0  0.02     0.0 219.1          M       95
================================================================================
AV 63.3 32.3                              12.9 FASTST   M    M   6    MAX(MPH)
                                 MISC ---->  # 44 300               # 55  240
================================================================================
NOTES:
# LAST OF SEVERAL OCCURRENCES

COLUMN 17 PEAK WIND IN M.P.H.

PRELIMINARY LOCAL CLIMATOLOGICAL DATA (WS FORM: F-6) , PAGE 2

                                          STATION:  LUBBOCK
                                          MONTH:    FEBRUARY
                                          YEAR:     2019
                                          LATITUDE:   33 39 N
                                          LONGITUDE: 101 49 W

[TEMPERATURE DATA]      [PRECIPITATION DATA]       SYMBOLS USED IN COLUMN 16

AVERAGE MONTHLY: 47.8   TOTAL FOR MONTH:   0.02    1 = FOG OR MIST
DPTR FM NORMAL:   4.6   DPTR FM NORMAL:   -0.44    2 = FOG REDUCING VISIBILITY
HIGHEST:    78 ON 15    GRTST 24HR  0.02 ON 10-10      TO 1/4 MILE OR LESS
LOWEST:     13 ON  8                               3 = THUNDER
                        SNOW, ICE PELLETS, HAIL    4 = ICE PELLETS
                        TOTAL MONTH:   0.0 INCH    5 = HAIL
                        GRTST 24HR     0.0         6 = FREEZING RAIN OR DRIZZLE
                        GRTST DEPTH:   0           7 = DUSTSTORM OR SANDSTORM:
                                                       VSBY 1/2 MILE OR LESS
                                                   8 = SMOKE OR HAZE
[NO. OF DAYS WITH]      [WEATHER - DAYS WITH]      9 = BLOWING SNOW
                                                   X = TORNADO
MAX 32 OR BELOW:   0    0.01 INCH OR MORE:   1
MAX 90 OR ABOVE:   0    0.10 INCH OR MORE:   0
MIN 32 OR BELOW:   9    0.50 INCH OR MORE:   0
MIN  0 OR BELOW:   0    1.00 INCH OR MORE:   0

[HDD (BASE 65) ]
TOTAL THIS MO.   289    CLEAR  (SCALE 0-3)   3
DPTR FM NORMAL   -81    PTCLDY (SCALE 4-7)  10
TOTAL FM JUL 1  2511    CLOUDY (SCALE 8-10)  4
DPTR FM NORMAL   -24

[CDD (BASE 65) ]
TOTAL THIS MO.     0
DPTR FM NORMAL     0    [PRESSURE DATA]
TOTAL FM JAN 1     0    HIGHEST SLP M ON M
DPTR FM NORMAL     0    LOWEST  SLP 29.43 ON 16

[REMARKS]
