000
CXUS54 KLUB 240755
CF6LBB
PRELIMINARY LOCAL CLIMATOLOGICAL DATA (WS FORM: F-6)

                                          STATION:   LUBBOCK
                                          MONTH:     AUGUST
                                          YEAR:      2019
                                          LATITUDE:   33 39 N
                                          LONGITUDE: 101 49 W

  TEMPERATURE IN F:       :PCPN:    SNOW:  WIND      :SUNSHINE: SKY     :PK WND
================================================================================
1   2   3   4   5  6A  6B    7    8   9   10  11  12  13   14  15   16   17  18
                                     12Z  AVG MX 2MIN
DY MAX MIN AVG DEP HDD CDD  WTR  SNW DPTH SPD SPD DIR MIN PSBL S-S WX    SPD DR
================================================================================

 1  99  70  85   5   0  20 0.00  0.0    0 10.2 20 180   M    M   2        25 160
 2 101  74  88   8   0  23 0.00  0.0    0 11.4 21 200   M    M   5        33 290
 3  97  72  85   5   0  20 0.03  0.0    0  8.5 28 320   M    M   8 3      38 330
 4  95  68  82   2   0  17 0.00  0.0    0  7.8 18  50   M    M   7 18     24  40
 5  96  68  82   2   0  17 0.00  0.0    0  5.8 13 120   M    M   4        17 110
 6  97  74  86   6   0  21 0.10  0.0    0  6.4 17 120   M    M   6        22 110
 7 101  79  90  10   0  25 0.00  0.0    0 11.8 21 130   M    M   5        26 140
 8  99  80  90  10   0  25 0.00  0.0    0 11.8 22 150   M    M   5 3      27 150
 9 100  76  88   8   0  23    T  0.0    0  9.3 20 150   M    M   5        24 160
10  99  75  87   7   0  22 0.00  0.0    0  9.3 18 190   M    M   4        27 190
11 100  73  87   7   0  22 0.00  0.0    0 10.6 20 310   M    M   3 3      26 330
12 103  71  87   7   0  22 0.00  0.0    0  9.5 21 170   M    M   2        26 200
13  94  69  82   2   0  17 0.00  0.0    0 12.2 25  50   M    M   2        32  30
14  96  68  82   2   0  17 0.00  0.0    0 10.4 22  40   M    M   4        29  40
15  99  70  85   6   0  20 0.00  0.0    0  9.2 26 200   M    M   3        31 200
16 103  69  86   7   0  21 0.00  0.0    0 12.7 25 220   M    M   4        32 220
17 104  73  89  10   0  24 0.00  0.0    0 13.8 35 220   M    M   4 3      46 220
18 105  75  90  11   0  25    T  0.0    0 12.5 23 210   M    M   5        27 210
19 102  74  88   9   0  23 0.00  0.0    0 11.5 21 190   M    M   4        26  80
20  99  77  88   9   0  23 0.00  0.0    0 10.2 21 120   M    M   3        25 120
21  97  73  85   6   0  20 0.00  0.0    0 10.2 28 340   M    M   3        38 350
22  94  67  81   3   0  16 0.00  0.0    0  8.9 26 110   M    M   6        34 360
23  92  66  79   1   0  14 1.59  0.0    0 10.0 25 280   M    M   5 13     36 230
================================================================================
SM 2272 1661         0 477  1.72     0.0 234.0          M       99
================================================================================
AV 98.8 72.2                              10.2 FASTST   M    M   4    MAX(MPH)
                                 MISC ---->  # 35 220               # 46  220
================================================================================
NOTES:
# LAST OF SEVERAL OCCURRENCES

COLUMN 17 PEAK WIND IN M.P.H.

PRELIMINARY LOCAL CLIMATOLOGICAL DATA (WS FORM: F-6) , PAGE 2

                                          STATION:  LUBBOCK
                                          MONTH:    AUGUST
                                          YEAR:     2019
                                          LATITUDE:   33 39 N
                                          LONGITUDE: 101 49 W

[TEMPERATURE DATA]      [PRECIPITATION DATA]       SYMBOLS USED IN COLUMN 16

AVERAGE MONTHLY: 85.5   TOTAL FOR MONTH:   1.72    1 = FOG OR MIST
DPTR FM NORMAL:   6.0   DPTR FM NORMAL:    0.33    2 = FOG REDUCING VISIBILITY
HIGHEST:   105 ON 18    GRTST 24HR  1.59 ON 23-23      TO 1/4 MILE OR LESS
LOWEST:     66 ON 23                               3 = THUNDER
                        SNOW, ICE PELLETS, HAIL    4 = ICE PELLETS
                        TOTAL MONTH:   0.0 INCH    5 = HAIL
                        GRTST 24HR     0.0         6 = FREEZING RAIN OR DRIZZLE
                        GRTST DEPTH:   0           7 = DUSTSTORM OR SANDSTORM:
                                                       VSBY 1/2 MILE OR LESS
                                                   8 = SMOKE OR HAZE
[NO. OF DAYS WITH]      [WEATHER - DAYS WITH]      9 = BLOWING SNOW
                                                   X = TORNADO
MAX 32 OR BELOW:   0    0.01 INCH OR MORE:   3
MAX 90 OR ABOVE:  23    0.10 INCH OR MORE:   2
MIN 32 OR BELOW:   0    0.50 INCH OR MORE:   1
MIN  0 OR BELOW:   0    1.00 INCH OR MORE:   1

[HDD (BASE 65) ]
TOTAL THIS MO.     0    CLEAR  (SCALE 0-3)   5
DPTR FM NORMAL     0    PTCLDY (SCALE 4-7)  18
TOTAL FM JUL 1     0    CLOUDY (SCALE 8-10)  0
DPTR FM NORMAL     0

[CDD (BASE 65) ]
TOTAL THIS MO.   477
DPTR FM NORMAL   144    [PRESSURE DATA]
TOTAL FM JAN 1  1584    HIGHEST SLP M ON M
DPTR FM NORMAL   158    LOWEST  SLP 29.60 ON 17

[REMARKS]
