000
CXUS55 KLBF 221200
CF6LBF
PRELIMINARY LOCAL CLIMATOLOGICAL DATA (WS FORM: F-6)

                                          STATION:   NORTH PLATTE
                                          MONTH:     AUGUST
                                          YEAR:      2019
                                          LATITUDE:   41  7 N
                                          LONGITUDE: 100 41 W

  TEMPERATURE IN F:       :PCPN:    SNOW:  WIND      :SUNSHINE: SKY     :PK WND
================================================================================
1   2   3   4   5  6A  6B    7    8   9   10  11  12  13   14  15   16   17  18
                                     12Z  AVG MX 2MIN
DY MAX MIN AVG DEP HDD CDD  WTR  SNW DPTH SPD SPD DIR MIN PSBL S-S WX    SPD DR
================================================================================

 1  76  63  70  -4   0   5 0.00  0.0    0  6.0 15 130   M    M   8        19 130
 2  86  62  74   0   0   9 0.02  0.0    0  4.9 28  70   M    M   7 13     40  60
 3  88  64  76   2   0  11 0.00  0.0    0  1.8  9 190   M    M   5 1      12 180
 4  91  65  78   4   0  13 0.02  0.0    0  7.5 29  20   M    M   1 3      37  20
 5  92  66  79   5   0  14 0.05  0.0    0  8.1 25 250   M    M   2 3      38 190
 6  90  63  77   3   0  12 0.00  0.0    0  5.6 13 150   M    M   1        18 150
 7  89  65  77   3   0  12    T  0.0    0  6.8 20 140   M    M   0        28 130
 8  88  66  77   3   0  12 2.11  0.0    0  4.7 31 180   M    M   3 13     44 180
 9  86  66  76   2   0  11 0.00  0.0    0  9.2 18 180   M    M   4 12     27 190
10  87  70  79   6   0  14 0.03  0.0    0  6.6 18 240   M    M   3 3      27 240
11  85  69  77   4   0  12 0.37  0.0    0  7.1 20 150   M    M   4 13     26 150
12  86  64  75   2   0  10    T  0.0    0  6.0 14 290   M    M   4 13     21 350
13  83  59  71  -2   0   6    T  0.0    0  5.6 32 150   M    M   0 1      46 150
14  75  56  66  -7   0   1 0.42  0.0    0  5.8 24 360   M    M   2 13     36 360
15  82  56  69  -4   0   4 0.15  0.0    0  7.6 29  10   M    M   3 13     43 360
16  84  60  72   0   0   7 0.16  0.0    0  7.3 30 200   M    M   1 3      42 200
17  88  65  77   5   0  12    T  0.0    0  8.1 18 230   M    M   3 123    24 220
18  79  57  68  -4   0   3 0.00  0.0    0  7.3 22  40   M    M   3        31  50
19  86  64  75   3   0  10 0.00  0.0    0  8.0 15 190   M    M   6 1      21 190
20  91  64  78   6   0  13 0.00  0.0    0  8.9 24 110   M    M   1 1      33  90
21  82  62  72   0   0   7 0.76  0.0    0  7.2 43 310   M    M   6 13     57 300
================================================================================
SM 1794 1326         0 198  4.09     0.0 140.1          M       67
================================================================================
AV 85.4 63.1                               6.7 FASTST   M    M   3    MAX(MPH)
                                 MISC ---->  # 43 310               # 57  300
================================================================================
NOTES:
# LAST OF SEVERAL OCCURRENCES

COLUMN 17 PEAK WIND IN M.P.H.

PRELIMINARY LOCAL CLIMATOLOGICAL DATA (WS FORM: F-6) , PAGE 2

                                          STATION:  NORTH PLATTE
                                          MONTH:    AUGUST
                                          YEAR:     2019
                                          LATITUDE:   41  7 N
                                          LONGITUDE: 100 41 W

[TEMPERATURE DATA]      [PRECIPITATION DATA]       SYMBOLS USED IN COLUMN 16

AVERAGE MONTHLY: 74.3   TOTAL FOR MONTH:   4.09    1 = FOG OR MIST
DPTR FM NORMAL:   1.1   DPTR FM NORMAL:    2.35    2 = FOG REDUCING VISIBILITY
HIGHEST:    92 ON  5    GRTST 24HR  2.11 ON  8- 8      TO 1/4 MILE OR LESS
LOWEST:     56 ON 15,14                            3 = THUNDER
                        SNOW, ICE PELLETS, HAIL    4 = ICE PELLETS
                        TOTAL MONTH:   0.0 INCH    5 = HAIL
                        GRTST 24HR     0.0         6 = FREEZING RAIN OR DRIZZLE
                        GRTST DEPTH:   0           7 = DUSTSTORM OR SANDSTORM:
                                                       VSBY 1/2 MILE OR LESS
                                                   8 = SMOKE OR HAZE
[NO. OF DAYS WITH]      [WEATHER - DAYS WITH]      9 = BLOWING SNOW
                                                   X = TORNADO
MAX 32 OR BELOW:   0    0.01 INCH OR MORE:  10
MAX 90 OR ABOVE:   4    0.10 INCH OR MORE:   6
MIN 32 OR BELOW:   0    0.50 INCH OR MORE:   2
MIN  0 OR BELOW:   0    1.00 INCH OR MORE:   1

[HDD (BASE 65) ]
TOTAL THIS MO.     0    CLEAR  (SCALE 0-3)  13
DPTR FM NORMAL     0    PTCLDY (SCALE 4-7)   8
TOTAL FM JUL 1     0    CLOUDY (SCALE 8-10)  0
DPTR FM NORMAL    -5

[CDD (BASE 65) ]
TOTAL THIS MO.   198
DPTR FM NORMAL    23    [PRESSURE DATA]
TOTAL FM JAN 1   701    HIGHEST SLP M ON M
DPTR FM NORMAL    67    LOWEST  SLP 29.61 ON 17

[REMARKS]
