000
CXUS55 KLBF 211200
CF6LBF
PRELIMINARY LOCAL CLIMATOLOGICAL DATA (WS FORM: F-6)

                                          STATION:   NORTH PLATTE
                                          MONTH:     FEBRUARY
                                          YEAR:      2019
                                          LATITUDE:   41  7 N
                                          LONGITUDE: 100 41 W

  TEMPERATURE IN F:       :PCPN:    SNOW:  WIND      :SUNSHINE: SKY     :PK WND
================================================================================
1   2   3   4   5  6A  6B    7    8   9   10  11  12  13   14  15   16   17  18
                                     12Z  AVG MX 2MIN
DY MAX MIN AVG DEP HDD CDD  WTR  SNW DPTH SPD SPD DIR MIN PSBL S-S WX    SPD DR
================================================================================

 1  64  15  40  14  25   0 0.00  0.0    0  6.3 17 210   M    M   0        27 210
 2  61  18  40  14  25   0 0.00  0.0    0  4.9 14 190   M    M   0        20 190
 3  53  22  38  12  27   0 0.00  0.0    0  6.9 30  20   M    M   2 1      39 360
 4  26   9  18  -8  47   0 0.00  0.0    0 11.6 23  20   M    M   2        31  20
 5  21  10  16 -11  49   0 0.00  0.0    0  7.9 14 150   M    M   8        18 140
 6  17   3  10 -17  55   0    T    T    0 12.8 20  10   M    M  10 8      27  10
 7  12  -7   3 -24  62   0 0.01  0.6    1 15.7 29 340   M    M   4 8      38 350
 8  32  -9  12 -15  53   0 0.00  0.0    0  9.2 23 190   M    M   0        37 150
 9  36  15  26  -1  39   0 0.00  0.0    0 11.4 23 160   M    M   0        36 160
10  27  11  19  -9  46   0 0.00  0.0    0 10.4 24  30   M    M   6 1      32  30
11  30  10  20  -8  45   0    T  0.0    0  8.9 18 130   M    M   9 1      24 130
12  49   5  27  -1  38   0 0.00  0.0    0  6.4 17 300   M    M   0        21 330
13  64  21  43  15  22   0 0.00  0.0    0  4.8 17 200   M    M   0        22 190
14  35  19  27  -2  38   0 0.00  0.0    0 11.3 33  30   M    M   5        43  20
15  19  11  15 -14  50   0 0.21  1.8    T  9.3 18 130   M    M  10 18     23 120
16  19  12  16 -13  49   0 0.07  1.0    2  7.2 13 170   M    M  10 1      19 160
17  19  -1   9 -20  56   0 0.00  0.0    3 15.0 25 340   M    M   6        32 340
18  17  -5   6 -24  59   0    T    T    3  6.8 13 330   M    M   7        15 340
19  19   6  13 -17  52   0 0.17  3.9    3  8.4 15 130   M    M  10 18     21 120
20  28  -1  14 -16  51   0 0.05  0.5    6  5.9 22 290   M    M   3 18     27 290
================================================================================
SM  648  164       888   0  0.51     7.8 181.1          M       92
================================================================================
AV 32.4  8.2                               9.1 FASTST   M    M   5    MAX(MPH)
                                 MISC ---->  # 33  30               # 43   20
================================================================================
NOTES:
# LAST OF SEVERAL OCCURRENCES

COLUMN 17 PEAK WIND IN M.P.H.

PRELIMINARY LOCAL CLIMATOLOGICAL DATA (WS FORM: F-6) , PAGE 2

                                          STATION:  NORTH PLATTE
                                          MONTH:    FEBRUARY
                                          YEAR:     2019
                                          LATITUDE:   41  7 N
                                          LONGITUDE: 100 41 W

[TEMPERATURE DATA]      [PRECIPITATION DATA]       SYMBOLS USED IN COLUMN 16

AVERAGE MONTHLY: 20.3   TOTAL FOR MONTH:   0.51    1 = FOG OR MIST
DPTR FM NORMAL:  -7.5   DPTR FM NORMAL:    0.20    2 = FOG REDUCING VISIBILITY
HIGHEST:    64 ON 13, 1 GRTST 24HR  0.21 ON 15-15      TO 1/4 MILE OR LESS
LOWEST:     -9 ON  8                               3 = THUNDER
                        SNOW, ICE PELLETS, HAIL    4 = ICE PELLETS
                        TOTAL MONTH:   7.8 INCHES  5 = HAIL
                        GRTST 24HR   3.9 ON 19-19  6 = FREEZING RAIN OR DRIZZLE
                        GRTST DEPTH:   6 ON 20     7 = DUSTSTORM OR SANDSTORM:
                                                       VSBY 1/2 MILE OR LESS
                                                   8 = SMOKE OR HAZE
[NO. OF DAYS WITH]      [WEATHER - DAYS WITH]      9 = BLOWING SNOW
                                                   X = TORNADO
MAX 32 OR BELOW:  13    0.01 INCH OR MORE:   5
MAX 90 OR ABOVE:   0    0.10 INCH OR MORE:   2
MIN 32 OR BELOW:  20    0.50 INCH OR MORE:   0
MIN  0 OR BELOW:   5    1.00 INCH OR MORE:   0

[HDD (BASE 65) ]
TOTAL THIS MO.   888    CLEAR  (SCALE 0-3)   9
DPTR FM NORMAL   146    PTCLDY (SCALE 4-7)   6
TOTAL FM JUL 1  4730    CLOUDY (SCALE 8-10)  5
DPTR FM NORMAL   -32

[CDD (BASE 65) ]
TOTAL THIS MO.     0
DPTR FM NORMAL     0    [PRESSURE DATA]
TOTAL FM JAN 1     0    HIGHEST SLP M ON M
DPTR FM NORMAL     0    LOWEST  SLP 29.43 ON  3

[REMARKS]
