000
CXUS52 KILM 221000
CF6LBT
PRELIMINARY LOCAL CLIMATOLOGICAL DATA (WS FORM: F-6)

                                          STATION:   LUMBERTON NORTH CAROLINA
                                          MONTH:     AUGUST
                                          YEAR:      2019
                                          LATITUDE:   34 35 N
                                          LONGITUDE:  79  4 W

  TEMPERATURE IN F:       :PCPN:    SNOW:  WIND      :SUNSHINE: SKY     :PK WND
================================================================================
1   2   3   4   5  6A  6B    7    8   9   10  11  12  13   14  15   16   17  18
                                     12Z  AVG MX 2MIN
DY MAX MIN AVG DEP HDD CDD  WTR  SNW DPTH SPD SPD DIR MIN PSBL S-S WX    SPD DR
================================================================================

 1  96  70  83   2   0  18 1.49    M    M   M   M   M   M    M   M         M  M
 2  85  70  78  -3   0  13 0.00    M    M   M   M   M   M    M   M         M  M
 3  88  70  79  -1   0  14 0.00    M    M   M   M   M   M    M   M         M  M
 4  91  72  82   2   0  17 0.26    M    M   M   M   M   M    M   M         M  M
 5  89  70  80   0   0  15 0.20    M    M   M   M   M   M    M   M         M  M
 6  92  69  81   1   0  16 0.00    M    M   M   M   M   M    M   M         M  M
 7  94  76  85   5   0  20 0.00    M    M   M   M   M   M    M   M         M  M
 8  94  74  84   4   0  19 0.00    M    M   M   M   M   M    M   M         M  M
 9  97  73  85   5   0  20 0.00    M    M   M   M   M   M    M   M         M  M
10  95  74  85   5   0  20 0.00    M    M   M   M   M   0    0   0         0   0
11  92  73  83   3   0  18 0.00    M    M   M   M   M   0    0   0         0   0
12  93  73  83   3   0  18 0.00    M    M   M   M   M   0    0   0         0   0
13  96  72  84   4   0  19 0.00    M    M   M   M   M   0    0   0         0   0
14  96  75  86   7   0  21 0.30    M    M   M   M   M   0    0   0         0   0
15  88  74  81   2   0  16 0.00    M    M   M   M   M   0    0   0         0   0
16  90  74  82   3   0  17 0.12    M    M   M   M   M   0    0   0         0   0
17  84  73  79   0   0  14 0.71    M    M   M   M   M   0    0   0         0   0
18  93  75  84   5   0  19 0.00    M    M   M   M   M   M    M   M         M  M
19  93  74  84   5   0  19 0.00    M    M   M   M   M   0    0   0         0   0
20  92  75  84   5   0  19 0.00    M    M   M   M   M   0    0   0         0   0
21  95  76  86   8   0  21 0.10    M    M   M   M   M   0    0   0         0   0
================================================================================
SM 1933 1532         0 373  3.18    M        M            0      0
================================================================================
AV 92.1 73.0                                 M FASTST    0   0   0    MAX(MPH)
                                 MISC ---->     M   M               #  0    0
================================================================================
NOTES:
# LAST OF SEVERAL OCCURRENCES

COLUMN 17 PEAK WIND IN M.P.H.

PRELIMINARY LOCAL CLIMATOLOGICAL DATA (WS FORM: F-6) , PAGE 2

                                          STATION:  LUMBERTON NORTH CAROLINA
                                          MONTH:    AUGUST
                                          YEAR:     2019
                                          LATITUDE:   34 35 N
                                          LONGITUDE:  79  4 W

[TEMPERATURE DATA]      [PRECIPITATION DATA]       SYMBOLS USED IN COLUMN 16

AVERAGE MONTHLY: 82.5   TOTAL FOR MONTH:   3.18    1 = FOG OR MIST
DPTR FM NORMAL:   2.8   DPTR FM NORMAL:   -0.65    2 = FOG REDUCING VISIBILITY
HIGHEST:    97 ON  9    GRTST 24HR  1.49 ON  1- 1      TO 1/4 MILE OR LESS
LOWEST:     69 ON  6                               3 = THUNDER
                        SNOW, ICE PELLETS, HAIL    4 = ICE PELLETS
                        TOTAL MONTH:    M          5 = HAIL
                        GRTST 24HR    M  ON   M    6 = FREEZING RAIN OR DRIZZLE
                        GRTST DEPTH:  M  ON   M    7 = DUSTSTORM OR SANDSTORM:
                                                       VSBY 1/2 MILE OR LESS
                                                   8 = SMOKE OR HAZE
[NO. OF DAYS WITH]      [WEATHER - DAYS WITH]      9 = BLOWING SNOW
                                                   X = TORNADO
MAX 32 OR BELOW:   0    0.01 INCH OR MORE:   7
MAX 90 OR ABOVE:  16    0.10 INCH OR MORE:   7
MIN 32 OR BELOW:   0    0.50 INCH OR MORE:   2
MIN  0 OR BELOW:   0    1.00 INCH OR MORE:   1

[HDD (BASE 65) ]
TOTAL THIS MO.     0    CLEAR  (SCALE 0-3)  11
DPTR FM NORMAL     0    PTCLDY (SCALE 4-7)   0
TOTAL FM JUL 1     0    CLOUDY (SCALE 8-10)  0
DPTR FM NORMAL     0

[CDD (BASE 65) ]
TOTAL THIS MO.   373
DPTR FM NORMAL    66    [PRESSURE DATA]
TOTAL FM JAN 1  1847    HIGHEST SLP  0.00 ON  8
DPTR FM NORMAL   402    LOWEST  SLP 29.82 ON M

[REMARKS]
