000
CXUS53 KLMK 200800
CF6LEX
PRELIMINARY LOCAL CLIMATOLOGICAL DATA (WS FORM: F-6)

                                          STATION:   LEXINGTON KY
                                          MONTH:     APRIL
                                          YEAR:      2019
                                          LATITUDE:   38  1 N
                                          LONGITUDE:  84 36 W

  TEMPERATURE IN F:       :PCPN:    SNOW:  WIND      :SUNSHINE: SKY     :PK WND
================================================================================
1   2   3   4   5  6A  6B    7    8   9   10  11  12  13   14  15   16   17  18
                                     12Z  AVG MX 2MIN
DY MAX MIN AVG DEP HDD CDD  WTR  SNW DPTH SPD SPD DIR MIN PSBL S-S WX    SPD DR
================================================================================

 1  49  25  37 -14  28   0 0.00  0.0    0  6.5 15  60   M    M   0        21  50
 2  59  37  48  -3  17   0 0.00  0.0    0  8.0 20 230   M    M   0        24 230
 3  67  40  54   3  11   0 0.00  0.0    0  6.1 10 240   M    M   0        16 230
 4  73  49  61   9   4   0 0.01  0.0    0  8.9 23 220   M    M   2        35 220
 5  61  51  56   4   9   0 0.26  0.0    0  5.8 12 120   M    M  10 1      17 120
 6  71  53  62  10   3   0 0.00  0.0    0  3.6 10  90   M    M   7 1      13  90
 7  71  57  64  11   1   0 0.67  0.0    0 10.3 23 220   M    M   5 13     34 220
 8  70  59  65  12   0   0 0.15  0.0    0  6.6 14 200   M    M   6 1      19 210
 9  74  51  63  10   2   0 0.00  0.0    0  6.6 15 340   M    M   1 12     20 320
10  74  44  59   5   6   0 0.00  0.0    0  4.6 15  90   M    M   0        22  70
11  83  58  71  17   0   6 0.00  0.0    0 13.0 25 180   M    M   0        37 200
12  73  54  64  10   1   0 0.37  0.0    0 11.6 22 210   M    M   2 38     31 210
13  69  47  58   4   7   0 0.01  0.0    0  5.0 16  50   M    M   4        21  50
14  81  40  61   6   4   0 1.05  0.0    0 20.4 38 180   M    M   7 13     52 180
15  51  38  45 -10  20   0    T  0.0    0  9.4 26 270   M    M   6        36 280
16  76  40  58   2   7   0 0.00  0.0    0 11.2 23 210   M    M   0        32 210
17  77  57  67  11   0   2 0.00  0.0    0  9.9 17 190   M    M   1        24 190
18  80  61  71  15   0   6 0.01  0.0    0 13.8 32 210   M    M   3        46 220
19  62  46  54  -2  11   0 1.05  0.0    0 12.4 32 350   M    M  10 1      47 350
================================================================================
SM 1321  907       131  14  3.58     0.0 173.7          M       64
================================================================================
AV 69.5 47.7                               9.1 FASTST   M    M   3    MAX(MPH)
                                 MISC ---->  # 38 180               # 52  180
================================================================================
NOTES:
# LAST OF SEVERAL OCCURRENCES

COLUMN 17 PEAK WIND IN M.P.H.

PRELIMINARY LOCAL CLIMATOLOGICAL DATA (WS FORM: F-6) , PAGE 2

                                          STATION:  LEXINGTON KY
                                          MONTH:    APRIL
                                          YEAR:     2019
                                          LATITUDE:   38  1 N
                                          LONGITUDE:  84 36 W

[TEMPERATURE DATA]      [PRECIPITATION DATA]       SYMBOLS USED IN COLUMN 16

AVERAGE MONTHLY: 58.6   TOTAL FOR MONTH:   3.58    1 = FOG OR MIST
DPTR FM NORMAL:   5.1   DPTR FM NORMAL:    1.43    2 = FOG REDUCING VISIBILITY
HIGHEST:    83 ON 11    GRTST 24HR  1.05 ON 19-19      TO 1/4 MILE OR LESS
LOWEST:     25 ON  1                               3 = THUNDER
                        SNOW, ICE PELLETS, HAIL    4 = ICE PELLETS
                        TOTAL MONTH:   0.0 INCH    5 = HAIL
                        GRTST 24HR     0.0         6 = FREEZING RAIN OR DRIZZLE
                        GRTST DEPTH:   0           7 = DUSTSTORM OR SANDSTORM:
                                                       VSBY 1/2 MILE OR LESS
                                                   8 = SMOKE OR HAZE
[NO. OF DAYS WITH]      [WEATHER - DAYS WITH]      9 = BLOWING SNOW
                                                   X = TORNADO
MAX 32 OR BELOW:   0    0.01 INCH OR MORE:   9
MAX 90 OR ABOVE:   0    0.10 INCH OR MORE:   6
MIN 32 OR BELOW:   1    0.50 INCH OR MORE:   3
MIN  0 OR BELOW:   0    1.00 INCH OR MORE:   2

[HDD (BASE 65) ]
TOTAL THIS MO.   131    CLEAR  (SCALE 0-3)  11
DPTR FM NORMAL   -96    PTCLDY (SCALE 4-7)   6
TOTAL FM JUL 1  4114    CLOUDY (SCALE 8-10)  2
DPTR FM NORMAL  -289

[CDD (BASE 65) ]
TOTAL THIS MO.    14
DPTR FM NORMAL     4    [PRESSURE DATA]
TOTAL FM JAN 1    16    HIGHEST SLP M ON M
DPTR FM NORMAL     4    LOWEST  SLP 29.31 ON 14

[REMARKS]
