000
CXUS54 KSHV 221500
CF6LFK
PRELIMINARY LOCAL CLIMATOLOGICAL DATA (WS FORM: F-6)

                                          STATION:   LUFKIN
                                          MONTH:     FEBRUARY
                                          YEAR:      2019
                                          LATITUDE:   31 14 N
                                          LONGITUDE:  94 45 W

  TEMPERATURE IN F:       :PCPN:    SNOW:  WIND      :SUNSHINE: SKY     :PK WND
================================================================================
1   2   3   4   5  6A  6B    7    8   9   10  11  12  13   14  15   16   17  18
                                     12Z  AVG MX 2MIN
DY MAX MIN AVG DEP HDD CDD  WTR  SNW DPTH SPD SPD DIR MIN PSBL S-S WX    SPD DR
================================================================================

 1  68  49  59   9   6   0 0.00  0.0    0  2.9 10 100   M    M   9 1      14 100
 2  69  49  59   9   6   0 0.00  0.0    0  3.8 10 100   M    M   6 12     14 100
 3  66  51  59   8   6   0 0.00  0.0    0  7.6 13 160   M    M   9 12     17 150
 4  75  62  69  18   0   4 0.01  0.0    0  6.0 14 190   M    M   7 1      18 200
 5  76  65  71  20   0   6    T  0.0    0  8.1 16 200   M    M   9 1      22 200
 6  76  67  72  21   0   7    T  0.0    0 10.1 18 170   M    M   8 1      26 190
 7  73  35  54   3  11   0 0.22  0.0    0 11.3 23 150   M    M   7 1      31 190
 8  35  30  33 -18  32   0 0.01    T    0  9.5 17  10   M    M   6 4      27  20
 9  39  31  35 -17  30   0 0.03    T    0  7.1 14  70   M    M  10 4      19  30
10  68  38  53   1  12   0 0.00  0.0    0  6.6 15 130   M    M   9        19 140
11  70  61  66  14   0   1 0.57  0.0    0  7.5 17 280   M    M  10 13     27 270
12  61  37  49  -3  16   0    T  0.0    0  7.2 17 320   M    M   1        25 330
13  63  30  47  -5  18   0 0.00  0.0    0  6.1 17 170   M    M   0        24 170
14  72  48  60   8   5   0 0.00  0.0    0 10.1 26 200   M    M   2        36 210
15  76  51  64  11   1   0 0.00  0.0    0  7.3 17 190   M    M   4 1      22 190
16  63  47  55   2  10   0 0.00  0.0    0  6.2 12  70   M    M   9 1      17  10
17  54  42  48  -5  17   0    T  0.0    0  6.6 13 360   M    M   7 12     19 340
18  58  42  50  -3  15   0 0.00  0.0    0  9.9 17  60   M    M   1        26  80
19  44  39  42 -12  23   0 0.33  0.0    0  8.1 18  70   M    M  10 13     26  70
20  59  40  50  -4  15   0 0.04  0.0    0  5.5 13 320   M    M   5 1      17 310
21  47  42  45  -9  20   0 0.36  0.0    0  7.5 15  30   M    M   9 13     22  50
================================================================================
SM 1312  956       243  18  1.57    T    155.0          M      138
================================================================================
AV 62.5 45.5                               7.4 FASTST   M    M   7    MAX(MPH)
                                 MISC ---->  # 26 200               # 36  210
================================================================================
NOTES:
# LAST OF SEVERAL OCCURRENCES

COLUMN 17 PEAK WIND IN M.P.H.

PRELIMINARY LOCAL CLIMATOLOGICAL DATA (WS FORM: F-6) , PAGE 2

                                          STATION:  LUFKIN
                                          MONTH:    FEBRUARY
                                          YEAR:     2019
                                          LATITUDE:   31 14 N
                                          LONGITUDE:  94 45 W

[TEMPERATURE DATA]      [PRECIPITATION DATA]       SYMBOLS USED IN COLUMN 16

AVERAGE MONTHLY: 54.0   TOTAL FOR MONTH:   1.57    1 = FOG OR MIST
DPTR FM NORMAL:   2.0   DPTR FM NORMAL:   -1.37    2 = FOG REDUCING VISIBILITY
HIGHEST:    76 ON 15, 6 GRTST 24HR  0.57 ON 11-11      TO 1/4 MILE OR LESS
LOWEST:     30 ON 13, 8                            3 = THUNDER
                        SNOW, ICE PELLETS, HAIL    4 = ICE PELLETS
                        TOTAL MONTH:    T          5 = HAIL
                        GRTST 24HR    T  ON  9- 9  6 = FREEZING RAIN OR DRIZZLE
                        GRTST DEPTH:   0           7 = DUSTSTORM OR SANDSTORM:
                                                       VSBY 1/2 MILE OR LESS
                                                   8 = SMOKE OR HAZE
[NO. OF DAYS WITH]      [WEATHER - DAYS WITH]      9 = BLOWING SNOW
                                                   X = TORNADO
MAX 32 OR BELOW:   0    0.01 INCH OR MORE:   8
MAX 90 OR ABOVE:   0    0.10 INCH OR MORE:   4
MIN 32 OR BELOW:   3    0.50 INCH OR MORE:   1
MIN  0 OR BELOW:   0    1.00 INCH OR MORE:   0

[HDD (BASE 65) ]
TOTAL THIS MO.   243    CLEAR  (SCALE 0-3)   4
DPTR FM NORMAL   -37    PTCLDY (SCALE 4-7)   7
TOTAL FM JUL 1  1607    CLOUDY (SCALE 8-10) 10
DPTR FM NORMAL    47

[CDD (BASE 65) ]
TOTAL THIS MO.    18
DPTR FM NORMAL    18    [PRESSURE DATA]
TOTAL FM JAN 1    18    HIGHEST SLP M ON M
DPTR FM NORMAL    10    LOWEST  SLP 29.64 ON 15

[REMARKS]
