000
CXUS54 KLCH 220835
CF6LFT
PRELIMINARY LOCAL CLIMATOLOGICAL DATA (WS FORM: F-6)

                                          STATION:   LAFAYETTE
                                          MONTH:     FEBRUARY
                                          YEAR:      2019
                                          LATITUDE:   30 12 N
                                          LONGITUDE:  92  0 W

  TEMPERATURE IN F:       :PCPN:    SNOW:  WIND      :SUNSHINE: SKY     :PK WND
================================================================================
1   2   3   4   5  6A  6B    7    8   9   10  11  12  13   14  15   16   17  18
                                     12Z  AVG MX 2MIN
DY MAX MIN AVG DEP HDD CDD  WTR  SNW DPTH SPD SPD DIR MIN PSBL S-S WX    SPD DR
================================================================================

 1  69  53  61   7   4   0 0.01  0.0    0  5.0 10  90   M    M   7 1      17 140
 2  74  50  62   8   3   0 0.00  0.0    0  2.3  8  60   M    M   0 1      11  50
 3  71  54  63   9   2   0 0.00  0.0    0  3.3  9 170   M    M   8 12     14 160
 4  77  62  70  16   0   5 0.04  0.0    0  5.6 12 190   M    M   9 12     15 200
 5  76  67  72  18   0   7 0.02  0.0    0  6.7 15 180   M    M  10 123    21 170
 6  77  68  73  19   0   8 0.00  0.0    0 10.9 20 190   M    M  10 12     27 180
 7  79  55  67  13   0   2 0.02  0.0    0 13.3 22 320   M    M   9 18     29 180
 8  55  40  48  -6  17   0 0.00    M    0 16.8 26  20   M    M  10        32  10
 9  59  39  49  -6  16   0 0.00  0.0    0  9.4 18  20   M    M   8        23  20
10  73  51  62   7   3   0 0.00  0.0    0  3.9  9 120   M    M   9        14 110
11  75  63  69  14   0   4 0.00  0.0    0  8.1 18 200   M    M  10 1      24 200
12  71  48  60   5   5   0 0.57    M    0  9.3 23 310   M    M   5 1      29 280
13  65  39  52  -3  13   0 0.00  0.0    0  3.2  9 190   M    M   0        13  60
14  71  45  58   2   7   0 0.00  0.0    0  8.8 25 200   M    M   4 18     33 210
15  75  62  69  13   0   4    T  0.0    0  9.4 20 220   M    M   9 1      25 210
16  71  60  66  10   0   1 0.00  0.0    0  6.4 15 190   M    M  10 1      21 200
17  78  51  65   9   0   0 0.04  0.0    0 10.1 22 360   M    M   9 1      27 350
18  61  48  55  -1  10   0    T  0.0    0 15.1 23  30   M    M  10        30  30
19  73  49  61   4   4   0 0.11    M    0  7.8 18 170   M    M  10 13     28 170
20  73  54  64   7   1   0 0.12  0.0    0 10.0 18 180   M    M  10 13     27 160
21  68  53  61   4   4   0 0.01  0.0    0  7.7 13  40   M    M   9 123    14  30
================================================================================
SM 1491 1111        89  31  0.94     0.0 173.1          M      166
================================================================================
AV 71.0 52.9                               8.2 FASTST   M    M   8    MAX(MPH)
                                 MISC ---->  # 26  20               # 33  210
================================================================================
NOTES:
# LAST OF SEVERAL OCCURRENCES

COLUMN 17 PEAK WIND IN M.P.H.

PRELIMINARY LOCAL CLIMATOLOGICAL DATA (WS FORM: F-6) , PAGE 2

                                          STATION:  LAFAYETTE
                                          MONTH:    FEBRUARY
                                          YEAR:     2019
                                          LATITUDE:   30 12 N
                                          LONGITUDE:  92  0 W

[TEMPERATURE DATA]      [PRECIPITATION DATA]       SYMBOLS USED IN COLUMN 16

AVERAGE MONTHLY: 62.0   TOTAL FOR MONTH:   0.94    1 = FOG OR MIST
DPTR FM NORMAL:   6.8   DPTR FM NORMAL:   -2.49    2 = FOG REDUCING VISIBILITY
HIGHEST:    79 ON  7    GRTST 24HR  0.57 ON 12-12      TO 1/4 MILE OR LESS
LOWEST:     39 ON 13, 9                            3 = THUNDER
                        SNOW, ICE PELLETS, HAIL    4 = ICE PELLETS
                        TOTAL MONTH:   0.0 INCH    5 = HAIL
                        GRTST 24HR     0.0         6 = FREEZING RAIN OR DRIZZLE
                        GRTST DEPTH:   0           7 = DUSTSTORM OR SANDSTORM:
                                                       VSBY 1/2 MILE OR LESS
                                                   8 = SMOKE OR HAZE
[NO. OF DAYS WITH]      [WEATHER - DAYS WITH]      9 = BLOWING SNOW
                                                   X = TORNADO
MAX 32 OR BELOW:   0    0.01 INCH OR MORE:   9
MAX 90 OR ABOVE:   0    0.10 INCH OR MORE:   3
MIN 32 OR BELOW:   0    0.50 INCH OR MORE:   1
MIN  0 OR BELOW:   0    1.00 INCH OR MORE:   0

[HDD (BASE 65) ]
TOTAL THIS MO.    89    CLEAR  (SCALE 0-3)   2
DPTR FM NORMAL  -132    PTCLDY (SCALE 4-7)   5
TOTAL FM JUL 1   992    CLOUDY (SCALE 8-10) 14
DPTR FM NORMAL  -185

[CDD (BASE 65) ]
TOTAL THIS MO.    31
DPTR FM NORMAL    10    [PRESSURE DATA]
TOTAL FM JAN 1    34    HIGHEST SLP M ON M
DPTR FM NORMAL    -1    LOWEST  SLP 29.68 ON 17

[REMARKS]
