000
CXUS54 KLCH 180953
CF6LFT
PRELIMINARY LOCAL CLIMATOLOGICAL DATA (WS FORM: F-6)

                                          STATION:   LAFAYETTE
                                          MONTH:     APRIL
                                          YEAR:      2019
                                          LATITUDE:   30 12 N
                                          LONGITUDE:  92  0 W

  TEMPERATURE IN F:       :PCPN:    SNOW:  WIND      :SUNSHINE: SKY     :PK WND
================================================================================
1   2   3   4   5  6A  6B    7    8   9   10  11  12  13   14  15   16   17  18
                                     12Z  AVG MX 2MIN
DY MAX MIN AVG DEP HDD CDD  WTR  SNW DPTH SPD SPD DIR MIN PSBL S-S WX    SPD DR
================================================================================

 1  67  38  53 -13  12   0    T    M    0  7.6 22  10   M    M   2        26  10
 2  71  40  56 -10   9   0 0.00  0.0    0  4.4 13 350   M    M   0        15 360
 3  76  45  61  -5   4   0 0.00  0.0    0  3.9 15 170   M    M   3 1      20 190
 4  67  64  66   0   0   1 1.88  0.0    0  6.4 16  60   M    M  10 13     22  60
 5  80  64  72   6   0   7 0.00  0.0    0  2.3  8  30   M    M   9 128    11  50
 6  83  68  76   9   0  11 0.00  0.0    0  7.5 18 180   M    M   9 12     27 180
 7  84  67  76   9   0  11 0.38  0.0    0  8.4 26 260   M    M   9 13     35 180
 8  76  65  71   4   0   6 0.02  0.0    0  8.6 20 320   M    M   7 1      27 290
 9  87  60  74   7   0   9 0.00  0.0    0  5.0 20 330   M    M   1 13     24 330
10  85  60  73   5   0   8 0.00  0.0    0  5.4 15 200   M    M   1 1      21 200
11  80  68  74   6   0   9 0.00  0.0    0  9.4 21 170   M    M   5        29 170
12  80  63  72   4   0   7 0.05  0.0    0  5.1 15  30   M    M   9 1      18 310
13  82  67  75   7   0  10 0.03  0.0    0 14.8 31 170   M    M   9 1      45 160
14  70  52  61  -7   4   0 0.00  0.0    0 12.9 25 290   M    M   3        35 270
15  77  49  63  -6   2   0 0.00  0.0    0  3.4 14 190   M    M   0        17 220
16  81  53  67  -2   0   2 0.00  0.0    0  4.8 16 190   M    M   0        23 210
17  81  63  72   3   0   7 0.00  0.0    0  6.8 16 200   M    M   3        23 200
================================================================================
SM 1327  986        31  88  2.36     0.0 116.7          M       80
================================================================================
AV 78.1 58.0                               6.9 FASTST   M    M   5    MAX(MPH)
                                 MISC ---->  # 31 170               # 45  160
================================================================================
NOTES:
# LAST OF SEVERAL OCCURRENCES

COLUMN 17 PEAK WIND IN M.P.H.

PRELIMINARY LOCAL CLIMATOLOGICAL DATA (WS FORM: F-6) , PAGE 2

                                          STATION:  LAFAYETTE
                                          MONTH:    APRIL
                                          YEAR:     2019
                                          LATITUDE:   30 12 N
                                          LONGITUDE:  92  0 W

[TEMPERATURE DATA]      [PRECIPITATION DATA]       SYMBOLS USED IN COLUMN 16

AVERAGE MONTHLY: 68.0   TOTAL FOR MONTH:   2.36    1 = FOG OR MIST
DPTR FM NORMAL:   0.7   DPTR FM NORMAL:    0.25    2 = FOG REDUCING VISIBILITY
HIGHEST:    87 ON  9    GRTST 24HR  1.88 ON  4- 4      TO 1/4 MILE OR LESS
LOWEST:     38 ON  1                               3 = THUNDER
                        SNOW, ICE PELLETS, HAIL    4 = ICE PELLETS
                        TOTAL MONTH:   0.0 INCH    5 = HAIL
                        GRTST 24HR     0.0         6 = FREEZING RAIN OR DRIZZLE
                        GRTST DEPTH:   0           7 = DUSTSTORM OR SANDSTORM:
                                                       VSBY 1/2 MILE OR LESS
                                                   8 = SMOKE OR HAZE
[NO. OF DAYS WITH]      [WEATHER - DAYS WITH]      9 = BLOWING SNOW
                                                   X = TORNADO
MAX 32 OR BELOW:   0    0.01 INCH OR MORE:   5
MAX 90 OR ABOVE:   0    0.10 INCH OR MORE:   2
MIN 32 OR BELOW:   0    0.50 INCH OR MORE:   1
MIN  0 OR BELOW:   0    1.00 INCH OR MORE:   1

[HDD (BASE 65) ]
TOTAL THIS MO.    31    CLEAR  (SCALE 0-3)   7
DPTR FM NORMAL    -1    PTCLDY (SCALE 4-7)   4
TOTAL FM JUL 1  1208    CLOUDY (SCALE 8-10)  6
DPTR FM NORMAL  -204

[CDD (BASE 65) ]
TOTAL THIS MO.    88
DPTR FM NORMAL    15    [PRESSURE DATA]
TOTAL FM JAN 1   201    HIGHEST SLP M ON M
DPTR FM NORMAL    33    LOWEST  SLP 29.54 ON 13

[REMARKS]
