000
CXUS54 KLCH 220805
CF6LFT
PRELIMINARY LOCAL CLIMATOLOGICAL DATA (WS FORM: F-6)

                                          STATION:   LAFAYETTE
                                          MONTH:     JULY
                                          YEAR:      2019
                                          LATITUDE:   30 12 N
                                          LONGITUDE:  92  0 W

  TEMPERATURE IN F:       :PCPN:    SNOW:  WIND      :SUNSHINE: SKY     :PK WND
================================================================================
1   2   3   4   5  6A  6B    7    8   9   10  11  12  13   14  15   16   17  18
                                     12Z  AVG MX 2MIN
DY MAX MIN AVG DEP HDD CDD  WTR  SNW DPTH SPD SPD DIR MIN PSBL S-S WX    SPD DR
================================================================================

 1  92  73  83   0   0  18 0.00  0.0    0  2.7 14 180   M    M   2 13     17 210
 2  87  76  82  -1   0  17    T  0.0    0  3.2 15 190   M    M   2 13     21 190
 3  89  75  82  -1   0  17 0.14  0.0    0  2.3 20 180   M    M   3 13     25 190
 4  93  77  85   2   0  20 0.00  0.0    0  5.0 17 210   M    M   2 138    20 190
 5  95  76  86   3   0  21 0.00  0.0    0  2.7 10 220   M    M   1 1      16 200
 6  98  77  88   5   0  23 0.00  0.0    0  3.9 17 210   M    M   2 3      22 200
 7  96  79  88   5   0  23 0.00  0.0    0  6.5 13 190   M    M   2 3      21 170
 8  96  78  87   4   0  22 0.00  0.0    0  4.9 18 220   M    M   3 3      24 180
 9  95  80  88   5   0  23 0.00  0.0    0  5.9 16 250   M    M   2        19 250
10  93  80  87   4   0  22    T  0.0    0  4.7 21 340   M    M   1 3      26 350
11  96  77  87   4   0  22 0.20  0.0    0  8.9 21  60   M    M   3 13     31  70
12  91  77  84   1   0  19    T  0.0    0 15.8 28  30   M    M   5        38  50
13  82  72  77  -6   0  12 1.34  0.0    0 16.0 36 180   M    M  10 1      52 180
14  81  73  77  -6   0  12 3.68  0.0    0 14.5 27 200   M    M  10 1      51 180
15  88  74  81  -3   0  16 0.18  0.0    0 10.4 22 240   M    M   7 138    29 230
16  92  80  86   2   0  21 0.00  0.0    0  8.4 17 200   M    M   5        22 190
17  92  75  84   0   0  19 0.00  0.0    0  4.9 14 200   M    M   3 13     18 200
18  92  76  84   0   0  19    T  0.0    0  4.4 16 260   M    M   3 13     20 260
19  91  76  84   0   0  19 0.00  0.0    M  2.3 10 170   M    M   3 13     15 170
20  91  75  83  -1   0  18 0.37  0.0    0  1.7 14 150   M    M   2 138    23  90
21  88  75  82  -2   0  17 0.01  0.0    0  3.1 20 230   M    M   3        24 210
================================================================================
SM 1918 1601         0 400  5.92     0.0 132.2          M       74
================================================================================
AV 91.3 76.2                               6.3 FASTST   M    M   4    MAX(MPH)
                                 MISC ---->  # 36 180               # 52  180
================================================================================
NOTES:
# LAST OF SEVERAL OCCURRENCES

COLUMN 17 PEAK WIND IN M.P.H.

PRELIMINARY LOCAL CLIMATOLOGICAL DATA (WS FORM: F-6) , PAGE 2

                                          STATION:  LAFAYETTE
                                          MONTH:    JULY
                                          YEAR:     2019
                                          LATITUDE:   30 12 N
                                          LONGITUDE:  92  0 W

[TEMPERATURE DATA]      [PRECIPITATION DATA]       SYMBOLS USED IN COLUMN 16

AVERAGE MONTHLY: 83.8   TOTAL FOR MONTH:   5.92    1 = FOG OR MIST
DPTR FM NORMAL:   0.5   DPTR FM NORMAL:    1.34    2 = FOG REDUCING VISIBILITY
HIGHEST:    98 ON  6    GRTST 24HR  3.68 ON 14-14      TO 1/4 MILE OR LESS
LOWEST:     72 ON 13                               3 = THUNDER
                        SNOW, ICE PELLETS, HAIL    4 = ICE PELLETS
                        TOTAL MONTH:   0.0 INCH    5 = HAIL
                        GRTST 24HR     0.0         6 = FREEZING RAIN OR DRIZZLE
                        GRTST DEPTH:   0           7 = DUSTSTORM OR SANDSTORM:
                                                       VSBY 1/2 MILE OR LESS
                                                   8 = SMOKE OR HAZE
[NO. OF DAYS WITH]      [WEATHER - DAYS WITH]      9 = BLOWING SNOW
                                                   X = TORNADO
MAX 32 OR BELOW:   0    0.01 INCH OR MORE:   7
MAX 90 OR ABOVE:  15    0.10 INCH OR MORE:   6
MIN 32 OR BELOW:   0    0.50 INCH OR MORE:   2
MIN  0 OR BELOW:   0    1.00 INCH OR MORE:   2

[HDD (BASE 65) ]
TOTAL THIS MO.     0    CLEAR  (SCALE 0-3)  12
DPTR FM NORMAL     0    PTCLDY (SCALE 4-7)   7
TOTAL FM JUL 1     0    CLOUDY (SCALE 8-10)  2
DPTR FM NORMAL     0

[CDD (BASE 65) ]
TOTAL THIS MO.   400
DPTR FM NORMAL    17    [PRESSURE DATA]
TOTAL FM JAN 1  1662    HIGHEST SLP M ON M
DPTR FM NORMAL   167    LOWEST  SLP 29.59 ON 13

[REMARKS]
