000
CXUS51 KOKX 200703
CF6LGA
PRELIMINARY LOCAL CLIMATOLOGICAL DATA (WS FORM: F-6)

                                          STATION:   LAGUARDIA NY
                                          MONTH:     FEBRUARY
                                          YEAR:      2019
                                          LATITUDE:   40 46 N
                                          LONGITUDE:  73 54 W

  TEMPERATURE IN F:       :PCPN:    SNOW:  WIND      :SUNSHINE: SKY     :PK WND
================================================================================
1   2   3   4   5  6A  6B    7    8   9   10  11  12  13   14  15   16   17  18
                                     12Z  AVG MX 2MIN
DY MAX MIN AVG DEP HDD CDD  WTR  SNW DPTH SPD SPD DIR MIN PSBL S-S WX    SPD DR
================================================================================

 1  22  12  17 -16  48   0 0.00  0.0    0  9.4 20 290   M    M   5        27 250
 2  35  18  27  -7  38   0 0.00  0.0    0 10.3 21 240   M    M   7        29 240
 3  52  31  42   8  23   0 0.00  0.0    0  5.4 15 170   M    M   4 8      18 250
 4  59  36  48  14  17   0 0.00  0.0    0  5.2 14 160   M    M   2        17 170
 5  65  36  51  17  14   0 0.00  0.0    0  5.5 17 350   M    M   6 18     22 340
 6  46  35  41   7  24   0 0.47  0.0    0 10.6 17 110   M    M   7 1      22 110
 7  44  37  41   7  24   0 0.11  0.0    0 10.2 24  40   M    M  10 1      29  40
 8  55  33  44  10  21   0 0.37  0.0    0 14.0 36 270   M    M   5 1      50 270
 9  33  24  29  -5  36   0 0.00  0.0    0 21.8 36 310   M    M   2        48 300
10  36  24  30  -4  35   0 0.00  0.0    0  8.9 15 260   M    M   5        20 310
11  37  31  34  -1  31   0 0.00  0.0    0  6.7 14  50   M    M   9        19  60
12  35  26  31  -4  34   0 0.70  1.5    0 15.2 25  60   M    M  10 146    31  50
13  42  33  38   3  27   0 0.06    T    1 15.9 33 280   M    M   7 1      43 270
14  46  33  40   5  25   0 0.00  0.0    0 11.6 24 270   M    M   7        31 270
15  56  41  49  14  16   0 0.00  0.0    0  9.4 24 320   M    M   8        30 320
16  46  32  39   3  26   0 0.00  0.0    0 14.9 25 330   M    M   5        30 330
17  37  26  32  -4  33   0 0.04  0.0    0  9.1 16  30   M    M   6 8      20 360
18  42  26  34  -2  31   0 0.10    M    0 14.0 31 300   M    M   7 18     38 310
19  36  24  30  -6  35   0 0.00  0.0    0 13.3 23 310   M    M   5        29 310
================================================================================
SM  824  558       538   0  1.85     1.5 211.4          M      117
================================================================================
AV 43.4 29.4                              11.1 FASTST   M    M   6    MAX(MPH)
                                 MISC ---->  # 36 270               # 50  270
================================================================================
NOTES:
# LAST OF SEVERAL OCCURRENCES

COLUMN 17 PEAK WIND IN M.P.H.

PRELIMINARY LOCAL CLIMATOLOGICAL DATA (WS FORM: F-6) , PAGE 2

                                          STATION:  LAGUARDIA NY
                                          MONTH:    FEBRUARY
                                          YEAR:     2019
                                          LATITUDE:   40 46 N
                                          LONGITUDE:  73 54 W

[TEMPERATURE DATA]      [PRECIPITATION DATA]       SYMBOLS USED IN COLUMN 16

AVERAGE MONTHLY: 36.4   TOTAL FOR MONTH:   1.85    1 = FOG OR MIST
DPTR FM NORMAL:   1.7   DPTR FM NORMAL:    0.03    2 = FOG REDUCING VISIBILITY
HIGHEST:    65 ON  5    GRTST 24HR  0.70 ON 12-12      TO 1/4 MILE OR LESS
LOWEST:     12 ON  1                               3 = THUNDER
                        SNOW, ICE PELLETS, HAIL    4 = ICE PELLETS
                        TOTAL MONTH:   1.5 INCHES  5 = HAIL
                        GRTST 24HR   1.5 ON 12-12  6 = FREEZING RAIN OR DRIZZLE
                        GRTST DEPTH:   1 ON 13     7 = DUSTSTORM OR SANDSTORM:
                                                       VSBY 1/2 MILE OR LESS
                                                   8 = SMOKE OR HAZE
[NO. OF DAYS WITH]      [WEATHER - DAYS WITH]      9 = BLOWING SNOW
                                                   X = TORNADO
MAX 32 OR BELOW:   1    0.01 INCH OR MORE:   7
MAX 90 OR ABOVE:   0    0.10 INCH OR MORE:   5
MIN 32 OR BELOW:  11    0.50 INCH OR MORE:   1
MIN  0 OR BELOW:   0    1.00 INCH OR MORE:   0

[HDD (BASE 65) ]
TOTAL THIS MO.   538    CLEAR  (SCALE 0-3)   2
DPTR FM NORMAL   -40    PTCLDY (SCALE 4-7)  14
TOTAL FM JUL 1  3086    CLOUDY (SCALE 8-10)  3
DPTR FM NORMAL   -91

[CDD (BASE 65) ]
TOTAL THIS MO.     0
DPTR FM NORMAL     0    [PRESSURE DATA]
TOTAL FM JAN 1     0    HIGHEST SLP M ON M
DPTR FM NORMAL     0    LOWEST  SLP 29.55 ON 13

[REMARKS]
