000
CXUS56 KLOX 171655
CF6LGB
PRELIMINARY LOCAL CLIMATOLOGICAL DATA (WS FORM: F-6)

                                          STATION:   LONG BEACH AIRPORT CA
                                          MONTH:     FEBRUARY
                                          YEAR:      2019
                                          LATITUDE:   33 49 N
                                          LONGITUDE: 118  9 W

  TEMPERATURE IN F:       :PCPN:    SNOW:  WIND      :SUNSHINE: SKY     :PK WND
================================================================================
1   2   3   4   5  6A  6B    7    8   9   10  11  12  13   14  15   16   17  18
                                     12Z  AVG MX 2MIN
DY MAX MIN AVG DEP HDD CDD  WTR  SNW DPTH SPD SPD DIR MIN PSBL S-S WX    SPD DR
================================================================================

 1  62  48  55  -2  10   0    T    M    0  4.0 10 180   M    M   3 18     13 180
 2  62  50  56  -1   9   0 1.39  0.0    0  7.8 29 140   M    M   8 1      37 150
 3  60  50  55  -2  10   0 0.27  0.0    0  5.0 15 240   M    M   8 18      M  M
 4  61  52  57   0   8   0 0.37  0.0    0  6.6 17 210   M    M   7 18     23 200
 5  57  47  52  -5  13   0 0.11    M    0  8.6 20 250   M    M   5 1       M  M
 6  58  40  49  -8  16   0 0.00  0.0    0  7.4 18 300   M    M   0        21 300
 7  62  40  51  -6  14   0 0.00  0.0    0  2.9  9 300   M    M   0        12 200
 8  62  40  51  -6  14   0 0.00  0.0    0  3.4 13 230   M    M   0        16 230
 9  61  45  53  -4  12   0 0.15    M    0  4.6 20 340   M    M   3 18     26 330
10  59  46  53  -4  12   0 0.10    M    0  7.1 18 280   M    M   6 18     24 210
11  59  38  49  -8  16   0 0.00  0.0    0  3.5 12 210   M    M   0        19 160
12  69  38  54  -3  11   0 0.00  0.0    0  2.4  8 210   M    M   0 8      13 130
13  60  51  56  -1   9   0 0.19  0.0    0  6.5 18 110   M    M   8 18     24 110
14  63  53  58   0   7   0 2.25  0.0    0  8.7 20 260   M    M   9 18     28 260
15  61  49  55  -3  10   0 0.16    M    0  4.7 16 280   M    M   7 18     21 280
16  62  48  55  -3  10   0 0.00  0.0    0 13.1 23 290   M    M   1        30 310
================================================================================
SM  978  735       181   0  4.99     0.0  96.3          M       65
================================================================================
AV 61.1 45.9                               6.0 FASTST   M    M   4    MAX(MPH)
                                 MISC ---->  # 29 140               # 37  150
================================================================================
NOTES:
# LAST OF SEVERAL OCCURRENCES

COLUMN 17 PEAK WIND IN M.P.H.

PRELIMINARY LOCAL CLIMATOLOGICAL DATA (WS FORM: F-6) , PAGE 2

                                          STATION:  LONG BEACH AIRPORT CA
                                          MONTH:    FEBRUARY
                                          YEAR:     2019
                                          LATITUDE:   33 49 N
                                          LONGITUDE: 118  9 W

[TEMPERATURE DATA]      [PRECIPITATION DATA]       SYMBOLS USED IN COLUMN 16

AVERAGE MONTHLY: 53.5   TOTAL FOR MONTH:   4.99    1 = FOG OR MIST
DPTR FM NORMAL:  -3.7   DPTR FM NORMAL:    3.29    2 = FOG REDUCING VISIBILITY
HIGHEST:    69 ON 12    GRTST 24HR  2.25 ON 14-14      TO 1/4 MILE OR LESS
LOWEST:     38 ON 12,11                            3 = THUNDER
                        SNOW, ICE PELLETS, HAIL    4 = ICE PELLETS
                        TOTAL MONTH:   0.0 INCH    5 = HAIL
                        GRTST 24HR     0.0         6 = FREEZING RAIN OR DRIZZLE
                        GRTST DEPTH:   0           7 = DUSTSTORM OR SANDSTORM:
                                                       VSBY 1/2 MILE OR LESS
                                                   8 = SMOKE OR HAZE
[NO. OF DAYS WITH]      [WEATHER - DAYS WITH]      9 = BLOWING SNOW
                                                   X = TORNADO
MAX 32 OR BELOW:   0    0.01 INCH OR MORE:   9
MAX 90 OR ABOVE:   0    0.10 INCH OR MORE:   9
MIN 32 OR BELOW:   0    0.50 INCH OR MORE:   2
MIN  0 OR BELOW:   0    1.00 INCH OR MORE:   2

[HDD (BASE 65) ]
TOTAL THIS MO.   181    CLEAR  (SCALE 0-3)   8
DPTR FM NORMAL    53    PTCLDY (SCALE 4-7)   6
TOTAL FM JUL 1   607    CLOUDY (SCALE 8-10)  2
DPTR FM NORMAL  -200

[CDD (BASE 65) ]
TOTAL THIS MO.     0
DPTR FM NORMAL     0    [PRESSURE DATA]
TOTAL FM JAN 1     0    HIGHEST SLP M ON M
DPTR FM NORMAL    -3    LOWEST  SLP 29.71 ON M

[REMARKS]
