000
CXUS54 KFWD 260730
CF6LHB
PRELIMINARY LOCAL CLIMATOLOGICAL DATA (WS FORM: F-6)

                                          STATION:   HEARNE
                                          MONTH:     APRIL
                                          YEAR:      2019
                                          LATITUDE:   30 52 N
                                          LONGITUDE:  96 36 W

  TEMPERATURE IN F:       :PCPN:    SNOW:  WIND      :SUNSHINE: SKY     :PK WND
================================================================================
1   2   3   4   5  6A  6B    7    8   9   10  11  12  13   14  15   16   17  18
                                     12Z  AVG MX 2MIN
DY MAX MIN AVG DEP HDD CDD  WTR  SNW DPTH SPD SPD DIR MIN PSBL S-S WX    SPD DR
================================================================================

 1  60  35  48   M  17   0 0.00  0.0    0  0.9  5 100   M    M   4         M  M
 2  70  33  52   M  13   0 0.00  0.0    0  2.5  8 140   M    M   0         M  M
 3  70  49  60   M   5   0 0.00  0.0    0  6.8 13 130   M    M   8        22 110
 4  87  62  75   M   0  10 0.00  0.0    0  5.5 12 270   M    M   5 1      17 210
 5  80  65  73   M   0   8 0.00  0.0    0  5.1 10  50   M    M   6 1       M  M
 6  71  64  68   M   0   3 2.46  0.0    0  4.6 12 330   M    M   8 13     18 110
 7  71  60  66   M   0   1 1.27  0.0    0  8.6 17 300   M    M   9 13     24 280
 8  81  57  69   M   0   4 0.00  0.0    0  6.6 14 330   M    M   3 1      22 330
 9  85  53  69   M   0   4 0.00  0.0    0  1.4  6 120   M    M   2 12      M  M
10  88  61  75   M   0  10 0.00  0.0    0 11.0 20 170   M    M   0        29 140
11  79  51  65   M   0   0 0.00  0.0    0  6.8 12 320   M    M   1        20 360
12  77  46  62   M   3   0 0.03  0.0    0  5.1 12  70   M    M   3 3      18  80
13  67  46  57   M   8   0 1.55  0.0    0 13.0 29 280   M    M  10 13     37 260
14  68  45  57   M   8   0 0.00  0.0    0  8.7 18 300   M    M   1        29 290
15  79  49  64   M   1   0 0.00  0.0    0  9.4 15 140   M    M   0        22 150
16  81  59  70   M   0   5 0.00  0.0    0 10.5 21 140   M    M   5        27 140
17  74  67  71   M   0   6 0.27  0.0    0  8.9 17 130   M    M  10 13     23 130
18  72  53  63   M   2   0 1.87  0.0    0  9.1 23 330   M    M   6 3      38 320
19  70  48  59   M   6   0 0.00  0.0    0  9.6 21 310   M    M   0        30 310
20  77  43  60   M   5   0 0.00  0.0    0  3.4  9 150   M    M   0         M  M
21  82  56  69   M   0   4 0.00  0.0    0 10.7 17 150   M    M   0        24 160
22  80  63  72   M   0   7 0.00  0.0    0  8.8 14 140   M    M   7        20 140
23  78  65  72   M   0   7 0.00  0.0    0  6.9 12 140   M    M   6        17 150
24  68  61  65   M   0   0 1.06  0.0    0  7.0 20 310   M    M   9 3      28 310
25  81  55  68   M   0   3 0.00  0.0    0  4.6 10 280   M    M   0 1      17 280
================================================================================
SM 1896 1346        68  72  8.51     0.0 175.5          M      103
================================================================================
AV 75.8 53.8                               7.0 FASTST   M    M   4    MAX(MPH)
                                 MISC ---->  # 29 280               # 38  320
================================================================================
NOTES:
# LAST OF SEVERAL OCCURRENCES

COLUMN 17 PEAK WIND IN M.P.H.

PRELIMINARY LOCAL CLIMATOLOGICAL DATA (WS FORM: F-6) , PAGE 2

                                          STATION:  HEARNE
                                          MONTH:    APRIL
                                          YEAR:     2019
                                          LATITUDE:   30 52 N
                                          LONGITUDE:  96 36 W

[TEMPERATURE DATA]      [PRECIPITATION DATA]       SYMBOLS USED IN COLUMN 16

AVERAGE MONTHLY: 64.8   TOTAL FOR MONTH:   8.51    1 = FOG OR MIST
DPTR FM NORMAL:     M   DPTR FM NORMAL:       M    2 = FOG REDUCING VISIBILITY
HIGHEST:    88 ON 10    GRTST 24HR  2.46 ON  6- 6      TO 1/4 MILE OR LESS
LOWEST:     33 ON  2                               3 = THUNDER
                        SNOW, ICE PELLETS, HAIL    4 = ICE PELLETS
                        TOTAL MONTH:   0.0 INCH    5 = HAIL
                        GRTST 24HR     0.0         6 = FREEZING RAIN OR DRIZZLE
                        GRTST DEPTH:   0           7 = DUSTSTORM OR SANDSTORM:
                                                       VSBY 1/2 MILE OR LESS
                                                   8 = SMOKE OR HAZE
[NO. OF DAYS WITH]      [WEATHER - DAYS WITH]      9 = BLOWING SNOW
                                                   X = TORNADO
MAX 32 OR BELOW:   0    0.01 INCH OR MORE:   7
MAX 90 OR ABOVE:   0    0.10 INCH OR MORE:   6
MIN 32 OR BELOW:   0    0.50 INCH OR MORE:   5
MIN  0 OR BELOW:   0    1.00 INCH OR MORE:   5

[HDD (BASE 65) ]
TOTAL THIS MO.    68    CLEAR  (SCALE 0-3)  12
DPTR FM NORMAL     M    PTCLDY (SCALE 4-7)   7
TOTAL FM JUL 1  1844    CLOUDY (SCALE 8-10)  6
DPTR FM NORMAL     M

[CDD (BASE 65) ]
TOTAL THIS MO.    72
DPTR FM NORMAL     M    [PRESSURE DATA]
TOTAL FM JAN 1   124    HIGHEST SLP M ON M
DPTR FM NORMAL     M    LOWEST  SLP M ON M

[REMARKS]
