000
CXUS54 KFWD 180730
CF6LHB
PRELIMINARY LOCAL CLIMATOLOGICAL DATA (WS FORM: F-6)

                                          STATION:   HEARNE
                                          MONTH:     FEBRUARY
                                          YEAR:      2019
                                          LATITUDE:   30 52 N
                                          LONGITUDE:  96 36 W

  TEMPERATURE IN F:       :PCPN:    SNOW:  WIND      :SUNSHINE: SKY     :PK WND
================================================================================
1   2   3   4   5  6A  6B    7    8   9   10  11  12  13   14  15   16   17  18
                                     12Z  AVG MX 2MIN
DY MAX MIN AVG DEP HDD CDD  WTR  SNW DPTH SPD SPD DIR MIN PSBL S-S WX    SPD DR
================================================================================

 1  67  54  61   M   4   0 0.00  0.0    0  1.8  6  40   M    M  10 1       M  M
 2  65  57  61   M   4   0 0.04  0.0    0  4.5  9 140   M    M   9 1       M  M
 3  68  59  64   M   1   0 0.00  0.0    0  6.9  8 160   M    M   9 12      M  M
 4  74  64  69   M   0   4 0.00  0.0    0  5.7 10 160   M    M   8 1       M  M
 5  77  67  72   M   0   7 0.00  0.0    0  7.7 15 160   M    M  10 1      21 160
 6  75  67  71   M   0   6 0.00  0.0    0  8.3 13 140   M    M  10 1      23 170
 7  73  36  55   M  10   0 0.04  0.0    0 15.4 28 300   M    M   6        39 300
 8  36  31  34   M  31   0 0.01    M    0 11.3 16 340   M    M   7        24 350
 9  41  33  37   M  28   0 0.02    M    0  5.1  8  70   M    M  10         M  M
10  47  37  42   M  23   0 0.07    M    0  3.1  7 300   M    M  10 1      16 300
11  62  46  54   M  11   0 0.09    M    0  2.3  8 270   M    M   9 12      M  M
12  59  34  47   M  18   0 0.00  0.0    0  9.0 18 330   M    M   0        27 330
13  62  28  45   M  20   0 0.00  0.0    0  5.4 14 150   M    M   0 1      21 150
14  75  49  62   M   3   0 0.00  0.0    0 10.5 20 170   M    M   0        27 190
15  82  56  69   M   0   4 0.00  0.0    0  6.9 12 360   M    M   2 1      16 360
16  59  41  50   M  15   0 0.00  0.0    0  6.2 13 330   M    M  10 1       M  M
17  57  45  51   M  14   0 0.00  0.0    0  9.8 18 330   M    M   6 1      25 340
================================================================================
SM 1079  804       182  21  0.27     0.0 119.9          M      116
================================================================================
AV 63.5 47.3                               7.1 FASTST   M    M   7    MAX(MPH)
                                 MISC ---->  # 28 300               # 39  300
================================================================================
NOTES:
# LAST OF SEVERAL OCCURRENCES

COLUMN 17 PEAK WIND IN M.P.H.

PRELIMINARY LOCAL CLIMATOLOGICAL DATA (WS FORM: F-6) , PAGE 2

                                          STATION:  HEARNE
                                          MONTH:    FEBRUARY
                                          YEAR:     2019
                                          LATITUDE:   30 52 N
                                          LONGITUDE:  96 36 W

[TEMPERATURE DATA]      [PRECIPITATION DATA]       SYMBOLS USED IN COLUMN 16

AVERAGE MONTHLY: 55.4   TOTAL FOR MONTH:   0.27    1 = FOG OR MIST
DPTR FM NORMAL:     M   DPTR FM NORMAL:       M    2 = FOG REDUCING VISIBILITY
HIGHEST:    82 ON 15    GRTST 24HR  0.09 ON 11-11      TO 1/4 MILE OR LESS
LOWEST:     28 ON 13                               3 = THUNDER
                        SNOW, ICE PELLETS, HAIL    4 = ICE PELLETS
                        TOTAL MONTH:   0.0 INCH    5 = HAIL
                        GRTST 24HR     0.0         6 = FREEZING RAIN OR DRIZZLE
                        GRTST DEPTH:   0           7 = DUSTSTORM OR SANDSTORM:
                                                       VSBY 1/2 MILE OR LESS
                                                   8 = SMOKE OR HAZE
[NO. OF DAYS WITH]      [WEATHER - DAYS WITH]      9 = BLOWING SNOW
                                                   X = TORNADO
MAX 32 OR BELOW:   0    0.01 INCH OR MORE:   6
MAX 90 OR ABOVE:   0    0.10 INCH OR MORE:   0
MIN 32 OR BELOW:   2    0.50 INCH OR MORE:   0
MIN  0 OR BELOW:   0    1.00 INCH OR MORE:   0

[HDD (BASE 65) ]
TOTAL THIS MO.   182    CLEAR  (SCALE 0-3)   4
DPTR FM NORMAL     M    PTCLDY (SCALE 4-7)   4
TOTAL FM JUL 1  1339    CLOUDY (SCALE 8-10)  9
DPTR FM NORMAL     M

[CDD (BASE 65) ]
TOTAL THIS MO.    21
DPTR FM NORMAL     M    [PRESSURE DATA]
TOTAL FM JAN 1    23    HIGHEST SLP M ON M
DPTR FM NORMAL     M    LOWEST  SLP M ON M

[REMARKS]
