000
CXUS51 KILN 201440
CF6LHQ
PRELIMINARY LOCAL CLIMATOLOGICAL DATA (WS FORM: F-6)

                                          STATION:   LANCASTER      ASOS
                                          MONTH:     FEBRUARY
                                          YEAR:      2019
                                          LATITUDE:   39 45 N
                                          LONGITUDE:  82 40 W

  TEMPERATURE IN F:       :PCPN:    SNOW:  WIND      :SUNSHINE: SKY     :PK WND
================================================================================
1   2   3   4   5  6A  6B    7    8   9   10  11  12  13   14  15   16   17  18
                                     12Z  AVG MX 2MIN
DY MAX MIN AVG DEP HDD CDD  WTR  SNW DPTH SPD SPD DIR MIN PSBL S-S WX    SPD DR
================================================================================

 1  20  -1  10 -20  55   0    T    M    M  3.5  8 100   M    M   9 1       9  60
 2  42  -3  20 -10  45   0 0.00    M    M  2.2  8 210   M    M   4 12     11 220
 3  58  17  38   7  27   0 0.00    M    M  2.8  8 190   M    M   4 12     15 210
 4  64  30  47  16  18   0 0.05    M    M  5.8 15 190   M    M   3 1      20 190
 5  54  41  48  17  17   0 0.08    M    M  5.4 13 120   M    M  10 12     17 210
 6  59  43  51  20  14   0 1.22    M    M  3.8 12 140   M    M   9 12     15 130
 7  62  44  53  22  12   0 1.14    M    M  7.9 31 270   M    M  10 12     42 280
 8  44  19  32   1  33   0 0.00    M    M 16.4 29 260   M    M   7        41 270
 9  28  14  21 -10  44   0 0.00    M    M  4.7 15 310   M    M   3        20 320
10  32  16  24  -7  41   0 0.10    M    M  4.6 12 110   M    M   6 16     14 150
11  38  32  35   3  30   0 0.29    M    M  3.6  9  90   M    M  10 16     12  80
12  56  32  44  12  21   0 1.54    M    M 12.9 30 270   M    M  10 1      46 280
13  34  26  30  -2  35   0    T    M    M 16.8 33 260   M    M   4 1      44 270
14  52  28  40   8  25   0 0.00    M    M  8.8 20 180   M    M   1        26 170
15  52  28  40   8  25   0    T    M    M 11.8 20 280   M    M   5        28 200
16  32  23  28  -5  37   0 0.00    M    M  8.1 16  50   M    M   5        19  10
17  32  23  28  -5  37   0    T    M    M  6.5 14 110   M    M   7 146    18 110
18  33  20  27  -6  38   0    T    M    M  8.6 18 280   M    M   9 18     22 270
19  33  18  26  -7  39   0 0.00    M    M  3.6 12  90   M    M   3        13 100
================================================================================
SM  825  450       593   0  4.42    M    137.8          M      119
================================================================================
AV 43.4 23.7                               7.3 FASTST   M    M   6    MAX(MPH)
                                 MISC ---->  # 33 260               # 46  280
================================================================================
NOTES:
# LAST OF SEVERAL OCCURRENCES

COLUMN 17 PEAK WIND IN M.P.H.

PRELIMINARY LOCAL CLIMATOLOGICAL DATA (WS FORM: F-6) , PAGE 2

                                          STATION:  LANCASTER      ASOS
                                          MONTH:    FEBRUARY
                                          YEAR:     2019
                                          LATITUDE:   39 45 N
                                          LONGITUDE:  82 40 W

[TEMPERATURE DATA]      [PRECIPITATION DATA]       SYMBOLS USED IN COLUMN 16

AVERAGE MONTHLY: 33.6   TOTAL FOR MONTH:   4.42    1 = FOG OR MIST
DPTR FM NORMAL:   2.0   DPTR FM NORMAL:    2.79    2 = FOG REDUCING VISIBILITY
HIGHEST:    64 ON  4    GRTST 24HR  1.54 ON 12-12      TO 1/4 MILE OR LESS
LOWEST:     -3 ON  2                               3 = THUNDER
                        SNOW, ICE PELLETS, HAIL    4 = ICE PELLETS
                        TOTAL MONTH:    M          5 = HAIL
                        GRTST 24HR    M  ON   M    6 = FREEZING RAIN OR DRIZZLE
                        GRTST DEPTH:  M  ON   M    7 = DUSTSTORM OR SANDSTORM:
                                                       VSBY 1/2 MILE OR LESS
                                                   8 = SMOKE OR HAZE
[NO. OF DAYS WITH]      [WEATHER - DAYS WITH]      9 = BLOWING SNOW
                                                   X = TORNADO
MAX 32 OR BELOW:   5    0.01 INCH OR MORE:   7
MAX 90 OR ABOVE:   0    0.10 INCH OR MORE:   5
MIN 32 OR BELOW:  16    0.50 INCH OR MORE:   3
MIN  0 OR BELOW:   2    1.00 INCH OR MORE:   3

[HDD (BASE 65) ]
TOTAL THIS MO.   593    CLEAR  (SCALE 0-3)   2
DPTR FM NORMAL   -42    PTCLDY (SCALE 4-7)  10
TOTAL FM JUL 1  3820    CLOUDY (SCALE 8-10)  7
DPTR FM NORMAL   105

[CDD (BASE 65) ]
TOTAL THIS MO.     0
DPTR FM NORMAL     0    [PRESSURE DATA]
TOTAL FM JAN 1     0    HIGHEST SLP M ON M
DPTR FM NORMAL     0    LOWEST  SLP 29.53 ON 12

[REMARKS]
