000
CXUS51 KILN 221542
CF6LHQ
PRELIMINARY LOCAL CLIMATOLOGICAL DATA (WS FORM: F-6)

                                          STATION:   LANCASTER      ASOS
                                          MONTH:     APRIL
                                          YEAR:      2019
                                          LATITUDE:   39 45 N
                                          LONGITUDE:  82 40 W

  TEMPERATURE IN F:       :PCPN:    SNOW:  WIND      :SUNSHINE: SKY     :PK WND
================================================================================
1   2   3   4   5  6A  6B    7    8   9   10  11  12  13   14  15   16   17  18
                                     12Z  AVG MX 2MIN
DY MAX MIN AVG DEP HDD CDD  WTR  SNW DPTH SPD SPD DIR MIN PSBL S-S WX    SPD DR
================================================================================

 1  45  23  34 -14  31   0 0.00    M    M  3.4 14 330   M    M   1        19 320
 2  54  26  40  -8  25   0 0.00    M    M  2.2 13 230   M    M   0        19 230
 3  60  34  47  -2  18   0 0.00    M    M  7.2 18 310   M    M   1        25 310
 4  60  37  49   0  16   0    T    M    M  7.3 21  50   M    M   4        27  60
 5  60  46  53   4  12   0 0.08    M    M  3.9 10  60   M    M  10 1      13 150
 6  69  45  57   7   8   0 0.00    M    M  1.8  8 340   M    M   7 1      10 330
 7  72  41  57   7   8   0 0.03    M    M  7.3 23 220   M    M   5 18     28 240
 8  70  51  61  11   4   0 0.00    M    M  6.9 15 220   M    M   4        21 220
 9  68  43  56   5   9   0 0.00    M    M  9.7 20 310   M    M   0        28 310
10  64  37  51   0  14   0 0.00    M    M  6.0 17  40   M    M   3        21  40
11  81  41  61  10   4   0 0.00    M    M  8.9 20 230   M    M   0        25 230
12  73  55  64  12   1   0 0.55    M    M 13.0 24 170   M    M   2 1      37 170
13  68  40  54   2  11   0 0.00    M    M  3.9 12 310   M    M   2        15 270
14  78  45  62  10   3   0 0.79    M    M 13.3 30 270   M    M   8 13     41 270
15  53  35  44  -9  21   0    T    M    M 12.1 26 260   M    M   7        35 280
16  72  35  54   1  11   0 0.00    M    M  7.1 22 230   M    M   4        29 260
17  73  51  62   9   3   0 0.01    M    M  5.3 15 220   M    M   2 13     23 230
18  78  53  66  12   0   1    T    M    M  9.1 24 230   M    M   4        34 240
19  70  43  57   3   8   0 0.16    M    M 10.1 26 190   M    M  10 1      39 180
20  58  43  51  -3  14   0 0.24    M    M  7.9 21  30   M    M   9 13     28  30
21  54  42  48  -7  17   0 0.00    M    M  4.3 12 260   M    M   8        14 250
================================================================================
SM 1380  866       238   1  1.86    M    150.7          M       91
================================================================================
AV 65.7 41.2                               7.2 FASTST   M    M   4    MAX(MPH)
                                 MISC ---->  # 30 270               # 41  270
================================================================================
NOTES:
# LAST OF SEVERAL OCCURRENCES

COLUMN 17 PEAK WIND IN M.P.H.

PRELIMINARY LOCAL CLIMATOLOGICAL DATA (WS FORM: F-6) , PAGE 2

                                          STATION:  LANCASTER      ASOS
                                          MONTH:    APRIL
                                          YEAR:     2019
                                          LATITUDE:   39 45 N
                                          LONGITUDE:  82 40 W

[TEMPERATURE DATA]      [PRECIPITATION DATA]       SYMBOLS USED IN COLUMN 16

AVERAGE MONTHLY: 53.5   TOTAL FOR MONTH:   1.86    1 = FOG OR MIST
DPTR FM NORMAL:   2.1   DPTR FM NORMAL:   -0.52    2 = FOG REDUCING VISIBILITY
HIGHEST:    81 ON 11    GRTST 24HR  0.79 ON 14-14      TO 1/4 MILE OR LESS
LOWEST:     23 ON  1                               3 = THUNDER
                        SNOW, ICE PELLETS, HAIL    4 = ICE PELLETS
                        TOTAL MONTH:    M          5 = HAIL
                        GRTST 24HR    M  ON   M    6 = FREEZING RAIN OR DRIZZLE
                        GRTST DEPTH:  M  ON   M    7 = DUSTSTORM OR SANDSTORM:
                                                       VSBY 1/2 MILE OR LESS
                                                   8 = SMOKE OR HAZE
[NO. OF DAYS WITH]      [WEATHER - DAYS WITH]      9 = BLOWING SNOW
                                                   X = TORNADO
MAX 32 OR BELOW:   0    0.01 INCH OR MORE:   7
MAX 90 OR ABOVE:   0    0.10 INCH OR MORE:   4
MIN 32 OR BELOW:   2    0.50 INCH OR MORE:   2
MIN  0 OR BELOW:   0    1.00 INCH OR MORE:   0

[HDD (BASE 65) ]
TOTAL THIS MO.   238    CLEAR  (SCALE 0-3)   9
DPTR FM NORMAL   -49    PTCLDY (SCALE 4-7)   7
TOTAL FM JUL 1  5128    CLOUDY (SCALE 8-10)  5
DPTR FM NORMAL   147

[CDD (BASE 65) ]
TOTAL THIS MO.     1
DPTR FM NORMAL     1    [PRESSURE DATA]
TOTAL FM JAN 1     1    HIGHEST SLP M ON M
DPTR FM NORMAL     1    LOWEST  SLP 29.25 ON 14

[REMARKS]
