000
CXUS55 KPUB 211059
CF6LHX
PRELIMINARY LOCAL CLIMATOLOGICAL DATA (WS FORM: F-6)

                                          STATION:   LA JUNTA CO
                                          MONTH:     APRIL
                                          YEAR:      2019
                                          LATITUDE:   38  2 N
                                          LONGITUDE: 103 31 W

  TEMPERATURE IN F:       :PCPN:    SNOW:  WIND      :SUNSHINE: SKY     :PK WND
================================================================================
1   2   3   4   5  6A  6B    7    8   9   10  11  12  13   14  15   16   17  18
                                     12Z  AVG MX 2MIN
DY MAX MIN AVG DEP HDD CDD  WTR  SNW DPTH SPD SPD DIR MIN PSBL S-S WX    SPD DR
================================================================================

 1  62  32  47  -1  18   0 0.00  0.0    0  6.2 14  70   M    M   4 12     19  70
 2  61  31  46  -3  19   0 0.00  0.0    0 10.6 24 110   M    M   2        31 120
 3  62  33  48  -1  17   0 0.00  0.0    0  6.8 18 240   M    M   1 1      22 230
 4  74  36  55   6  10   0 0.00  0.0    0 10.0 18 100   M    M   0        26  90
 5  78  44  61  11   4   0 0.00  0.0    0  9.8 26 220   M    M   1 8      35 200
 6  77  40  59   9   6   0 0.00  0.0    0 12.6 26 320   M    M   1        35 320
 7  74  42  58   8   7   0 0.00  0.0    0  8.2 15 130   M    M   1        20 120
 8  81  38  60  10   5   0 0.00  0.0    0  7.6 15 270   M    M   0        20 280
 9  86  39  63  12   2   0 0.00  0.0    0 10.6 25 260   M    M   0        34 250
10  76  23  50  -1  15   0 0.05    M    0 18.7 33 360   M    M   4 13     45 340
11  49  21  35 -16  30   0 0.04    M    M 15.3 29 350   M    M   6 18     39 350
12  57  29  43  -9  22   0 0.00  0.0    0 12.8 24 120   M    M   5        33  80
13  51  33  42 -10  23   0    T  0.0    0 11.5 23 130   M    M   9        27 120
14  74  29  52   0  13   0 0.00  0.0    0  6.5 15  70   M    M   0        19 120
15  81  36  59   7   6   0 0.00  0.0    0  9.2 21 250   M    M   0        27 240
16  79  44  62   9   3   0    T    M    0 10.1 38 140   M    M   1 3      53 360
17  73  47  60   7   5   0 0.00  0.0    0 13.2 26  20   M    M   3        39  20
18  66  38  52  -1  13   0    T  0.0    0 14.2 31  10   M    M   6        41 340
19  76  31  54   0  11   0 0.00  0.0    0  5.4 14 260   M    M   0        17 250
20  89  44  67  13   0   2 0.00  0.0    0 10.0 30 240   M    M   0 8      39 240
================================================================================
SM 1426  710       229   2  0.09     0.0 209.3          M       44
================================================================================
AV 71.3 35.5                              10.5 FASTST   M    M   2    MAX(MPH)
                                 MISC ---->  # 38 140               # 53  360
================================================================================
NOTES:
# LAST OF SEVERAL OCCURRENCES

COLUMN 17 PEAK WIND IN M.P.H.

PRELIMINARY LOCAL CLIMATOLOGICAL DATA (WS FORM: F-6) , PAGE 2

                                          STATION:  LA JUNTA CO
                                          MONTH:    APRIL
                                          YEAR:     2019
                                          LATITUDE:   38  2 N
                                          LONGITUDE: 103 31 W

[TEMPERATURE DATA]      [PRECIPITATION DATA]       SYMBOLS USED IN COLUMN 16

AVERAGE MONTHLY: 53.4   TOTAL FOR MONTH:   0.09    1 = FOG OR MIST
DPTR FM NORMAL:   2.2   DPTR FM NORMAL:   -0.68    2 = FOG REDUCING VISIBILITY
HIGHEST:    89 ON 20    GRTST 24HR  0.05 ON 10-10      TO 1/4 MILE OR LESS
LOWEST:     21 ON 11                               3 = THUNDER
                        SNOW, ICE PELLETS, HAIL    4 = ICE PELLETS
                        TOTAL MONTH:   0.0 INCH    5 = HAIL
                        GRTST 24HR     0.0         6 = FREEZING RAIN OR DRIZZLE
                        GRTST DEPTH:   0           7 = DUSTSTORM OR SANDSTORM:
                                                       VSBY 1/2 MILE OR LESS
                                                   8 = SMOKE OR HAZE
[NO. OF DAYS WITH]      [WEATHER - DAYS WITH]      9 = BLOWING SNOW
                                                   X = TORNADO
MAX 32 OR BELOW:   0    0.01 INCH OR MORE:   2
MAX 90 OR ABOVE:   0    0.10 INCH OR MORE:   0
MIN 32 OR BELOW:   7    0.50 INCH OR MORE:   0
MIN  0 OR BELOW:   0    1.00 INCH OR MORE:   0

[HDD (BASE 65) ]
TOTAL THIS MO.   229    CLEAR  (SCALE 0-3)  13
DPTR FM NORMAL   -51    PTCLDY (SCALE 4-7)   6
TOTAL FM JUL 1  4787    CLOUDY (SCALE 8-10)  1
DPTR FM NORMAL  -241

[CDD (BASE 65) ]
TOTAL THIS MO.     2
DPTR FM NORMAL     2    [PRESSURE DATA]
TOTAL FM JAN 1     5    HIGHEST SLP M ON M
DPTR FM NORMAL     4    LOWEST  SLP 29.25 ON 10

[REMARKS]
